# Table backup from MySql PHP Backup
# Creation date: 09-Jan-2017 03:48


CREATE TABLE `tbl_administrators` (
  `rn` int(11) NOT NULL,
  `rt` tinyint(1) NOT NULL,
  `rs` tinyint(1) NOT NULL,
  `username` varchar(255) NOT NULL,
  `password` varchar(255) NOT NULL,
  `nname` varchar(252) NOT NULL,
  `fname` varchar(252) NOT NULL,
  `lname` varchar(252) NOT NULL,
  `gender` varchar(252) NOT NULL,
  `dob` varchar(252) NOT NULL,
  `country` int(11) NOT NULL,
  `state` varchar(252) NOT NULL,
  `city` varchar(252) NOT NULL,
  `skype` varchar(252) NOT NULL,
  `email` varchar(252) NOT NULL,
  `cell` varchar(252) NOT NULL,
  `details` text NOT NULL,
  `sname` varchar(252) NOT NULL,
  `stimeh` int(2) NOT NULL,
  `stimem` int(2) NOT NULL,
  `etimeh` int(2) NOT NULL,
  `etimem` int(2) NOT NULL,
  `sdays` varchar(252) NOT NULL,
  `votes` int(11) NOT NULL,
  `score` varchar(252) NOT NULL DEFAULT '0',
  `file1` varchar(252) NOT NULL,
  PRIMARY KEY (`rn`)
) ENGINE=InnoDB DEFAULT CHARSET=utf8;

INSERT INTO tbl_administrators VALUES("1","1","1","admin","nomi1967","MianG","Shoaib","Munir","Male","29/02/1988","162","Punjab","Sialkot","shonirits","shoaib@shonir.com","+92 333 808 66 11","My name is Shoaib. im working in Shonir IT Solutions and this is MuskanFM. My name is Shoaib. im working in Shonir IT Solutions and this is MuskanFM. My name is Shoaib. im working in Shonir IT Solutions and this is MuskanFM. My name is Shoaib. im working in Shonir IT Solutions and this is MuskanFM. My name is Shoaib. im working in Shonir IT Solutions and this is MuskanFM. My name is Shoaib. im working in Shonir IT Solutions and this is MuskanFM. My name is Shoaib. im working in Shonir IT Solutions and this is MuskanFM. My name is Shoaib. im working in Shonir IT Solutions and this is MuskanFM. My name is Shoaib. im working in Shonir IT Solutions and this is MuskanFM. My name is Shoaib. im working in Shonir IT Solutions and this is MuskanFM. My name is Shoaib. im working in Shonir IT Solutions and this is MuskanFM. My name is Shoaib. im working in Shonir IT Solutions and this is MuskanFM. My name is Shoaib. im working in Shonir IT Solutions and this is MuskanFM. My name is Shoaib. im working in Shonir IT Solutions and this is MuskanFM. My name is Shoaib. im working in Shonir IT Solutions and this is MuskanFM. My name is Shoaib. im working in Shonir IT Solutions and this is MuskanFM.","","0","0","0","0","","12","45","ads_1359469596.jpg");





CREATE TABLE `tbl_ads` (
  `rn` int(11) NOT NULL,
  `pn` int(11) NOT NULL,
  `sn` int(11) NOT NULL DEFAULT '0',
  `ps` varchar(1) NOT NULL DEFAULT 'n',
  `name` varchar(252) DEFAULT NULL,
  `url` varchar(252) DEFAULT NULL,
  `impression` int(11) NOT NULL DEFAULT '0',
  `clicks` int(11) NOT NULL DEFAULT '0',
  `banner` varchar(52) NOT NULL DEFAULT 'image',
  `filename` varchar(252) DEFAULT NULL
) ENGINE=InnoDB DEFAULT CHARSET=utf8;

INSERT INTO tbl_ads VALUES("11172","1","0","y","this is 1st banner","","80","0","image","ads_1289629064.gif");
INSERT INTO tbl_ads VALUES("11173","2","0","y","Shonir Banner","","17","0","image","ads_1289630809.jpg");
INSERT INTO tbl_ads VALUES("11174","8","0","y","Shonir Banner","","13","0","image","ads_1289630838.jpg");
INSERT INTO tbl_ads VALUES("11175","3","0","y","Shonir Banner","","32","0","image","ads_1289630857.jpg");
INSERT INTO tbl_ads VALUES("11176","4","0","y","Shonir Banner","","5","0","image","ads_1289630899.jpg");
INSERT INTO tbl_ads VALUES("11177","1","0","y","this is 2nd banner","","76","0","image","ads_1289630960.jpg");





CREATE TABLE `tbl_adsgroups` (
  `rn` int(11) NOT NULL,
  `sn` int(11) NOT NULL DEFAULT '0',
  `pn` int(11) NOT NULL,
  `name` varchar(52) NOT NULL,
  `description` text,
  `bansize` varchar(52) DEFAULT NULL
) ENGINE=InnoDB DEFAULT CHARSET=utf8;

INSERT INTO tbl_adsgroups VALUES("1","1","0","SHonir","","521x288");
INSERT INTO tbl_adsgroups VALUES("2","2","220","Leather Garments","","521x288");
INSERT INTO tbl_adsgroups VALUES("3","4","224","Gloves","","521x288");
INSERT INTO tbl_adsgroups VALUES("4","5","226","Boots","","521x288");
INSERT INTO tbl_adsgroups VALUES("5","6","260","Saddle Bags","","521x288");
INSERT INTO tbl_adsgroups VALUES("6","7","262","Accessories","","521x288");
INSERT INTO tbl_adsgroups VALUES("8","3","222","Textile Garments","","521x288");





CREATE TABLE `tbl_categories` (
  `rn` int(11) NOT NULL,
  `pn` int(11) NOT NULL DEFAULT '0',
  `pc` varchar(1) NOT NULL DEFAULT 'n',
  `sc` varchar(1) NOT NULL DEFAULT 'n',
  `sn` int(11) NOT NULL DEFAULT '0',
  `ai` varchar(1) NOT NULL DEFAULT 'n',
  `ia` varchar(1) NOT NULL DEFAULT 'y',
  `pslug` varchar(252) NOT NULL,
  `file1` varchar(252) NOT NULL DEFAULT 'n/a',
  `file2` varchar(252) NOT NULL DEFAULT 'n/a',
  `file3` varchar(252) NOT NULL,
  PRIMARY KEY (`rn`)
) ENGINE=InnoDB DEFAULT CHARSET=utf8;

INSERT INTO tbl_categories VALUES("493","411","n","y","0","y","y","GLOVES","n/a","n/a","n/a");
INSERT INTO tbl_categories VALUES("495","493","n","y","0","y","y","Motorbike-Gloves","n/a","n/a","n/a");
INSERT INTO tbl_categories VALUES("497","493","n","y","0","y","y","Motocross-Gloves","n/a","n/a","n/a");
INSERT INTO tbl_categories VALUES("499","493","n","y","0","y","y","Ski-Gloves","n/a","n/a","n/a");
INSERT INTO tbl_categories VALUES("501","493","n","y","0","y","y","Working-Gloves","n/a","n/a","n/a");
INSERT INTO tbl_categories VALUES("503","493","n","y","0","y","y","Police-Gloves","n/a","n/a","n/a");
INSERT INTO tbl_categories VALUES("505","493","n","y","0","y","y","Mechanix-Gloves","n/a","n/a","n/a");
INSERT INTO tbl_categories VALUES("507","493","n","y","0","y","y","Cycling-Gloves","n/a","n/a","n/a");
INSERT INTO tbl_categories VALUES("509","493","n","y","0","y","y","Industrial-Gloves","n/a","n/a","n/a");
INSERT INTO tbl_categories VALUES("511","493","n","y","0","y","y","Soccer-Gloves","n/a","n/a","n/a");
INSERT INTO tbl_categories VALUES("513","493","n","y","0","y","y","Fashion-Gloves","n/a","n/a","n/a");
INSERT INTO tbl_categories VALUES("515","493","n","y","0","y","y","Nomex-Gloves","n/a","n/a","n/a");
INSERT INTO tbl_categories VALUES("517","493","n","y","0","y","y","Kavelor-Gloves","n/a","n/a","n/a");
INSERT INTO tbl_categories VALUES("519","493","n","y","0","y","y","Golf-Gloves","n/a","n/a","n/a");
INSERT INTO tbl_categories VALUES("521","493","n","y","0","y","y","Weight-Lifting-Gloves","n/a","n/a","n/a");
INSERT INTO tbl_categories VALUES("523","493","n","y","0","y","y","Veterinary-Gloves","n/a","n/a","n/a");
INSERT INTO tbl_categories VALUES("525","493","n","y","0","y","y","Welding-Gloves","n/a","n/a","n/a");
INSERT INTO tbl_categories VALUES("527","493","n","y","0","y","y","Gardening-Gloves","n/a","n/a","n/a");
INSERT INTO tbl_categories VALUES("529","529","n","y","0","y","y","GLOVES","n/a","n/a","");
INSERT INTO tbl_categories VALUES("531","529","n","y","0","y","y","Motorbike-Gloves","n/a","n/a","");
INSERT INTO tbl_categories VALUES("533","529","n","y","0","y","y","Motocross-Gloves","n/a","n/a","n/a");
INSERT INTO tbl_categories VALUES("535","529","n","y","1","y","y","Ski-Gloves","n/a","n/a","n/a");
INSERT INTO tbl_categories VALUES("537","529","n","y","0","y","y","Working-Gloves","n/a","n/a","n/a");
INSERT INTO tbl_categories VALUES("539","529","n","y","2","y","y","Police-Gloves","n/a","n/a","n/a");
INSERT INTO tbl_categories VALUES("541","529","n","y","12","y","y","Mechanix-Gloves","n/a","n/a","n/a");
INSERT INTO tbl_categories VALUES("543","529","n","y","0","y","y","Cycling-Gloves","n/a","n/a","n/a");
INSERT INTO tbl_categories VALUES("545","529","n","y","5","y","y","Industrial-Gloves","n/a","n/a","n/a");
INSERT INTO tbl_categories VALUES("547","529","n","y","10","y","y","Soccer-Gloves","n/a","n/a","n/a");
INSERT INTO tbl_categories VALUES("549","529","n","y","0","y","y","Fashion-Gloves","n/a","n/a","n/a");
INSERT INTO tbl_categories VALUES("551","529","n","y","6","y","y","Nomex-Gloves","n/a","n/a","n/a");
INSERT INTO tbl_categories VALUES("553","529","n","y","13","y","y","Kavelor-Gloves","n/a","n/a","n/a");
INSERT INTO tbl_categories VALUES("555","529","n","y","0","y","y","Golf-Gloves","n/a","n/a","n/a");
INSERT INTO tbl_categories VALUES("557","529","n","y","0","y","y","Weight-Lifting-Gloves","n/a","n/a","n/a");
INSERT INTO tbl_categories VALUES("559","529","n","y","14","y","y","Veterinary-Gloves","n/a","n/a","n/a");
INSERT INTO tbl_categories VALUES("561","529","n","y","0","y","y","Welding-Gloves","n/a","n/a","n/a");
INSERT INTO tbl_categories VALUES("563","529","n","y","9","y","y","Gardening-Gloves","n/a","n/a","n/a");
INSERT INTO tbl_categories VALUES("579","529","n","y","15","y","y","Base-Ball-gloves","n/a","n/a","n/a");
INSERT INTO tbl_categories VALUES("581","529","n","y","16","y","y","Cricket-Gloves","n/a","n/a","n/a");
INSERT INTO tbl_categories VALUES("583","529","n","y","17","y","y","Footbal-Gloves","n/a","n/a","n/a");





CREATE TABLE `tbl_categoriesdetails` (
  `rn` int(11) NOT NULL,
  `pn` int(11) NOT NULL DEFAULT '0',
  `ln` int(11) NOT NULL DEFAULT '0',
  `name` varchar(255) DEFAULT NULL,
  `description` text NOT NULL,
  `mtitle` varchar(252) NOT NULL,
  `mdescription` text NOT NULL,
  `mkeywords` text NOT NULL,
  PRIMARY KEY (`rn`)
) ENGINE=InnoDB DEFAULT CHARSET=utf8;

INSERT INTO tbl_categoriesdetails VALUES("494","493","1","GLOVES","","","","");
INSERT INTO tbl_categoriesdetails VALUES("496","495","1","Motorbike Gloves","","","","");
INSERT INTO tbl_categoriesdetails VALUES("498","497","1","Motocross Gloves","","","","");
INSERT INTO tbl_categoriesdetails VALUES("500","499","1","Ski Gloves","","","","");
INSERT INTO tbl_categoriesdetails VALUES("502","501","1","Working Gloves","","","","");
INSERT INTO tbl_categoriesdetails VALUES("504","503","1","Police Gloves","","","","");
INSERT INTO tbl_categoriesdetails VALUES("506","505","1","Mechanix Gloves","","","","");
INSERT INTO tbl_categoriesdetails VALUES("508","507","1","Cycling Gloves","","","","");
INSERT INTO tbl_categoriesdetails VALUES("510","509","1","Industrial Gloves","","","","");
INSERT INTO tbl_categoriesdetails VALUES("512","511","1","Soccer Gloves","","","","");
INSERT INTO tbl_categoriesdetails VALUES("514","513","1","Fashion Gloves","","","","");
INSERT INTO tbl_categoriesdetails VALUES("516","515","1","Nomex Gloves","","","","");
INSERT INTO tbl_categoriesdetails VALUES("518","517","1","Kavelor Gloves","","","","");
INSERT INTO tbl_categoriesdetails VALUES("520","519","1","Golf Gloves","","","","");
INSERT INTO tbl_categoriesdetails VALUES("522","521","1","Weight Lifting Gloves","","","","");
INSERT INTO tbl_categoriesdetails VALUES("524","523","1","Veterinary Gloves","","","","");
INSERT INTO tbl_categoriesdetails VALUES("526","525","1","Welding Gloves","","","","");
INSERT INTO tbl_categoriesdetails VALUES("528","527","1","Gardening Gloves","","","","");
INSERT INTO tbl_categoriesdetails VALUES("530","529","1","GLOVES","","","","");
INSERT INTO tbl_categoriesdetails VALUES("532","531","1","Motorbike Gloves","","","","");
INSERT INTO tbl_categoriesdetails VALUES("534","533","1","Motocross Gloves","","","","");
INSERT INTO tbl_categoriesdetails VALUES("536","535","1","Ski Gloves","","","","");
INSERT INTO tbl_categoriesdetails VALUES("538","537","1","Working Gloves","","","","");
INSERT INTO tbl_categoriesdetails VALUES("540","539","1","Police Gloves","","","","");
INSERT INTO tbl_categoriesdetails VALUES("542","541","1","Mechanix Gloves","","","","");
INSERT INTO tbl_categoriesdetails VALUES("544","543","1","Cycling Gloves","","","","");
INSERT INTO tbl_categoriesdetails VALUES("546","545","1","Industrial Gloves","","","","");
INSERT INTO tbl_categoriesdetails VALUES("548","547","1","Soccer Gloves","","","","");
INSERT INTO tbl_categoriesdetails VALUES("550","549","1","Fashion Gloves","","","","");
INSERT INTO tbl_categoriesdetails VALUES("552","551","1","Nomex Gloves","","","","");
INSERT INTO tbl_categoriesdetails VALUES("554","553","1","Kavelor Gloves","","","","");
INSERT INTO tbl_categoriesdetails VALUES("556","555","1","Golf Gloves","","","","");
INSERT INTO tbl_categoriesdetails VALUES("558","557","1","Weight Lifting Gloves","","","","");
INSERT INTO tbl_categoriesdetails VALUES("560","559","1","Veterinary Gloves","","","","");
INSERT INTO tbl_categoriesdetails VALUES("562","561","1","Welding Gloves","","","","");
INSERT INTO tbl_categoriesdetails VALUES("564","563","1","Gardening Gloves","","","","");
INSERT INTO tbl_categoriesdetails VALUES("580","579","1","Base Ball gloves","","","","");
INSERT INTO tbl_categoriesdetails VALUES("582","581","1","Cricket Gloves","","","","");
INSERT INTO tbl_categoriesdetails VALUES("584","583","1","Footbal Gloves","","","","");





CREATE TABLE `tbl_configure` (
  `shonir` varchar(1) NOT NULL,
  `esmtp` varchar(252) NOT NULL,
  `eport` int(11) NOT NULL,
  `elogin` varchar(252) NOT NULL,
  `epassword` varchar(252) NOT NULL,
  `efrom` varchar(252) NOT NULL,
  `ereply` varchar(252) NOT NULL,
  `title` varchar(252) NOT NULL,
  `description` text NOT NULL,
  `keywords` text NOT NULL,
  `htmlcode` text NOT NULL,
  `linkedin` varchar(252) NOT NULL,
  `facebook` varchar(252) NOT NULL,
  `twitter` varchar(252) NOT NULL,
  `youtube` varchar(252) NOT NULL,
  `pinterest` varchar(252) NOT NULL,
  `google` varchar(252) NOT NULL,
  `paysha` varchar(252) NOT NULL,
  `blogger` varchar(252) NOT NULL,
  `flickr` varchar(252) NOT NULL,
  `skype` varchar(252) NOT NULL,
  `myspace` varchar(252) NOT NULL,
  `tumblr` varchar(252) NOT NULL
) ENGINE=InnoDB DEFAULT CHARSET=utf8;

INSERT INTO tbl_configure VALUES("y","mail.theglovescompany.com","25","smtp@theglovescompany.com","786@shonir!","nouman@theglovescompany.com","nouman@theglovescompany.com","The Gloves Company :: >> | << ::","Manufacturer cum Exporter of top quality outdoor adventure, hunting Gear, Police and Military Equipment,Equestrian Products and travel gear ","Hunting and shooting Gear, Equestrian Products, Outdoor Equipment, Military Products, Police Equipment, Gloves","","http://www.linkedin.com/shonirits","http://www.facebook.com/shonirits/","http://www.twitter.com/shonirits/","http://www.youtube.com/shonirits","http://www.pinterest.com/shonirits","http://www.google.com/shonirits","http://www.paysha.com/shonirits","http://www.blogger.com/shonirits","http://www.flickr.com/shonirits","shonirits","http://www.myspace.com/shonirits","http://www.tumblr.com/shonirits");





CREATE TABLE `tbl_countries` (
  `id` int(11) NOT NULL AUTO_INCREMENT,
  `title` varchar(52) NOT NULL,
  PRIMARY KEY (`id`)
) ENGINE=MyISAM AUTO_INCREMENT=240 DEFAULT CHARSET=utf8;

INSERT INTO tbl_countries VALUES("1","Afghanistan
");
INSERT INTO tbl_countries VALUES("2","Albania
");
INSERT INTO tbl_countries VALUES("3","Algeria
");
INSERT INTO tbl_countries VALUES("4","American Samoa
");
INSERT INTO tbl_countries VALUES("5","Andorra
");
INSERT INTO tbl_countries VALUES("6","Angola
");
INSERT INTO tbl_countries VALUES("7","Anguilla
");
INSERT INTO tbl_countries VALUES("8","Antarctica
");
INSERT INTO tbl_countries VALUES("9","Antigua and Barbuda
");
INSERT INTO tbl_countries VALUES("10","Argentina
");
INSERT INTO tbl_countries VALUES("11","Armenia
");
INSERT INTO tbl_countries VALUES("12","Aruba
");
INSERT INTO tbl_countries VALUES("13","Australia
");
INSERT INTO tbl_countries VALUES("14","Austria
");
INSERT INTO tbl_countries VALUES("15","Azerbaijan
");
INSERT INTO tbl_countries VALUES("16","Bahamas
");
INSERT INTO tbl_countries VALUES("17","Bahrain
");
INSERT INTO tbl_countries VALUES("18","Bangladesh
");
INSERT INTO tbl_countries VALUES("19","Barbados
");
INSERT INTO tbl_countries VALUES("20","Belarus
");
INSERT INTO tbl_countries VALUES("21","Belgium
");
INSERT INTO tbl_countries VALUES("22","Belize
");
INSERT INTO tbl_countries VALUES("23","Benin
");
INSERT INTO tbl_countries VALUES("24","Bermuda
");
INSERT INTO tbl_countries VALUES("25","Bhutan
");
INSERT INTO tbl_countries VALUES("26","Bolivia
");
INSERT INTO tbl_countries VALUES("27","Bosnia and Herzegovina
");
INSERT INTO tbl_countries VALUES("28","Botswana
");
INSERT INTO tbl_countries VALUES("29","Bouvet Island
");
INSERT INTO tbl_countries VALUES("30","Brazil
");
INSERT INTO tbl_countries VALUES("31","British Indian Ocean Territory
");
INSERT INTO tbl_countries VALUES("32","Brunei Darussalam
");
INSERT INTO tbl_countries VALUES("33","Bulgaria
");
INSERT INTO tbl_countries VALUES("34","Burkina Faso
");
INSERT INTO tbl_countries VALUES("35","Burundi
");
INSERT INTO tbl_countries VALUES("36","Cambodia
");
INSERT INTO tbl_countries VALUES("37","Cameroon
");
INSERT INTO tbl_countries VALUES("38","Canada
");
INSERT INTO tbl_countries VALUES("39","Cape Verde
");
INSERT INTO tbl_countries VALUES("40","Cayman Islands
");
INSERT INTO tbl_countries VALUES("41","Central African Republic
");
INSERT INTO tbl_countries VALUES("42","Chad
");
INSERT INTO tbl_countries VALUES("43","Chile
");
INSERT INTO tbl_countries VALUES("44","China
");
INSERT INTO tbl_countries VALUES("45","Christmas Island
");
INSERT INTO tbl_countries VALUES("46","Cocos (Keeling) Islands
");
INSERT INTO tbl_countries VALUES("47","Colombia
");
INSERT INTO tbl_countries VALUES("48","Comoros
");
INSERT INTO tbl_countries VALUES("49","Congo
");
INSERT INTO tbl_countries VALUES("50","Cook Islands
");
INSERT INTO tbl_countries VALUES("51","Costa Rica
");
INSERT INTO tbl_countries VALUES("52","Cote D&#39;Ivoire (Ivory Coast)
");
INSERT INTO tbl_countries VALUES("53","Croatia (Hrvatska)
");
INSERT INTO tbl_countries VALUES("54","Cuba
");
INSERT INTO tbl_countries VALUES("55","Cyprus
");
INSERT INTO tbl_countries VALUES("56","Czech Republic
");
INSERT INTO tbl_countries VALUES("57","Denmark
");
INSERT INTO tbl_countries VALUES("58","Djibouti
");
INSERT INTO tbl_countries VALUES("59","Dominica
");
INSERT INTO tbl_countries VALUES("60","Dominican Republic
");
INSERT INTO tbl_countries VALUES("61","East Timor
");
INSERT INTO tbl_countries VALUES("62","Ecuador
");
INSERT INTO tbl_countries VALUES("63","Egypt
");
INSERT INTO tbl_countries VALUES("64","El Salvador
");
INSERT INTO tbl_countries VALUES("65","Equatorial Guinea
");
INSERT INTO tbl_countries VALUES("66","Eritrea
");
INSERT INTO tbl_countries VALUES("67","Estonia
");
INSERT INTO tbl_countries VALUES("68","Ethiopia
");
INSERT INTO tbl_countries VALUES("69","Falkland Islands (Malvinas)
");
INSERT INTO tbl_countries VALUES("70","Faroe Islands
");
INSERT INTO tbl_countries VALUES("71","Fiji
");
INSERT INTO tbl_countries VALUES("72","Finland
");
INSERT INTO tbl_countries VALUES("73","France
");
INSERT INTO tbl_countries VALUES("74","French Guiana
");
INSERT INTO tbl_countries VALUES("75","French Polynesia
");
INSERT INTO tbl_countries VALUES("76","French Southern Territories
");
INSERT INTO tbl_countries VALUES("77","Gabon
");
INSERT INTO tbl_countries VALUES("78","Gambia
");
INSERT INTO tbl_countries VALUES("79","Georgia
");
INSERT INTO tbl_countries VALUES("80","Germany
");
INSERT INTO tbl_countries VALUES("81","Ghana
");
INSERT INTO tbl_countries VALUES("82","Gibraltar
");
INSERT INTO tbl_countries VALUES("83","Greece
");
INSERT INTO tbl_countries VALUES("84","Greenland
");
INSERT INTO tbl_countries VALUES("85","Grenada
");
INSERT INTO tbl_countries VALUES("86","Guadeloupe
");
INSERT INTO tbl_countries VALUES("87","Guam
");
INSERT INTO tbl_countries VALUES("88","Guatemala
");
INSERT INTO tbl_countries VALUES("89","Guinea
");
INSERT INTO tbl_countries VALUES("90","Guinea-Bissau
");
INSERT INTO tbl_countries VALUES("91","Guyana
");
INSERT INTO tbl_countries VALUES("92","Haiti
");
INSERT INTO tbl_countries VALUES("93","Heard and McDonald Islands
");
INSERT INTO tbl_countries VALUES("94","Honduras
");
INSERT INTO tbl_countries VALUES("95","Hong Kong
");
INSERT INTO tbl_countries VALUES("96","Hungary
");
INSERT INTO tbl_countries VALUES("97","Iceland
");
INSERT INTO tbl_countries VALUES("98","India
");
INSERT INTO tbl_countries VALUES("99","Indonesia
");
INSERT INTO tbl_countries VALUES("100","Iran
");
INSERT INTO tbl_countries VALUES("101","Iraq
");
INSERT INTO tbl_countries VALUES("102","Ireland
");
INSERT INTO tbl_countries VALUES("103","Israel
");
INSERT INTO tbl_countries VALUES("104","Italy
");
INSERT INTO tbl_countries VALUES("105","Jamaica
");
INSERT INTO tbl_countries VALUES("106","Japan
");
INSERT INTO tbl_countries VALUES("107","Jordan
");
INSERT INTO tbl_countries VALUES("108","Kazakhstan
");
INSERT INTO tbl_countries VALUES("109","Kenya
");
INSERT INTO tbl_countries VALUES("110","Kiribati
");
INSERT INTO tbl_countries VALUES("111","Korea (North)
");
INSERT INTO tbl_countries VALUES("112","Korea (South)
");
INSERT INTO tbl_countries VALUES("113","Kuwait
");
INSERT INTO tbl_countries VALUES("114","Kyrgyzstan
");
INSERT INTO tbl_countries VALUES("115","Laos
");
INSERT INTO tbl_countries VALUES("116","Latvia
");
INSERT INTO tbl_countries VALUES("117","Lebanon
");
INSERT INTO tbl_countries VALUES("118","Lesotho
");
INSERT INTO tbl_countries VALUES("119","Liberia
");
INSERT INTO tbl_countries VALUES("120","Libya
");
INSERT INTO tbl_countries VALUES("121","Liechtenstein
");
INSERT INTO tbl_countries VALUES("122","Lithuania
");
INSERT INTO tbl_countries VALUES("123","Luxembourg
");
INSERT INTO tbl_countries VALUES("124","Macau
");
INSERT INTO tbl_countries VALUES("125","Macedonia
");
INSERT INTO tbl_countries VALUES("126","Madagascar
");
INSERT INTO tbl_countries VALUES("127","Malawi
");
INSERT INTO tbl_countries VALUES("128","Malaysia
");
INSERT INTO tbl_countries VALUES("129","Maldives
");
INSERT INTO tbl_countries VALUES("130","Mali
");
INSERT INTO tbl_countries VALUES("131","Malta
");
INSERT INTO tbl_countries VALUES("132","Marshall Islands
");
INSERT INTO tbl_countries VALUES("133","Martinique
");
INSERT INTO tbl_countries VALUES("134","Mauritania
");
INSERT INTO tbl_countries VALUES("135","Mauritius
");
INSERT INTO tbl_countries VALUES("136","Mayotte
");
INSERT INTO tbl_countries VALUES("137","Mexico
");
INSERT INTO tbl_countries VALUES("138","Micronesia
");
INSERT INTO tbl_countries VALUES("139","Moldova
");
INSERT INTO tbl_countries VALUES("140","Monaco
");
INSERT INTO tbl_countries VALUES("141","Mongolia
");
INSERT INTO tbl_countries VALUES("142","Montserrat
");
INSERT INTO tbl_countries VALUES("143","Morocco
");
INSERT INTO tbl_countries VALUES("144","Mozambique
");
INSERT INTO tbl_countries VALUES("145","Myanmar
");
INSERT INTO tbl_countries VALUES("146","Namibia
");
INSERT INTO tbl_countries VALUES("147","Nauru
");
INSERT INTO tbl_countries VALUES("148","Nepal
");
INSERT INTO tbl_countries VALUES("149","Netherlands
");
INSERT INTO tbl_countries VALUES("150","Netherlands Antilles
");
INSERT INTO tbl_countries VALUES("151","Neutral Zone
");
INSERT INTO tbl_countries VALUES("152","New Caledonia
");
INSERT INTO tbl_countries VALUES("153","New Zealand
");
INSERT INTO tbl_countries VALUES("154","Nicaragua
");
INSERT INTO tbl_countries VALUES("155","Niger
");
INSERT INTO tbl_countries VALUES("156","Nigeria
");
INSERT INTO tbl_countries VALUES("157","Niue
");
INSERT INTO tbl_countries VALUES("158","Norfolk Island
");
INSERT INTO tbl_countries VALUES("159","Northern Mariana Islands
");
INSERT INTO tbl_countries VALUES("160","Norway
");
INSERT INTO tbl_countries VALUES("161","Oman
");
INSERT INTO tbl_countries VALUES("162","Pakistan
");
INSERT INTO tbl_countries VALUES("163","Palau
");
INSERT INTO tbl_countries VALUES("164","Panama
");
INSERT INTO tbl_countries VALUES("165","Papua New Guinea
");
INSERT INTO tbl_countries VALUES("166","Paraguay
");
INSERT INTO tbl_countries VALUES("167","Peru
");
INSERT INTO tbl_countries VALUES("168","Philippines
");
INSERT INTO tbl_countries VALUES("169","Pitcairn
");
INSERT INTO tbl_countries VALUES("170","Poland
");
INSERT INTO tbl_countries VALUES("171","Portugal
");
INSERT INTO tbl_countries VALUES("172","Puerto Rico
");
INSERT INTO tbl_countries VALUES("173","Qatar
");
INSERT INTO tbl_countries VALUES("174","Reunion
");
INSERT INTO tbl_countries VALUES("175","Romania
");
INSERT INTO tbl_countries VALUES("176","Russian Federation
");
INSERT INTO tbl_countries VALUES("177","Rwanda
");
INSERT INTO tbl_countries VALUES("178","S. Georgia and S. Sandwich Isls.
");
INSERT INTO tbl_countries VALUES("179","Saint Kitts and Nevis
");
INSERT INTO tbl_countries VALUES("180","Saint Lucia
");
INSERT INTO tbl_countries VALUES("181","Saint Vincent and the Grenadines
");
INSERT INTO tbl_countries VALUES("182","Samoa
");
INSERT INTO tbl_countries VALUES("183","San Marino
");
INSERT INTO tbl_countries VALUES("184","Sao Tome and Principe
");
INSERT INTO tbl_countries VALUES("185","Saudi Arabia
");
INSERT INTO tbl_countries VALUES("186","Senegal
");
INSERT INTO tbl_countries VALUES("187","Seychelles
");
INSERT INTO tbl_countries VALUES("188","Sierra Leone
");
INSERT INTO tbl_countries VALUES("189","Singapore
");
INSERT INTO tbl_countries VALUES("190","Slovak Republic
");
INSERT INTO tbl_countries VALUES("191","Slovenia
");
INSERT INTO tbl_countries VALUES("192","Solomon Islands
");
INSERT INTO tbl_countries VALUES("193","Somalia
");
INSERT INTO tbl_countries VALUES("194","South Africa
");
INSERT INTO tbl_countries VALUES("195","Spain
");
INSERT INTO tbl_countries VALUES("196","Sri Lanka
");
INSERT INTO tbl_countries VALUES("197","St. Helena
");
INSERT INTO tbl_countries VALUES("198","St. Pierre and Miquelon
");
INSERT INTO tbl_countries VALUES("199","Sudan
");
INSERT INTO tbl_countries VALUES("200","Suriname
");
INSERT INTO tbl_countries VALUES("201","Svalbard and Jan Mayen Islands
");
INSERT INTO tbl_countries VALUES("202","Swaziland
");
INSERT INTO tbl_countries VALUES("203","Sweden
");
INSERT INTO tbl_countries VALUES("204","Switzerland
");
INSERT INTO tbl_countries VALUES("205","Syria
");
INSERT INTO tbl_countries VALUES("206","Taiwan
");
INSERT INTO tbl_countries VALUES("207","Tajikistan
");
INSERT INTO tbl_countries VALUES("208","Tanzania
");
INSERT INTO tbl_countries VALUES("209","Thailand
");
INSERT INTO tbl_countries VALUES("210","Togo
");
INSERT INTO tbl_countries VALUES("211","Tokelau
");
INSERT INTO tbl_countries VALUES("212","Tonga
");
INSERT INTO tbl_countries VALUES("213","Trinidad and Tobago
");
INSERT INTO tbl_countries VALUES("214","Tunisia
");
INSERT INTO tbl_countries VALUES("215","Turkey
");
INSERT INTO tbl_countries VALUES("216","Turkmenistan
");
INSERT INTO tbl_countries VALUES("217","Turks and Caicos Islands
");
INSERT INTO tbl_countries VALUES("218","Tuvalu
");
INSERT INTO tbl_countries VALUES("219","US Minor Outlying Islands
");
INSERT INTO tbl_countries VALUES("220","Uganda
");
INSERT INTO tbl_countries VALUES("221","Ukraine
");
INSERT INTO tbl_countries VALUES("222","United Arab Emirates
");
INSERT INTO tbl_countries VALUES("223","United Kingdom
");
INSERT INTO tbl_countries VALUES("224","United States
");
INSERT INTO tbl_countries VALUES("225","Uruguay
");
INSERT INTO tbl_countries VALUES("226","Uzbekistan
");
INSERT INTO tbl_countries VALUES("227","Vanuatu
");
INSERT INTO tbl_countries VALUES("228","Vatican City State (Holy See)
");
INSERT INTO tbl_countries VALUES("229","Venezuela
");
INSERT INTO tbl_countries VALUES("230","Viet Nam
");
INSERT INTO tbl_countries VALUES("231","Virgin Islands (British)
");
INSERT INTO tbl_countries VALUES("232","Virgin Islands (U.S.)
");
INSERT INTO tbl_countries VALUES("233","Wallis and Futuna Islands
");
INSERT INTO tbl_countries VALUES("234","Western Sahara
");
INSERT INTO tbl_countries VALUES("235","Yemen
");
INSERT INTO tbl_countries VALUES("236","Yugoslavia
");
INSERT INTO tbl_countries VALUES("237","Zaire
");
INSERT INTO tbl_countries VALUES("238","Zambia
");
INSERT INTO tbl_countries VALUES("239","Zimbabwe");





CREATE TABLE `tbl_currency` (
  `rn` int(11) NOT NULL,
  `sn` int(11) NOT NULL DEFAULT '0',
  `ps` varchar(1) NOT NULL DEFAULT 'n',
  `code` varchar(3) NOT NULL,
  `name` varchar(255) DEFAULT NULL,
  `value` varchar(11) NOT NULL DEFAULT '0',
  PRIMARY KEY (`rn`)
) ENGINE=InnoDB DEFAULT CHARSET=utf8;

INSERT INTO tbl_currency VALUES("1","1","y","usd","US Doller","1");





CREATE TABLE `tbl_download` (
  `rn` int(11) NOT NULL,
  `pn` int(11) NOT NULL DEFAULT '0',
  `sn` int(11) NOT NULL DEFAULT '0',
  `ia` varchar(1) NOT NULL DEFAULT 'n',
  `views` int(11) NOT NULL DEFAULT '0',
  `keywords` varchar(252) NOT NULL,
  `file1` varchar(225) NOT NULL DEFAULT 'n/a',
  `file2` varchar(225) NOT NULL DEFAULT 'n/a'
) ENGINE=InnoDB DEFAULT CHARSET=utf8;

INSERT INTO tbl_download VALUES("362","0","1","y","0","","download_1288966685.jpg","download2_1288966685.jpg");
INSERT INTO tbl_download VALUES("364","0","2","y","0","","download_1288966712.gif","download2_1288966712.jpg");
INSERT INTO tbl_download VALUES("366","0","0","y","0","","download_1288966746.jpg","download2_1288966746.jpg");





CREATE TABLE `tbl_downloaddetails` (
  `rn` int(11) NOT NULL,
  `pn` int(11) NOT NULL DEFAULT '0',
  `ln` int(11) NOT NULL DEFAULT '0',
  `name` varchar(252) DEFAULT NULL,
  `description` text,
  `mtitle` varchar(252) NOT NULL,
  `mdescription` text NOT NULL,
  `mkeywords` text NOT NULL,
  PRIMARY KEY (`rn`)
) ENGINE=InnoDB DEFAULT CHARSET=utf8;

INSERT INTO tbl_downloaddetails VALUES("363","362","1","this is a testing","11111","","","");
INSERT INTO tbl_downloaddetails VALUES("365","364","1","AAAAAAAAA","","","","");
INSERT INTO tbl_downloaddetails VALUES("367","366","1","BBBBB","fsdfdsfdsf","","","");





CREATE TABLE `tbl_ecart` (
  `eid` varchar(27) NOT NULL,
  `lu` int(11) NOT NULL
) ENGINE=InnoDB DEFAULT CHARSET=utf8;

INSERT INTO tbl_ecart VALUES("","1483953514");
INSERT INTO tbl_ecart VALUES("1483941860sho209465","1483954086");





CREATE TABLE `tbl_ecartdetails` (
  `rn` int(11) NOT NULL DEFAULT '0',
  `pn` varchar(27) NOT NULL DEFAULT '0',
  `irn` int(11) NOT NULL DEFAULT '0',
  `quantity` int(11) NOT NULL DEFAULT '0',
  `method` varchar(1) NOT NULL DEFAULT 'o'
) ENGINE=InnoDB DEFAULT CHARSET=utf8;

INSERT INTO tbl_ecartdetails VALUES("91","","811","1","o");
INSERT INTO tbl_ecartdetails VALUES("92","","801","1","o");
INSERT INTO tbl_ecartdetails VALUES("93","","815","1","o");
INSERT INTO tbl_ecartdetails VALUES("94","","1081","1","o");
INSERT INTO tbl_ecartdetails VALUES("95","","809","1","o");
INSERT INTO tbl_ecartdetails VALUES("96","","1327","1","o");
INSERT INTO tbl_ecartdetails VALUES("97","","838","1","o");
INSERT INTO tbl_ecartdetails VALUES("98","","996","1","o");
INSERT INTO tbl_ecartdetails VALUES("99","","1313","1","o");
INSERT INTO tbl_ecartdetails VALUES("100","","871","1","o");
INSERT INTO tbl_ecartdetails VALUES("101","","1169","1","o");
INSERT INTO tbl_ecartdetails VALUES("102","","1085","1","o");
INSERT INTO tbl_ecartdetails VALUES("103","","1095","1","o");
INSERT INTO tbl_ecartdetails VALUES("104","","1091","1","o");
INSERT INTO tbl_ecartdetails VALUES("105","","988","1","o");
INSERT INTO tbl_ecartdetails VALUES("106","","834","1","o");
INSERT INTO tbl_ecartdetails VALUES("107","","865","1","o");
INSERT INTO tbl_ecartdetails VALUES("108","","891","1","o");
INSERT INTO tbl_ecartdetails VALUES("109","","928","1","o");
INSERT INTO tbl_ecartdetails VALUES("110","","1239","1","o");
INSERT INTO tbl_ecartdetails VALUES("111","","1061","1","o");
INSERT INTO tbl_ecartdetails VALUES("112","","1275","1","o");
INSERT INTO tbl_ecartdetails VALUES("113","","1209","1","o");
INSERT INTO tbl_ecartdetails VALUES("114","","1059","1","o");
INSERT INTO tbl_ecartdetails VALUES("115","","867","1","o");
INSERT INTO tbl_ecartdetails VALUES("116","","912","1","o");
INSERT INTO tbl_ecartdetails VALUES("117","","1067","1","o");
INSERT INTO tbl_ecartdetails VALUES("118","","1045","1","o");
INSERT INTO tbl_ecartdetails VALUES("119","","869","1","o");
INSERT INTO tbl_ecartdetails VALUES("120","","1331","1","o");
INSERT INTO tbl_ecartdetails VALUES("121","","1035","1","o");
INSERT INTO tbl_ecartdetails VALUES("122","","1071","1","o");
INSERT INTO tbl_ecartdetails VALUES("123","","1027","1","o");
INSERT INTO tbl_ecartdetails VALUES("124","","1033","1","o");
INSERT INTO tbl_ecartdetails VALUES("125","","1047","1","o");
INSERT INTO tbl_ecartdetails VALUES("126","","1141","1","o");
INSERT INTO tbl_ecartdetails VALUES("127","","948","1","o");
INSERT INTO tbl_ecartdetails VALUES("128","","1297","1","o");
INSERT INTO tbl_ecartdetails VALUES("129","","1301","1","o");
INSERT INTO tbl_ecartdetails VALUES("130","","1305","1","o");
INSERT INTO tbl_ecartdetails VALUES("131","","1299","1","o");
INSERT INTO tbl_ecartdetails VALUES("132","","1303","1","o");
INSERT INTO tbl_ecartdetails VALUES("133","","1295","1","o");
INSERT INTO tbl_ecartdetails VALUES("134","","1127","1","o");
INSERT INTO tbl_ecartdetails VALUES("135","","1143","1","o");
INSERT INTO tbl_ecartdetails VALUES("136","","1123","1","o");
INSERT INTO tbl_ecartdetails VALUES("137","","1131","1","o");
INSERT INTO tbl_ecartdetails VALUES("138","","1125","1","o");
INSERT INTO tbl_ecartdetails VALUES("139","","1133","1","o");
INSERT INTO tbl_ecartdetails VALUES("140","","1139","1","o");
INSERT INTO tbl_ecartdetails VALUES("141","","1135","1","o");
INSERT INTO tbl_ecartdetails VALUES("142","","1137","1","o");
INSERT INTO tbl_ecartdetails VALUES("143","","1129","1","o");
INSERT INTO tbl_ecartdetails VALUES("144","","1145","1","o");
INSERT INTO tbl_ecartdetails VALUES("145","","966","1","o");
INSERT INTO tbl_ecartdetails VALUES("146","","954","1","o");
INSERT INTO tbl_ecartdetails VALUES("147","","883","1","o");
INSERT INTO tbl_ecartdetails VALUES("148","","956","1","o");
INSERT INTO tbl_ecartdetails VALUES("149","","962","1","o");
INSERT INTO tbl_ecartdetails VALUES("150","","889","1","o");
INSERT INTO tbl_ecartdetails VALUES("151","","964","1","o");
INSERT INTO tbl_ecartdetails VALUES("152","","952","1","o");
INSERT INTO tbl_ecartdetails VALUES("153","","944","1","o");
INSERT INTO tbl_ecartdetails VALUES("154","","1199","1","o");
INSERT INTO tbl_ecartdetails VALUES("155","","1219","1","o");
INSERT INTO tbl_ecartdetails VALUES("156","","1211","1","o");
INSERT INTO tbl_ecartdetails VALUES("157","","1207","1","o");
INSERT INTO tbl_ecartdetails VALUES("158","","1217","1","o");
INSERT INTO tbl_ecartdetails VALUES("159","","1221","1","o");
INSERT INTO tbl_ecartdetails VALUES("160","","1213","1","o");
INSERT INTO tbl_ecartdetails VALUES("161","","1205","1","o");
INSERT INTO tbl_ecartdetails VALUES("162","","1215","1","o");
INSERT INTO tbl_ecartdetails VALUES("163","","1153","1","o");
INSERT INTO tbl_ecartdetails VALUES("164","","1187","1","o");
INSERT INTO tbl_ecartdetails VALUES("165","","1157","1","o");
INSERT INTO tbl_ecartdetails VALUES("166","","1149","1","o");
INSERT INTO tbl_ecartdetails VALUES("167","","1195","1","o");
INSERT INTO tbl_ecartdetails VALUES("168","","1197","1","o");
INSERT INTO tbl_ecartdetails VALUES("169","","1189","1","o");
INSERT INTO tbl_ecartdetails VALUES("170","","1191","1","o");
INSERT INTO tbl_ecartdetails VALUES("171","","1201","1","o");
INSERT INTO tbl_ecartdetails VALUES("172","","1193","1","o");
INSERT INTO tbl_ecartdetails VALUES("173","","1151","1","o");
INSERT INTO tbl_ecartdetails VALUES("174","","994","1","o");
INSERT INTO tbl_ecartdetails VALUES("175","","1051","1","o");
INSERT INTO tbl_ecartdetails VALUES("176","","1055","1","o");
INSERT INTO tbl_ecartdetails VALUES("177","","1053","1","o");
INSERT INTO tbl_ecartdetails VALUES("178","","998","1","o");
INSERT INTO tbl_ecartdetails VALUES("179","","1000","1","o");
INSERT INTO tbl_ecartdetails VALUES("180","","1004","1","o");
INSERT INTO tbl_ecartdetails VALUES("181","","1002","1","o");
INSERT INTO tbl_ecartdetails VALUES("182","","1043","1","o");
INSERT INTO tbl_ecartdetails VALUES("183","","990","1","o");
INSERT INTO tbl_ecartdetails VALUES("184","","1006","1","o");
INSERT INTO tbl_ecartdetails VALUES("185","","1247","1","o");
INSERT INTO tbl_ecartdetails VALUES("186","","1245","1","o");
INSERT INTO tbl_ecartdetails VALUES("187","","1241","1","o");
INSERT INTO tbl_ecartdetails VALUES("188","","1235","1","o");
INSERT INTO tbl_ecartdetails VALUES("189","","832","1","o");
INSERT INTO tbl_ecartdetails VALUES("190","","1087","1","o");
INSERT INTO tbl_ecartdetails VALUES("191","","1083","1","o");
INSERT INTO tbl_ecartdetails VALUES("192","","1093","1","o");
INSERT INTO tbl_ecartdetails VALUES("193","","1089","1","o");
INSERT INTO tbl_ecartdetails VALUES("194","","848","1","o");
INSERT INTO tbl_ecartdetails VALUES("195","","920","1","o");
INSERT INTO tbl_ecartdetails VALUES("196","","930","1","o");
INSERT INTO tbl_ecartdetails VALUES("197","","922","1","o");
INSERT INTO tbl_ecartdetails VALUES("198","","932","1","o");
INSERT INTO tbl_ecartdetails VALUES("199","","909","1","o");
INSERT INTO tbl_ecartdetails VALUES("200","","918","1","o");
INSERT INTO tbl_ecartdetails VALUES("201","","924","1","o");
INSERT INTO tbl_ecartdetails VALUES("202","","926","1","o");
INSERT INTO tbl_ecartdetails VALUES("203","","914","1","o");
INSERT INTO tbl_ecartdetails VALUES("204","","916","1","o");
INSERT INTO tbl_ecartdetails VALUES("205","","1021","1","o");
INSERT INTO tbl_ecartdetails VALUES("206","","1017","1","o");
INSERT INTO tbl_ecartdetails VALUES("207","","1025","1","o");
INSERT INTO tbl_ecartdetails VALUES("208","","1099","1","o");
INSERT INTO tbl_ecartdetails VALUES("209","","1023","1","o");
INSERT INTO tbl_ecartdetails VALUES("210","","1105","1","o");
INSERT INTO tbl_ecartdetails VALUES("211","","1015","1","o");
INSERT INTO tbl_ecartdetails VALUES("212","","1097","1","o");
INSERT INTO tbl_ecartdetails VALUES("213","","1101","1","o");
INSERT INTO tbl_ecartdetails VALUES("214","","1079","1","o");
INSERT INTO tbl_ecartdetails VALUES("215","","844","1","o");
INSERT INTO tbl_ecartdetails VALUES("216","","1065","1","o");
INSERT INTO tbl_ecartdetails VALUES("217","","881","1","o");
INSERT INTO tbl_ecartdetails VALUES("218","","863","1","o");
INSERT INTO tbl_ecartdetails VALUES("219","","873","1","o");
INSERT INTO tbl_ecartdetails VALUES("220","","877","1","o");
INSERT INTO tbl_ecartdetails VALUES("221","","861","1","o");
INSERT INTO tbl_ecartdetails VALUES("222","","1069","1","o");
INSERT INTO tbl_ecartdetails VALUES("223","","1063","1","o");
INSERT INTO tbl_ecartdetails VALUES("224","","859","1","o");
INSERT INTO tbl_ecartdetails VALUES("225","","819","1","o");
INSERT INTO tbl_ecartdetails VALUES("226","","1103","1","o");
INSERT INTO tbl_ecartdetails VALUES("227","","813","1","o");
INSERT INTO tbl_ecartdetails VALUES("228","","1019","1","o");
INSERT INTO tbl_ecartdetails VALUES("229","","1057","1","o");
INSERT INTO tbl_ecartdetails VALUES("230","","1075","1","o");
INSERT INTO tbl_ecartdetails VALUES("231","","1077","1","o");
INSERT INTO tbl_ecartdetails VALUES("232","","1073","1","o");
INSERT INTO tbl_ecartdetails VALUES("233","","879","1","o");
INSERT INTO tbl_ecartdetails VALUES("234","","805","1","o");
INSERT INTO tbl_ecartdetails VALUES("235","","875","1","o");
INSERT INTO tbl_ecartdetails VALUES("236","","1309","1","o");
INSERT INTO tbl_ecartdetails VALUES("237","","1293","1","o");
INSERT INTO tbl_ecartdetails VALUES("238","","895","1","o");
INSERT INTO tbl_ecartdetails VALUES("239","","1185","1","o");
INSERT INTO tbl_ecartdetails VALUES("240","","887","1","o");
INSERT INTO tbl_ecartdetails VALUES("241","","1183","1","o");
INSERT INTO tbl_ecartdetails VALUES("242","","1163","1","o");
INSERT INTO tbl_ecartdetails VALUES("243","","885","1","o");
INSERT INTO tbl_ecartdetails VALUES("244","","1311","1","o");
INSERT INTO tbl_ecartdetails VALUES("245","","1029","1","o");
INSERT INTO tbl_ecartdetails VALUES("246","","893","1","o");
INSERT INTO tbl_ecartdetails VALUES("247","","1159","1","o");
INSERT INTO tbl_ecartdetails VALUES("248","","1161","1","o");
INSERT INTO tbl_ecartdetails VALUES("249","","1165","1","o");
INSERT INTO tbl_ecartdetails VALUES("250","","1243","1","o");
INSERT INTO tbl_ecartdetails VALUES("251","","1177","1","o");
INSERT INTO tbl_ecartdetails VALUES("252","","1117","1","o");
INSERT INTO tbl_ecartdetails VALUES("253","","1115","1","o");
INSERT INTO tbl_ecartdetails VALUES("254","","1111","1","o");
INSERT INTO tbl_ecartdetails VALUES("255","","1171","1","o");
INSERT INTO tbl_ecartdetails VALUES("256","","1121","1","o");
INSERT INTO tbl_ecartdetails VALUES("257","","1113","1","o");
INSERT INTO tbl_ecartdetails VALUES("258","","1119","1","o");
INSERT INTO tbl_ecartdetails VALUES("259","","1167","1","o");
INSERT INTO tbl_ecartdetails VALUES("266","","1285","1","o");
INSERT INTO tbl_ecartdetails VALUES("267","","1269","1","o");
INSERT INTO tbl_ecartdetails VALUES("268","","846","1","o");
INSERT INTO tbl_ecartdetails VALUES("269","","836","1","o");
INSERT INTO tbl_ecartdetails VALUES("270","","1329","1","o");
INSERT INTO tbl_ecartdetails VALUES("271","","1181","1","o");
INSERT INTO tbl_ecartdetails VALUES("272","","1333","1","o");
INSERT INTO tbl_ecartdetails VALUES("273","","1325","1","o");
INSERT INTO tbl_ecartdetails VALUES("274","","982","1","o");
INSERT INTO tbl_ecartdetails VALUES("275","","1261","1","o");
INSERT INTO tbl_ecartdetails VALUES("276","","1229","1","o");
INSERT INTO tbl_ecartdetails VALUES("277","","1323","1","o");
INSERT INTO tbl_ecartdetails VALUES("278","","842","1","o");
INSERT INTO tbl_ecartdetails VALUES("279","","968","1","o");
INSERT INTO tbl_ecartdetails VALUES("280","","946","1","o");
INSERT INTO tbl_ecartdetails VALUES("281","","1041","1","o");
INSERT INTO tbl_ecartdetails VALUES("282","","1319","1","o");
INSERT INTO tbl_ecartdetails VALUES("283","","840","1","o");
INSERT INTO tbl_ecartdetails VALUES("284","","1237","1","o");
INSERT INTO tbl_ecartdetails VALUES("285","","974","1","o");
INSERT INTO tbl_ecartdetails VALUES("286","","1231","1","o");
INSERT INTO tbl_ecartdetails VALUES("287","","1179","1","o");
INSERT INTO tbl_ecartdetails VALUES("288","","1037","1","o");
INSERT INTO tbl_ecartdetails VALUES("289","","1227","1","o");
INSERT INTO tbl_ecartdetails VALUES("290","","807","1","o");
INSERT INTO tbl_ecartdetails VALUES("291","","978","1","o");
INSERT INTO tbl_ecartdetails VALUES("292","","1315","1","o");
INSERT INTO tbl_ecartdetails VALUES("293","","1317","1","o");
INSERT INTO tbl_ecartdetails VALUES("294","","960","1","o");
INSERT INTO tbl_ecartdetails VALUES("295","","1251","1","o");
INSERT INTO tbl_ecartdetails VALUES("296","","1343","1","o");
INSERT INTO tbl_ecartdetails VALUES("297","","1259","1","o");
INSERT INTO tbl_ecartdetails VALUES("298","","1109","1","o");
INSERT INTO tbl_ecartdetails VALUES("299","","1049","1","o");
INSERT INTO tbl_ecartdetails VALUES("300","","1107","1","o");
INSERT INTO tbl_ecartdetails VALUES("301","","1031","1","o");
INSERT INTO tbl_ecartdetails VALUES("302","","984","1","o");
INSERT INTO tbl_ecartdetails VALUES("303","","1257","1","o");
INSERT INTO tbl_ecartdetails VALUES("304","","1223","1","o");
INSERT INTO tbl_ecartdetails VALUES("305","","1233","1","o");
INSERT INTO tbl_ecartdetails VALUES("306","","1335","1","o");
INSERT INTO tbl_ecartdetails VALUES("307","","1281","1","o");
INSERT INTO tbl_ecartdetails VALUES("308","","1307","1","o");
INSERT INTO tbl_ecartdetails VALUES("309","","1039","1","o");
INSERT INTO tbl_ecartdetails VALUES("310","","972","1","o");
INSERT INTO tbl_ecartdetails VALUES("311","","976","1","o");
INSERT INTO tbl_ecartdetails VALUES("312","","958","1","o");
INSERT INTO tbl_ecartdetails VALUES("313","","970","1","o");
INSERT INTO tbl_ecartdetails VALUES("314","","1287","1","o");
INSERT INTO tbl_ecartdetails VALUES("315","","1321","1","o");
INSERT INTO tbl_ecartdetails VALUES("316","","950","1","o");
INSERT INTO tbl_ecartdetails VALUES("317","","1255","1","o");
INSERT INTO tbl_ecartdetails VALUES("318","","1253","1","o");
INSERT INTO tbl_ecartdetails VALUES("319","","1337","1","o");
INSERT INTO tbl_ecartdetails VALUES("320","","1265","1","o");
INSERT INTO tbl_ecartdetails VALUES("321","","1341","1","o");
INSERT INTO tbl_ecartdetails VALUES("322","","1263","1","o");
INSERT INTO tbl_ecartdetails VALUES("323","","986","1","o");
INSERT INTO tbl_ecartdetails VALUES("324","","1271","1","o");
INSERT INTO tbl_ecartdetails VALUES("325","","1339","1","o");
INSERT INTO tbl_ecartdetails VALUES("326","","1273","1","o");
INSERT INTO tbl_ecartdetails VALUES("327","","1289","1","o");
INSERT INTO tbl_ecartdetails VALUES("328","","1291","1","o");
INSERT INTO tbl_ecartdetails VALUES("329","","1277","1","o");
INSERT INTO tbl_ecartdetails VALUES("330","","1249","1","o");
INSERT INTO tbl_ecartdetails VALUES("331","","1147","1","o");
INSERT INTO tbl_ecartdetails VALUES("332","","1279","1","o");
INSERT INTO tbl_ecartdetails VALUES("333","","1267","1","o");
INSERT INTO tbl_ecartdetails VALUES("334","","980","1","o");
INSERT INTO tbl_ecartdetails VALUES("335","","1173","1","o");
INSERT INTO tbl_ecartdetails VALUES("336","","817","1","o");
INSERT INTO tbl_ecartdetails VALUES("337","","803","1","o");
INSERT INTO tbl_ecartdetails VALUES("338","","1175","1","o");
INSERT INTO tbl_ecartdetails VALUES("339","","1589","1","o");
INSERT INTO tbl_ecartdetails VALUES("340","","1593","1","o");
INSERT INTO tbl_ecartdetails VALUES("341","","1595","1","o");
INSERT INTO tbl_ecartdetails VALUES("342","","1583","1","o");
INSERT INTO tbl_ecartdetails VALUES("343","","1561","1","o");
INSERT INTO tbl_ecartdetails VALUES("344","","1571","1","o");
INSERT INTO tbl_ecartdetails VALUES("345","","1559","1","o");
INSERT INTO tbl_ecartdetails VALUES("346","","1581","1","o");
INSERT INTO tbl_ecartdetails VALUES("347","","1567","1","o");
INSERT INTO tbl_ecartdetails VALUES("348","","1569","1","o");
INSERT INTO tbl_ecartdetails VALUES("349","","1579","1","o");
INSERT INTO tbl_ecartdetails VALUES("350","","1591","1","o");
INSERT INTO tbl_ecartdetails VALUES("351","","1575","1","o");
INSERT INTO tbl_ecartdetails VALUES("352","","1563","1","o");
INSERT INTO tbl_ecartdetails VALUES("353","","1573","1","o");
INSERT INTO tbl_ecartdetails VALUES("354","","1599","1","o");
INSERT INTO tbl_ecartdetails VALUES("355","","1597","1","o");
INSERT INTO tbl_ecartdetails VALUES("356","","1577","1","o");
INSERT INTO tbl_ecartdetails VALUES("357","","1565","1","o");
INSERT INTO tbl_ecartdetails VALUES("358","","1601","1","o");
INSERT INTO tbl_ecartdetails VALUES("359","","1585","1","o");
INSERT INTO tbl_ecartdetails VALUES("360","","1587","1","o");
INSERT INTO tbl_ecartdetails VALUES("361","","1547","1","o");
INSERT INTO tbl_ecartdetails VALUES("362","","1549","1","o");
INSERT INTO tbl_ecartdetails VALUES("363","","1555","1","o");
INSERT INTO tbl_ecartdetails VALUES("364","","1617","1","o");
INSERT INTO tbl_ecartdetails VALUES("365","","1545","1","o");
INSERT INTO tbl_ecartdetails VALUES("366","","1543","1","o");
INSERT INTO tbl_ecartdetails VALUES("367","","1553","1","o");
INSERT INTO tbl_ecartdetails VALUES("368","","1551","1","o");
INSERT INTO tbl_ecartdetails VALUES("369","","1557","1","o");
INSERT INTO tbl_ecartdetails VALUES("370","","1603","1","o");
INSERT INTO tbl_ecartdetails VALUES("371","","1615","1","o");
INSERT INTO tbl_ecartdetails VALUES("372","","1633","1","o");
INSERT INTO tbl_ecartdetails VALUES("373","","1629","1","o");
INSERT INTO tbl_ecartdetails VALUES("374","","1631","1","o");
INSERT INTO tbl_ecartdetails VALUES("375","","1635","1","o");
INSERT INTO tbl_ecartdetails VALUES("376","","1621","1","o");
INSERT INTO tbl_ecartdetails VALUES("377","","1609","1","o");
INSERT INTO tbl_ecartdetails VALUES("378","","1623","1","o");
INSERT INTO tbl_ecartdetails VALUES("379","","1619","1","o");
INSERT INTO tbl_ecartdetails VALUES("380","","1625","1","o");
INSERT INTO tbl_ecartdetails VALUES("381","","1607","1","o");
INSERT INTO tbl_ecartdetails VALUES("382","","1611","1","o");
INSERT INTO tbl_ecartdetails VALUES("383","","1627","1","o");
INSERT INTO tbl_ecartdetails VALUES("384","","1613","1","o");
INSERT INTO tbl_ecartdetails VALUES("385","","1605","1","o");





CREATE TABLE `tbl_egroups` (
  `rn` int(11) NOT NULL,
  `sn` int(11) DEFAULT '0',
  `apshm` varchar(1) DEFAULT 'n'
) ENGINE=InnoDB DEFAULT CHARSET=utf8;

INSERT INTO tbl_egroups VALUES("1","0","y");
INSERT INTO tbl_egroups VALUES("41","0","n");
INSERT INTO tbl_egroups VALUES("2","0","n");





CREATE TABLE `tbl_egroupsdetail` (
  `rn` int(11) NOT NULL,
  `pn` int(11) DEFAULT '0',
  `ln` int(11) DEFAULT '0',
  `name` varchar(250) DEFAULT NULL
) ENGINE=InnoDB DEFAULT CHARSET=utf8;

INSERT INTO tbl_egroupsdetail VALUES("2","1","1","Subscriber");
INSERT INTO tbl_egroupsdetail VALUES("42","41","1","Clients");
INSERT INTO tbl_egroupsdetail VALUES("3","2","1","Friends");
INSERT INTO tbl_egroupsdetail VALUES("4","2","2","");
INSERT INTO tbl_egroupsdetail VALUES("5","2","4","");
INSERT INTO tbl_egroupsdetail VALUES("6","2","5","");
INSERT INTO tbl_egroupsdetail VALUES("7","2","6","");
INSERT INTO tbl_egroupsdetail VALUES("8","2","7","");
INSERT INTO tbl_egroupsdetail VALUES("9","2","8","");
INSERT INTO tbl_egroupsdetail VALUES("10","2","9","");





CREATE TABLE `tbl_gallery` (
  `rn` int(11) NOT NULL,
  `pn` int(11) NOT NULL DEFAULT '0',
  `sn` int(11) NOT NULL DEFAULT '0',
  `ia` varchar(1) NOT NULL DEFAULT 'n',
  `views` int(11) NOT NULL DEFAULT '0',
  `keywords` varchar(252) NOT NULL,
  `file1` varchar(225) NOT NULL DEFAULT 'n/a',
  `file2` varchar(225) NOT NULL DEFAULT 'n/a'
) ENGINE=InnoDB DEFAULT CHARSET=utf8;

INSERT INTO tbl_gallery VALUES("652","0","0","y","0","","gallery1_Chrysanthemum_1384898102.jpg","gallery2_Koala_1384898102.jpg");
INSERT INTO tbl_gallery VALUES("654","0","0","y","0","","gallery1_Desert_1384898126.jpg","gallery2_Lighthouse_1384898126.jpg");
INSERT INTO tbl_gallery VALUES("656","0","0","y","0","","gallery1_Hydrangeas_1384898148.jpg","gallery2_Penguins_1384898148.jpg");
INSERT INTO tbl_gallery VALUES("658","0","0","y","0","","gallery1_Jellyfish_1384898165.jpg","gallery2_Tulips_1384898165.jpg");
INSERT INTO tbl_gallery VALUES("660","0","0","y","0","","gallery1_Koala_1384898180.jpg","gallery2_Chrysanthemum_1384898180.jpg");
INSERT INTO tbl_gallery VALUES("662","0","0","y","0","","gallery1_Lighthouse_1384898195.jpg","gallery2_Desert_1384898195.jpg");
INSERT INTO tbl_gallery VALUES("664","0","0","y","0","","gallery1_Penguins_1384898214.jpg","gallery2_Hydrangeas_1384898214.jpg");
INSERT INTO tbl_gallery VALUES("666","0","0","y","0","","gallery1_Tulips_1384898230.jpg","gallery2_Jellyfish_1384898230.jpg");





CREATE TABLE `tbl_gallerydetails` (
  `rn` int(11) NOT NULL,
  `pn` int(11) NOT NULL DEFAULT '0',
  `ln` int(11) NOT NULL DEFAULT '0',
  `name` varchar(252) DEFAULT NULL,
  `description` text,
  `mtitle` varchar(252) NOT NULL,
  `mdescription` text NOT NULL,
  `mkeywords` text NOT NULL,
  PRIMARY KEY (`rn`)
) ENGINE=InnoDB DEFAULT CHARSET=utf8;

INSERT INTO tbl_gallerydetails VALUES("653","652","1","1111","when an unknown printer took a galley of type and scrambled it to make a type specimen book. It has survived not only five centuries, but also the leap into electronic typesetting, remaining essentially unchanged. It was popularised in the 1960s with the release of Letraset sheets containing Lorem Ipsum passages, and more recently with desktop publishing software like Aldus PageMaker including versions of Lorem Ipsum.","","","");
INSERT INTO tbl_gallerydetails VALUES("655","654","1","222222","when an unknown printer took a galley of type and scrambled it to make a type specimen book. It has survived not only five centuries, but also the leap into electronic typesetting, remaining essentially unchanged. It was popularised in the 1960s with the release of Letraset sheets containing Lorem Ipsum passages, and more recently with desktop publishing software like Aldus PageMaker including versions of Lorem Ipsum.","","","");
INSERT INTO tbl_gallerydetails VALUES("657","656","1","33333","when an unknown printer took a galley of type and scrambled it to make a type specimen book. It has survived not only five centuries, but also the leap into electronic typesetting, remaining essentially unchanged. It was popularised in the 1960s with the release of Letraset sheets containing Lorem Ipsum passages, and more recently with desktop publishing software like Aldus PageMaker including versions of Lorem Ipsum.","","","");
INSERT INTO tbl_gallerydetails VALUES("659","658","1","4444","when an unknown printer took a galley of type and scrambled it to make a type specimen book. It has survived not only five centuries, but also the leap into electronic typesetting, remaining essentially unchanged. It was popularised in the 1960s with the release of Letraset sheets containing Lorem Ipsum passages, and more recently with desktop publishing software like Aldus PageMaker including versions of Lorem Ipsum.","","","");
INSERT INTO tbl_gallerydetails VALUES("661","660","1","55555","when an unknown printer took a galley of type and scrambled it to make a type specimen book. It has survived not only five centuries, but also the leap into electronic typesetting, remaining essentially unchanged. It was popularised in the 1960s with the release of Letraset sheets containing Lorem Ipsum passages, and more recently with desktop publishing software like Aldus PageMaker including versions of Lorem Ipsum.","","","");
INSERT INTO tbl_gallerydetails VALUES("663","662","1","66666","when an unknown printer took a galley of type and scrambled it to make a type specimen book. It has survived not only five centuries, but also the leap into electronic typesetting, remaining essentially unchanged. It was popularised in the 1960s with the release of Letraset sheets containing Lorem Ipsum passages, and more recently with desktop publishing software like Aldus PageMaker including versions of Lorem Ipsum.","","","");
INSERT INTO tbl_gallerydetails VALUES("665","664","1","7777","when an unknown printer took a galley of type and scrambled it to make a type specimen book. It has survived not only five centuries, but also the leap into electronic typesetting, remaining essentially unchanged. It was popularised in the 1960s with the release of Letraset sheets containing Lorem Ipsum passages, and more recently with desktop publishing software like Aldus PageMaker including versions of Lorem Ipsum.","","","");
INSERT INTO tbl_gallerydetails VALUES("667","666","1","8888","when an unknown printer took a galley of type and scrambled it to make a type specimen book. It has survived not only five centuries, but also the leap into electronic typesetting, remaining essentially unchanged. It was popularised in the 1960s with the release of Letraset sheets containing Lorem Ipsum passages, and more recently with desktop publishing software like Aldus PageMaker including versions of Lorem Ipsum.","","","");





CREATE TABLE `tbl_globalcounter` (
  `crn` int(11) NOT NULL DEFAULT '0',
  `prn` int(11) NOT NULL DEFAULT '0',
  `lrn` int(11) NOT NULL DEFAULT '0',
  `nrn` int(11) NOT NULL DEFAULT '0',
  `grn` int(11) NOT NULL DEFAULT '0',
  `ern` int(11) NOT NULL DEFAULT '0',
  `wcrn` int(11) NOT NULL DEFAULT '0',
  `frn` int(11) NOT NULL DEFAULT '0',
  `urn` int(11) NOT NULL DEFAULT '0',
  `ecrn` int(11) NOT NULL DEFAULT '0',
  `arn` int(11) NOT NULL DEFAULT '0',
  `sid` int(11) NOT NULL,
  `shonir` varchar(1) NOT NULL DEFAULT 'n'
) ENGINE=InnoDB DEFAULT CHARSET=utf8;

INSERT INTO tbl_globalcounter VALUES("584","1636","1","1","10","7","248","5","1","1524","16","209496","y");





CREATE TABLE `tbl_igallery` (
  `rn` int(11) NOT NULL,
  `pn` int(11) NOT NULL DEFAULT '0',
  `sn` int(11) NOT NULL DEFAULT '0',
  `rs` tinyint(1) NOT NULL,
  `views` int(11) NOT NULL DEFAULT '0',
  `hits` int(11) NOT NULL,
  `file1` varchar(225) NOT NULL DEFAULT 'n/a',
  `file2` varchar(225) NOT NULL DEFAULT 'n/a',
  `file3` varchar(225) NOT NULL DEFAULT 'n/a',
  `votes` int(11) NOT NULL DEFAULT '0',
  `score` varchar(52) NOT NULL DEFAULT '0'
) ENGINE=InnoDB DEFAULT CHARSET=utf8;

INSERT INTO tbl_igallery VALUES("668","643","0","1","0","0","igallery_Chrysanthemum_1384949723.jpg","n/a","n/a","0","0");
INSERT INTO tbl_igallery VALUES("672","643","0","1","0","0","igallery_Hydrangeas_1384949739.jpg","n/a","n/a","0","0");
INSERT INTO tbl_igallery VALUES("674","643","0","1","0","0","igallery_Koala_1384949745.jpg","n/a","n/a","0","0");
INSERT INTO tbl_igallery VALUES("676","643","0","1","0","0","igallery_Lighthouse_1384949752.jpg","n/a","n/a","0","0");
INSERT INTO tbl_igallery VALUES("678","643","0","1","0","0","igallery_Penguins_1384949758.jpg","n/a","n/a","0","0");
INSERT INTO tbl_igallery VALUES("680","643","0","1","0","0","igallery_Tulips_1384949763.jpg","n/a","n/a","0","0");





CREATE TABLE `tbl_igallerydetails` (
  `rn` int(11) NOT NULL,
  `pn` int(11) NOT NULL DEFAULT '0',
  `ln` int(11) NOT NULL DEFAULT '0',
  `name` varchar(252) DEFAULT NULL,
  `description` text,
  `mtitle` varchar(252) NOT NULL,
  `mdescription` text NOT NULL,
  `mkeywords` text NOT NULL,
  PRIMARY KEY (`rn`)
) ENGINE=InnoDB DEFAULT CHARSET=utf8;

INSERT INTO tbl_igallerydetails VALUES("669","668","1","","","","","");
INSERT INTO tbl_igallerydetails VALUES("673","672","1","","","","","");
INSERT INTO tbl_igallerydetails VALUES("675","674","1","","","","","");
INSERT INTO tbl_igallerydetails VALUES("677","676","1","","","","","");
INSERT INTO tbl_igallerydetails VALUES("679","678","1","","","","","");
INSERT INTO tbl_igallerydetails VALUES("681","680","1","","","","","");





CREATE TABLE `tbl_items` (
  `rn` int(11) NOT NULL,
  `pn` int(11) NOT NULL DEFAULT '0',
  `sn` int(11) NOT NULL DEFAULT '0',
  `ia` varchar(1) NOT NULL DEFAULT 'n',
  `im` tinyint(1) NOT NULL,
  `fp` varchar(1) NOT NULL DEFAULT 'n',
  `sp` varchar(1) NOT NULL DEFAULT 'n',
  `code` text NOT NULL,
  `price` int(11) DEFAULT '0',
  `oprice` int(11) DEFAULT '0',
  `stock` int(11) NOT NULL,
  `mino` int(11) NOT NULL,
  `maxo` int(11) NOT NULL,
  `views` int(11) NOT NULL,
  `hittime` int(11) unsigned NOT NULL,
  `hits` int(11) NOT NULL,
  `pslug` varchar(252) NOT NULL,
  `file1` varchar(225) NOT NULL DEFAULT 'n/a',
  `file2` varchar(225) NOT NULL DEFAULT 'n/a',
  `file3` varchar(225) NOT NULL DEFAULT 'n/a',
  `votes` int(11) NOT NULL DEFAULT '0',
  `score` varchar(52) NOT NULL DEFAULT '0',
  UNIQUE KEY `rn` (`rn`)
) ENGINE=InnoDB DEFAULT CHARSET=utf8;

INSERT INTO tbl_items VALUES("801","531","0","y","0","y","n","SNJ-101","0","0","0","0","0","5156","0","0","Motorbike-Gloves","item1_001_1397301912.png","n/a","n/a","0","0");
INSERT INTO tbl_items VALUES("803","531","0","y","0","n","n","SNJ-102","0","0","0","0","0","0","0","0","Motorbike-Gloves","item1_01_1397302201.jpg","n/a","n/a","0","0");
INSERT INTO tbl_items VALUES("805","531","0","y","0","n","n","SNJ-103","0","0","0","0","0","0","0","0","Motorbike-Gloves","item1_02_1397302224.jpg","n/a","n/a","0","0");
INSERT INTO tbl_items VALUES("807","531","0","y","0","n","n","SNJ-104","0","0","0","0","0","0","0","0","Motorbike-Gloves","item1_04_1397302261.jpg","n/a","n/a","0","0");
INSERT INTO tbl_items VALUES("809","531","0","y","0","n","n","SNJ-105","0","0","0","0","0","20","0","0","Motorbike-Gloves","item1_06_1397302291.jpg","n/a","n/a","0","0");
INSERT INTO tbl_items VALUES("811","531","0","y","0","n","n","SNJ-106","0","0","0","0","0","0","0","0","Motorbike-Gloves","item1_07_1397302308.JPG","n/a","n/a","0","0");
INSERT INTO tbl_items VALUES("813","531","0","y","0","n","n","SNJ-107","0","0","0","0","0","0","0","0","Motorbike-Gloves","item1_014_1397302404.png","n/a","n/a","0","0");
INSERT INTO tbl_items VALUES("815","531","0","y","0","n","n","SNJ-108","0","0","0","0","0","18","0","0","Motorbike-Gloves","item1_021_1397302418.jpg","n/a","n/a","0","0");
INSERT INTO tbl_items VALUES("817","531","0","y","0","n","n","SNJ-109","0","0","0","0","0","0","0","0","Motorbike-Gloves","item1_022_1397302433.jpg","n/a","n/a","0","0");
INSERT INTO tbl_items VALUES("819","531","0","y","0","n","n","SNJ-110","0","0","0","0","0","0","0","0","Motorbike-Gloves","item1_024_1397302498.png","n/a","n/a","0","0");
INSERT INTO tbl_items VALUES("832","533","0","y","0","n","n","SNJ-201","0","0","0","0","0","18","0","0","Motocross-Gloves","item1_1_1397302765.jpg","n/a","n/a","0","0");
INSERT INTO tbl_items VALUES("834","533","0","y","0","n","n","SNJ-202","0","0","0","0","0","0","0","0","Motocross-Gloves","item1_2_1397302802.jpg","n/a","n/a","0","0");
INSERT INTO tbl_items VALUES("836","533","0","y","0","n","n","SNJ-203","0","0","0","0","0","0","0","0","Motocross-Gloves","item1_3_1397302836.jpg","n/a","n/a","0","0");
INSERT INTO tbl_items VALUES("838","533","0","y","0","y","n","SNJ-204","0","0","0","0","0","5127","0","0","Motocross-Gloves","item1_4_1397302857.jpg","n/a","n/a","0","0");
INSERT INTO tbl_items VALUES("840","533","0","y","0","n","n","SNJ-205","0","0","0","0","0","0","0","0","Motocross-Gloves","item1_5_1397302880.jpg","n/a","n/a","0","0");
INSERT INTO tbl_items VALUES("842","533","0","y","0","n","n","SNJ-206","0","0","0","0","0","16","0","0","Motocross-Gloves","item1_6_1397302901.jpg","n/a","n/a","0","0");
INSERT INTO tbl_items VALUES("844","533","0","y","0","n","n","SNJ-207","0","0","0","0","0","0","0","0","Motocross-Gloves","item1_7_1397302945.jpg","n/a","n/a","0","0");
INSERT INTO tbl_items VALUES("846","533","0","y","0","n","n","SNJ-208","0","0","0","0","0","0","0","0","Motocross-Gloves","item1_8_1397303234.jpg","n/a","n/a","0","0");
INSERT INTO tbl_items VALUES("848","533","0","y","0","n","n","SNJ-209","0","0","0","0","0","0","0","0","Motocross-Gloves","item1_9_1397303294.jpg","n/a","n/a","0","0");
INSERT INTO tbl_items VALUES("859","537","0","y","0","n","n","SNJ-301","0","0","0","0","0","0","0","0","Working-Gloves","item1_01_1397303820.jpg","n/a","n/a","0","0");
INSERT INTO tbl_items VALUES("861","537","0","y","0","y","n","SNJ-302","0","0","0","0","0","5128","0","0","Working-Gloves","item1_1_1397303889.jpg","n/a","n/a","0","0");
INSERT INTO tbl_items VALUES("863","537","0","y","0","n","n","SNJ-303","0","0","0","0","0","22","0","0","Working-Gloves","item1_02_1397303906.jpg","n/a","n/a","0","0");
INSERT INTO tbl_items VALUES("865","537","0","y","0","n","n","SNJ-304","0","0","0","0","0","0","0","0","Working-Gloves","item1_2_1397303922.jpg","n/a","n/a","0","0");
INSERT INTO tbl_items VALUES("867","537","0","y","0","n","n","SNJ-305","0","0","0","0","0","0","0","0","Working-Gloves","item1_03_1397303955.jpg","n/a","n/a","0","0");
INSERT INTO tbl_items VALUES("869","537","0","y","0","n","n","SNJ-306","0","0","0","0","0","0","0","0","Working-Gloves","item1_3_1397303963.jpg","n/a","n/a","0","0");
INSERT INTO tbl_items VALUES("871","537","0","y","0","n","n","SNJ-307","0","0","0","0","0","0","0","0","Working-Gloves","item1_04_1397303976.jpg","n/a","n/a","0","0");
INSERT INTO tbl_items VALUES("873","537","0","y","0","n","n","SNJ-308","0","0","0","0","0","24","0","0","Working-Gloves","item1_4_1397304019.jpg","n/a","n/a","0","0");
INSERT INTO tbl_items VALUES("875","537","0","y","0","n","n","SNJ-309","0","0","0","0","0","0","0","0","Working-Gloves","item1_05_1397304043.jpg","n/a","n/a","0","0");
INSERT INTO tbl_items VALUES("877","537","0","y","0","n","n","SNJ-310","0","0","0","0","0","0","0","0","Working-Gloves","item1_5_1397304055.jpg","n/a","n/a","0","0");
INSERT INTO tbl_items VALUES("879","537","0","y","0","n","n","SNJ-311","0","0","0","0","0","0","0","0","Working-Gloves","item1_06_1397304072.jpg","n/a","n/a","0","0");
INSERT INTO tbl_items VALUES("881","537","0","y","0","n","n","SNJ-312","0","0","0","0","0","14","0","0","Working-Gloves","item1_6_1397304108.jpg","n/a","n/a","0","0");
INSERT INTO tbl_items VALUES("883","537","0","y","0","n","n","SNJ-313","0","0","0","0","0","0","0","0","Working-Gloves","item1_07_1397304137.jpg","n/a","n/a","0","0");
INSERT INTO tbl_items VALUES("885","537","0","y","0","n","n","SNJ-314","0","0","0","0","0","0","0","0","Working-Gloves","item1_7_1397304148.jpg","n/a","n/a","0","0");
INSERT INTO tbl_items VALUES("887","537","0","y","0","n","n","SNJ-315","0","0","0","0","0","0","0","0","Working-Gloves","item1_08_1397304215.jpg","n/a","n/a","0","0");
INSERT INTO tbl_items VALUES("889","537","0","y","0","n","n","SNJ-316","0","0","0","0","0","0","0","0","Working-Gloves","item1_8_1397304224.jpg","n/a","n/a","0","0");
INSERT INTO tbl_items VALUES("891","537","0","y","0","n","n","SNJ-317","0","0","0","0","0","0","0","0","Working-Gloves","item1_09_1397304268.jpg","n/a","n/a","0","0");
INSERT INTO tbl_items VALUES("893","537","0","y","0","n","n","SNJ-318","0","0","0","0","0","0","0","0","Working-Gloves","item1_9_1397304397.jpg","n/a","n/a","0","0");
INSERT INTO tbl_items VALUES("895","537","0","y","0","n","n","SNJ-319","0","0","0","0","0","0","0","0","Working-Gloves","item1_10_1397304408.jpg","n/a","n/a","0","0");
INSERT INTO tbl_items VALUES("909","543","0","y","0","n","n","SNJ-401","0","0","0","0","0","0","0","0","Cycling-Gloves","item1_1_1397305286.jpg","n/a","n/a","0","0");
INSERT INTO tbl_items VALUES("912","543","0","y","0","n","n","SNJ-402","0","0","0","0","0","25","0","0","Cycling-Gloves","item1_2_1397305338.jpg","n/a","n/a","0","0");
INSERT INTO tbl_items VALUES("914","543","0","y","0","n","n","SNJ-403","0","0","0","0","0","0","0","0","Cycling-Gloves","item1_3_1397305363.jpg","n/a","n/a","0","0");
INSERT INTO tbl_items VALUES("916","543","0","y","0","y","n","SNJ-404","0","0","0","0","0","5178","0","0","Cycling-Gloves","item1_4_1397305385.jpg","n/a","n/a","0","0");
INSERT INTO tbl_items VALUES("918","543","0","y","0","n","n","SNJ-405","0","0","0","0","0","0","0","0","Cycling-Gloves","item1_5_1397305410.jpg","n/a","n/a","0","0");
INSERT INTO tbl_items VALUES("920","543","0","y","0","n","n","SNJ-406","0","0","0","0","0","0","0","0","Cycling-Gloves","item1_6_1397305445.jpg","n/a","n/a","0","0");
INSERT INTO tbl_items VALUES("922","543","0","y","0","n","n","SNJ-407","0","0","0","0","0","21","0","0","Cycling-Gloves","item1_7_1397305521.jpg","n/a","n/a","0","0");
INSERT INTO tbl_items VALUES("924","543","0","y","0","n","n","SNJ-408","0","0","0","0","0","0","0","0","Cycling-Gloves","item1_8_1397305548.jpg","n/a","n/a","0","0");
INSERT INTO tbl_items VALUES("926","543","0","y","0","n","n","SNJ-409","0","0","0","0","0","23","0","0","Cycling-Gloves","item1_9_1397305585.jpg","n/a","n/a","0","0");
INSERT INTO tbl_items VALUES("928","543","0","y","0","n","n","SNJ-410","0","0","0","0","0","27","0","0","Cycling-Gloves","item1_10_1397305624.jpg","n/a","n/a","0","0");
INSERT INTO tbl_items VALUES("930","543","0","y","0","n","n","SNJ-411","0","0","0","0","0","0","0","0","Cycling-Gloves","item1_11_1397305677.jpg","n/a","n/a","0","0");
INSERT INTO tbl_items VALUES("932","543","0","y","0","n","n","SNJ-412","0","0","0","0","0","0","0","0","Cycling-Gloves","item1_13_1397305699.jpg","n/a","n/a","0","0");
INSERT INTO tbl_items VALUES("944","549","0","y","0","n","n","SNJ-501","0","0","0","0","0","0","0","0","Fashion-Gloves","item1_1_1397306003.jpg","n/a","n/a","0","0");
INSERT INTO tbl_items VALUES("946","549","0","y","0","n","n","SNJ-502","0","0","0","0","0","0","0","0","Fashion-Gloves","item1_2_1397306014.jpg","n/a","n/a","0","0");
INSERT INTO tbl_items VALUES("948","549","0","y","0","y","n","SNJ-503","0","0","0","0","0","5132","0","0","Fashion-Gloves","item1_3_1397306024.jpg","n/a","n/a","0","0");
INSERT INTO tbl_items VALUES("950","549","0","y","0","n","n","SNJ-504","0","0","0","0","0","0","0","0","Fashion-Gloves","item1_4_1397306037.jpg","n/a","n/a","0","0");
INSERT INTO tbl_items VALUES("952","549","0","y","0","n","n","SNJ-505","0","0","0","0","0","0","0","0","Fashion-Gloves","item1_5_1397306050.jpg","n/a","n/a","0","0");
INSERT INTO tbl_items VALUES("954","549","0","y","0","n","n","SNJ-506","0","0","0","0","0","0","0","0","Fashion-Gloves","item1_6_1397306068.jpg","n/a","n/a","0","0");
INSERT INTO tbl_items VALUES("956","549","0","y","0","n","n","SNJ-507","0","0","0","0","0","0","0","0","Fashion-Gloves","item1_7_1397306080.jpg","n/a","n/a","0","0");
INSERT INTO tbl_items VALUES("958","549","0","y","0","n","n","SNJ-508","0","0","0","0","0","0","0","0","Fashion-Gloves","item1_8_1397306091.jpg","n/a","n/a","0","0");
INSERT INTO tbl_items VALUES("960","549","0","y","0","n","n","SNJ-509","0","0","0","0","0","0","0","0","Fashion-Gloves","item1_9_1397306104.jpg","n/a","n/a","0","0");
INSERT INTO tbl_items VALUES("962","549","0","y","0","n","n","SNJ-510","0","0","0","0","0","0","0","0","Fashion-Gloves","item1_10_1397306222.jpg","n/a","n/a","0","0");
INSERT INTO tbl_items VALUES("964","549","0","y","0","n","n","SNJ-511","0","0","0","0","0","0","0","0","Fashion-Gloves","item1_11_1397306233.jpg","n/a","n/a","0","0");
INSERT INTO tbl_items VALUES("966","549","0","y","0","n","n","SNJ-512","0","0","0","0","0","0","0","0","Fashion-Gloves","item1_12_1397306268.jpg","n/a","n/a","0","0");
INSERT INTO tbl_items VALUES("968","549","0","y","0","n","n","SNJ-513","0","0","0","0","0","0","0","0","Fashion-Gloves","item1_13_1397306281.jpg","n/a","n/a","0","0");
INSERT INTO tbl_items VALUES("970","549","0","y","0","n","n","SNJ-514","0","0","0","0","0","0","0","0","Fashion-Gloves","item1_14_1397306298.jpg","n/a","n/a","0","0");
INSERT INTO tbl_items VALUES("972","549","0","y","0","n","n","SNJ-515","0","0","0","0","0","0","0","0","Fashion-Gloves","item1_15_1397306325.jpg","n/a","n/a","0","0");
INSERT INTO tbl_items VALUES("974","549","0","y","0","n","n","SNJ-","0","0","0","0","0","0","0","0","Fashion-Gloves","item1_16_1397306341.jpg","n/a","n/a","0","0");
INSERT INTO tbl_items VALUES("976","549","0","y","0","n","n","SNJ-","0","0","0","0","0","0","0","0","Fashion-Gloves","item1_17_1397306369.jpg","n/a","n/a","0","0");
INSERT INTO tbl_items VALUES("978","549","0","y","0","n","n","SNJ-","0","0","0","0","0","0","0","0","Fashion-Gloves","item1_18_1397306398.jpg","n/a","n/a","0","0");
INSERT INTO tbl_items VALUES("980","549","0","y","0","n","n","SNJ-","0","0","0","0","0","0","0","0","Fashion-Gloves","item1_19_1397306428.jpg","n/a","n/a","0","0");
INSERT INTO tbl_items VALUES("982","549","0","y","0","n","n","","0","0","0","0","0","0","0","0","Fashion-Gloves","item1_19_1397306480.jpg","n/a","n/a","0","0");
INSERT INTO tbl_items VALUES("984","549","0","y","0","n","n","","0","0","0","0","0","0","0","0","Fashion-Gloves","item1_20_1397306503.jpg","n/a","n/a","0","0");
INSERT INTO tbl_items VALUES("986","549","0","y","0","n","n","","0","0","0","0","0","0","0","0","Fashion-Gloves","item1_21_1397306539.jpg","n/a","n/a","0","0");
INSERT INTO tbl_items VALUES("988","549","0","y","0","n","n","","0","0","0","0","0","0","0","0","Fashion-Gloves","item1_22_1397306558.jpg","n/a","n/a","0","0");
INSERT INTO tbl_items VALUES("990","555","1","y","0","n","n","SNJ-606","0","0","0","0","0","0","0","0","Golf-Gloves","item1_1_1397307158.jpg","n/a","n/a","0","0");
INSERT INTO tbl_items VALUES("994","555","0","y","0","y","n","SNJ-601","0","0","0","0","0","5141","0","0","Golf-Gloves","item1_2_1397306700.jpg","n/a","n/a","0","0");
INSERT INTO tbl_items VALUES("996","555","0","y","0","n","n","SNJ-602","0","0","0","0","0","0","0","0","Golf-Gloves","item1_3_1397306716.jpg","n/a","n/a","0","0");
INSERT INTO tbl_items VALUES("998","555","0","y","0","n","n","SNJ-603","0","0","0","0","0","0","0","0","Golf-Gloves","item1_4_1397306735.jpg","n/a","n/a","0","0");
INSERT INTO tbl_items VALUES("1000","555","2","y","0","n","n","SNJ-607","0","0","0","0","0","0","0","0","Golf-Gloves","item1_5_1397307173.jpg","n/a","n/a","0","0");
INSERT INTO tbl_items VALUES("1002","555","3","y","0","n","n","SNJ-608","0","0","0","0","0","0","0","0","Golf-Gloves","item1_6_1397307187.jpg","n/a","n/a","0","0");
INSERT INTO tbl_items VALUES("1004","555","0","y","0","n","n","SNJ-604","0","0","0","0","0","0","0","0","Golf-Gloves","item1_7_1397306805.jpg","n/a","n/a","0","0");
INSERT INTO tbl_items VALUES("1006","555","0","y","0","n","n","SNJ-605","0","0","0","0","0","0","0","0","Golf-Gloves","item1_8_1397306837.jpg","n/a","n/a","0","0");
INSERT INTO tbl_items VALUES("1015","557","0","y","0","n","n","SNJ-708","0","0","0","0","0","0","0","0","Weight-Lifting-Gloves","item1_1_1397307446.jpg","n/a","n/a","0","0");
INSERT INTO tbl_items VALUES("1017","557","0","y","0","n","n","SNJ-709","0","0","0","0","0","0","0","0","Weight-Lifting-Gloves","item1_2_1397307456.jpg","n/a","n/a","0","0");
INSERT INTO tbl_items VALUES("1019","557","0","y","0","n","n","SNJ-710","0","0","0","0","0","0","0","0","Weight-Lifting-Gloves","item1_3_1397307466.jpg","n/a","n/a","0","0");
INSERT INTO tbl_items VALUES("1021","557","0","y","0","n","n","SNJ-711","0","0","0","0","0","0","0","0","Weight-Lifting-Gloves","item1_4_1397307481.jpg","n/a","n/a","0","0");
INSERT INTO tbl_items VALUES("1023","557","0","y","0","n","n","SNJ-712","0","0","0","0","0","0","0","0","Weight-Lifting-Gloves","item1_6_1397307493.jpg","n/a","n/a","0","0");
INSERT INTO tbl_items VALUES("1025","557","0","y","0","n","n","SNJ-701","0","0","0","0","0","0","0","0","Weight-Lifting-Gloves","item1_7_1397307501.jpg","n/a","n/a","0","0");
INSERT INTO tbl_items VALUES("1027","561","0","y","0","n","n","SNJ-801","0","0","0","0","0","27","0","0","Welding-Gloves","item1_01_1397453837.jpg","n/a","n/a","0","0");
INSERT INTO tbl_items VALUES("1029","561","0","y","0","n","n","SNJ-802","0","0","0","0","0","14","0","0","Welding-Gloves","item1_1_1397453848.jpg","n/a","n/a","0","0");
INSERT INTO tbl_items VALUES("1031","561","0","y","0","n","n","SNJ-803","0","0","0","0","0","15","0","0","Welding-Gloves","item1_2_1397453855.jpg","n/a","n/a","0","0");
INSERT INTO tbl_items VALUES("1033","561","0","y","0","n","n","SNJ-804","0","0","0","0","0","10","0","0","Welding-Gloves","item1_3_1397453860.jpg","n/a","n/a","0","0");
INSERT INTO tbl_items VALUES("1035","561","0","y","0","n","n","SNJ-805","0","0","0","0","0","21","0","0","Welding-Gloves","item1_4_1397453867.jpg","n/a","n/a","0","0");
INSERT INTO tbl_items VALUES("1037","561","0","y","0","n","n","SNJ-806","0","0","0","0","0","17","0","0","Welding-Gloves","item1_5_1397453873.jpg","n/a","n/a","0","0");
INSERT INTO tbl_items VALUES("1039","561","0","y","0","n","n","SNJ-807","0","0","0","0","0","14","0","0","Welding-Gloves","item1_6_1397453879.jpg","n/a","n/a","0","0");
INSERT INTO tbl_items VALUES("1041","561","0","y","0","n","n","SNJ-808","0","0","0","0","0","12","0","0","Welding-Gloves-","item1_7_1397453885.jpg","n/a","n/a","0","0");
INSERT INTO tbl_items VALUES("1043","561","0","y","0","n","n","SNJ-809","0","0","0","0","0","4264","0","0","Welding-Gloves","item1_8_1397453894.jpg","n/a","n/a","0","0");
INSERT INTO tbl_items VALUES("1045","561","0","y","0","n","n","SNJ-810","0","0","0","0","0","15","0","0","Welding-Gloves","item1_9_1397453900.jpg","n/a","n/a","0","0");
INSERT INTO tbl_items VALUES("1047","561","0","y","0","n","n","SNJ-811","0","0","0","0","0","19","0","0","Welding-Gloves","item1_10_1397453906.jpg","n/a","n/a","0","0");
INSERT INTO tbl_items VALUES("1049","561","0","y","0","n","n","SNJ-812","0","0","0","0","0","11","0","0","Welding-Gloves","item1_11_1397453915.jpg","n/a","n/a","0","0");
INSERT INTO tbl_items VALUES("1051","561","0","y","0","n","n","SNJ-813","0","0","0","0","0","22","0","0","Welding-Gloves","item1_12_1397453921.jpg","n/a","n/a","0","0");
INSERT INTO tbl_items VALUES("1053","561","0","y","0","n","n","SNJ-814","0","0","0","0","0","19","0","0","Welding-Gloves","item1_13_1397453939.jpg","n/a","n/a","0","0");
INSERT INTO tbl_items VALUES("1055","561","0","y","0","n","n","SNJ-815","0","0","0","0","0","17","0","0","Welding-Gloves","item1_14_1397453952.jpg","n/a","n/a","0","0");
INSERT INTO tbl_items VALUES("1057","535","0","y","0","n","n","SNJ-901","0","0","0","0","0","0","0","0","Ski-Gloves","item1_01_1397462124.jpg","n/a","n/a","0","0");
INSERT INTO tbl_items VALUES("1059","535","0","y","0","n","n","SNJ-902","0","0","0","0","0","0","0","0","Ski-Gloves-","item1_01_1397462242.png","n/a","n/a","0","0");
INSERT INTO tbl_items VALUES("1061","535","0","y","0","n","n","SNJ-903","0","0","0","0","0","0","0","0","Ski-Gloves","item1_02_1397462270.jpg","n/a","n/a","0","0");
INSERT INTO tbl_items VALUES("1063","535","0","y","0","n","n","SNJ-904","0","0","0","0","0","0","0","0","Ski-Gloves","item1_2_1397462294.jpg","n/a","n/a","0","0");
INSERT INTO tbl_items VALUES("1065","535","0","y","0","n","n","SNJ-905","0","0","0","0","0","0","0","0","Ski-Gloves","item1_03_1397462309.jpg","n/a","n/a","0","0");
INSERT INTO tbl_items VALUES("1067","535","0","y","0","n","n","SNJ-906","0","0","0","0","0","0","0","0","Ski-Gloves","item1_3_1397462449.jpg","n/a","n/a","0","0");
INSERT INTO tbl_items VALUES("1069","535","0","y","0","n","n","SNJ-907","0","0","0","0","0","0","0","0","Ski-Gloves","item1_04_1397462666.jpg","n/a","n/a","0","0");
INSERT INTO tbl_items VALUES("1071","535","0","y","0","n","n","SNJ-908","0","0","0","0","0","0","0","0","Ski-Gloves","item1_4_1397462674.jpg","n/a","n/a","0","0");
INSERT INTO tbl_items VALUES("1073","535","0","y","0","n","n","SNJ-909","0","0","0","0","0","0","0","0","Ski-Gloves","item1_05_1397462680.jpg","n/a","n/a","0","0");
INSERT INTO tbl_items VALUES("1075","535","0","y","0","n","n","SNJ-910","0","0","0","0","0","0","0","0","Ski-Gloves","item1_5_1397462688.png","n/a","n/a","0","0");
INSERT INTO tbl_items VALUES("1077","535","0","y","0","n","n","SNJ-911","0","0","0","0","0","0","0","0","Ski-Gloves","item1_06_1397462693.jpg","n/a","n/a","0","0");
INSERT INTO tbl_items VALUES("1079","535","0","y","0","n","n","SNJ-912","0","0","0","0","0","0","0","0","Ski-Gloves","item1_07_1397462756.jpg","n/a","n/a","0","0");
INSERT INTO tbl_items VALUES("1081","535","0","y","0","y","n","SNJ-913","0","0","0","0","0","5106","0","0","Ski-Gloves","item1_7_1397462777.jpg","n/a","n/a","0","0");
INSERT INTO tbl_items VALUES("1083","535","0","y","0","n","n","SNJ-914","0","0","0","0","0","0","0","0","Ski-Gloves","item1_08_1397462792.jpg","n/a","n/a","0","0");
INSERT INTO tbl_items VALUES("1085","535","0","y","0","n","n","SNJ-915","0","0","0","0","0","0","0","0","Ski-Gloves","item1_8_1397462832.jpg","n/a","n/a","0","0");
INSERT INTO tbl_items VALUES("1087","535","0","y","0","n","n","SNJ-916","0","0","0","0","0","0","0","0","Ski-Gloves","item1_09_1397462846.jpg","n/a","n/a","0","0");
INSERT INTO tbl_items VALUES("1089","535","0","y","0","n","n","SNJ-917","0","0","0","0","0","0","0","0","Ski-Gloves","item1_9_1397462911.jpg","n/a","n/a","0","0");
INSERT INTO tbl_items VALUES("1091","535","0","y","0","n","n","SNJ-918","0","0","0","0","0","0","0","0","Ski-Gloves","item1_011_1397462971.jpg","n/a","n/a","0","0");
INSERT INTO tbl_items VALUES("1093","535","0","y","0","n","n","SNJ-919","0","0","0","0","0","0","0","0","Ski-Gloves","item1_GL0400_1397462987.jpg","n/a","n/a","0","0");
INSERT INTO tbl_items VALUES("1095","557","0","y","0","n","n","SNJ-702","0","0","0","0","0","0","0","0","Weight-Lifting-Gloves","item1_8_1397463151.jpg","n/a","n/a","0","0");
INSERT INTO tbl_items VALUES("1097","557","0","y","0","n","n","SNJ-703","0","0","0","0","0","0","0","0","Weight-Lifting-Gloves","item1_9_1397463175.jpg","n/a","n/a","0","0");
INSERT INTO tbl_items VALUES("1099","557","0","y","0","n","n","SNJ-704","0","0","0","0","0","0","0","0","Weight-Lifting-Gloves","item1_10_1397463243.jpg","n/a","n/a","0","0");
INSERT INTO tbl_items VALUES("1101","557","0","y","0","y","n","SNJ-705","0","0","0","0","0","5170","0","0","Weight-Lifting-Gloves","item1_11_1397463289.jpg","n/a","n/a","0","0");
INSERT INTO tbl_items VALUES("1103","557","0","y","0","n","n","SNJ-706","0","0","0","0","0","0","0","0","Weight-Lifting-Gloves","item1_12_1397463325.jpg","n/a","n/a","0","0");
INSERT INTO tbl_items VALUES("1105","557","0","y","0","n","n","SNJ-707","0","0","0","0","0","0","0","0","Weight-Lifting-Gloves","item1_13_1397463360.jpg","n/a","n/a","0","0");
INSERT INTO tbl_items VALUES("1107","539","22","y","0","n","n","SNJ-1020","0","0","0","0","0","0","0","0","Police-Gloves","item1_01_1397463655.jpg","n/a","n/a","0","0");
INSERT INTO tbl_items VALUES("1109","539","21","y","0","n","n","SNJ-1019","0","0","0","0","0","0","0","0","Police-Gloves","item1_1_1397463670.jpg","n/a","n/a","0","0");
INSERT INTO tbl_items VALUES("1111","539","20","y","0","n","n","SNJ-1018","0","0","0","0","0","0","0","0","Police-Gloves","item1_02_1397463692.jpg","n/a","n/a","0","0");
INSERT INTO tbl_items VALUES("1113","539","19","y","0","n","n","SNJ-1017","0","0","0","0","0","0","0","0","Police-Gloves","item1_03_1397463716.jpg","n/a","n/a","0","0");
INSERT INTO tbl_items VALUES("1115","539","18","y","0","n","n","SNJ-1016","0","0","0","0","0","0","0","0","Police-Gloves","item1_3_1397463729.jpg","n/a","n/a","0","0");
INSERT INTO tbl_items VALUES("1117","539","17","y","0","n","n","SNJ-1015","0","0","0","0","0","0","0","0","Police-Gloves","item1_04_1397463795.jpg","n/a","n/a","0","0");
INSERT INTO tbl_items VALUES("1119","539","16","y","0","n","n","SNJ-1014","0","0","0","0","0","0","0","0","Police-Gloves","item1_4_1397463808.jpg","n/a","n/a","0","0");
INSERT INTO tbl_items VALUES("1121","539","15","y","0","n","n","SNJ-1013","0","0","0","0","0","0","0","0","Police-Gloves","item1_5_1397463819.jpg","n/a","n/a","0","0");
INSERT INTO tbl_items VALUES("1123","545","0","y","0","n","n","SNJ-1101","0","0","0","0","0","0","0","0","Industrial-Gloves","item1_1023_1397467339.png","n/a","n/a","0","0");
INSERT INTO tbl_items VALUES("1125","545","0","y","0","n","n","SNJ-1102","0","0","0","0","0","0","0","0","Industrial-Gloves","item1_1026_1397467358.png","n/a","n/a","0","0");
INSERT INTO tbl_items VALUES("1127","545","0","y","0","n","n","SNJ-1103","0","0","0","0","0","0","0","0","Industrial-Gloves","item1_1033_1397467366.png","n/a","n/a","0","0");
INSERT INTO tbl_items VALUES("1129","545","0","y","0","n","n","SNJ-1104","0","0","0","0","0","0","0","0","Industrial-Gloves","item1_1034_1397467380.png","n/a","n/a","0","0");
INSERT INTO tbl_items VALUES("1131","545","0","y","0","n","n","SNJ-1105","0","0","0","0","0","0","0","0","Industrial-Gloves","item1_1039_1397467389.png","n/a","n/a","0","0");
INSERT INTO tbl_items VALUES("1133","545","0","y","0","n","n","SNJ-1106","0","0","0","0","0","0","0","0","Industrial-Gloves","item1_1042_1397467402.png","n/a","n/a","0","0");
INSERT INTO tbl_items VALUES("1135","545","0","y","0","n","n","SNJ-1107","0","0","0","0","0","0","0","0","Industrial-Gloves","item1_1043_1397467420.png","n/a","n/a","0","0");
INSERT INTO tbl_items VALUES("1137","545","0","y","0","n","n","SNJ-1108","0","0","0","0","0","0","0","0","Industrial-Gloves","item1_1054_1397467455.png","n/a","n/a","0","0");
INSERT INTO tbl_items VALUES("1139","545","0","y","0","n","n","SNJ-1109","0","0","0","0","0","0","0","0","Industrial-Gloves","item1_1063_1397467496.png","n/a","n/a","0","0");
INSERT INTO tbl_items VALUES("1141","545","0","y","0","y","n","SNJ-1110","0","0","0","0","0","5145","0","0","Industrial-Gloves","item1_1064_1397467511.png","n/a","n/a","0","0");
INSERT INTO tbl_items VALUES("1143","545","0","y","0","n","n","SNJ-1111","0","0","0","0","0","0","0","0","Industrial-Gloves","item1_1065_1397467555.png","n/a","n/a","0","0");
INSERT INTO tbl_items VALUES("1145","545","0","y","0","n","n","SNJ-1112","0","0","0","0","0","0","0","0","Industrial-Gloves","item1_1066_1397467566.png","n/a","n/a","0","0");
INSERT INTO tbl_items VALUES("1147","545","0","y","0","n","n","SNJ-1113","0","0","0","0","0","0","0","0","Industrial-Gloves","item1_1067_1397467579.png","n/a","n/a","0","0");
INSERT INTO tbl_items VALUES("1149","551","1","y","0","n","n","SNJ-1201","0","0","0","0","0","0","0","0","Nomex-Gloves","item1_1_1397467874.jpeg","n/a","n/a","0","0");
INSERT INTO tbl_items VALUES("1151","551","2","y","0","n","n","SNJ-1202","0","0","0","0","0","0","0","0","Nomex-Gloves","item1_2_1397467931.jpeg","n/a","n/a","0","0");
INSERT INTO tbl_items VALUES("1153","551","3","y","0","n","n","SNJ-1203","0","0","0","0","0","0","0","0","Nomex-Gloves","item1_3_1397467952.jpeg","n/a","n/a","0","0");
INSERT INTO tbl_items VALUES("1157","551","4","y","0","n","n","SNJ-1204","0","0","0","0","0","0","0","0","Nomex-Gloves","item1_5_1397467994.jpeg","n/a","n/a","0","0");
INSERT INTO tbl_items VALUES("1159","539","14","y","0","n","n","SNJ-1012","0","0","0","0","0","0","0","0","Police-Gloves","item1_08_1397471933.jpg","n/a","n/a","0","0");
INSERT INTO tbl_items VALUES("1161","539","13","y","0","n","n","SNJ-1011","0","0","0","0","0","0","0","0","Police-Gloves","item1_09_1397472031.jpg","n/a","n/a","0","0");
INSERT INTO tbl_items VALUES("1163","539","12","y","0","n","n","SNJ-1010","0","0","0","0","0","0","0","0","-Police-Gloves","item1_11_1397472041.jpg","n/a","n/a","0","0");
INSERT INTO tbl_items VALUES("1165","539","11","y","0","n","n","SNJ-1009","0","0","0","0","0","0","0","0","Police-Gloves","item1_12_1397472049.jpg","n/a","n/a","0","0");
INSERT INTO tbl_items VALUES("1167","539","24","y","0","n","n","SNJ-1022","0","0","0","0","0","0","0","0","Police-Gloves","item1_13_1397472062.jpg","n/a","n/a","0","0");
INSERT INTO tbl_items VALUES("1169","539","9","y","0","y","n","SNJ-1008","0","0","0","0","0","5187","0","0","Police-Gloves","item1_14_1397472073.jpg","n/a","n/a","0","0");
INSERT INTO tbl_items VALUES("1171","539","23","y","0","n","n","SNJ-1021","0","0","0","0","0","0","0","0","Police-Gloves","item1_15_1397472084.jpg","n/a","n/a","0","0");
INSERT INTO tbl_items VALUES("1173","539","7","y","0","n","n","SNJ-1007","0","0","0","0","0","0","0","0","Police-Gloves","item1_17_1397472096.jpg","n/a","n/a","0","0");
INSERT INTO tbl_items VALUES("1175","539","6","y","0","n","n","SNJ-1006","0","0","0","0","0","0","0","0","Police-Gloves","item1_18_1397472108.jpg","n/a","n/a","0","0");
INSERT INTO tbl_items VALUES("1177","539","5","y","0","n","n","SNJ-1005","0","0","0","0","0","0","0","0","Police-Gloves","item1_19_1397472129.jpg","n/a","n/a","0","0");
INSERT INTO tbl_items VALUES("1179","539","4","y","0","n","n","SNJ-1004","0","0","0","0","0","0","0","0","Police-Gloves","item1_20_1397472191.jpg","n/a","n/a","0","0");
INSERT INTO tbl_items VALUES("1181","539","3","y","0","n","n","SNJ-1003","0","0","0","0","0","0","0","0","Police-Gloves","item1_21_1397472206.jpg","n/a","n/a","0","0");
INSERT INTO tbl_items VALUES("1183","539","2","y","0","n","n","SNJ-1002","0","0","0","0","0","0","0","0","Police-Gloves","item1_22_1397472217.jpg","n/a","n/a","0","0");
INSERT INTO tbl_items VALUES("1185","539","1","y","0","n","n","SNJ-1001","0","0","0","0","0","0","0","0","Police-Gloves","item1_23_1397472228.jpg","n/a","n/a","0","0");
INSERT INTO tbl_items VALUES("1187","551","11","y","0","n","n","SNJ-1210","0","0","0","0","0","0","0","0","Nomex-Gloves","item1_03_1397472991.jpg","n/a","n/a","0","0");
INSERT INTO tbl_items VALUES("1189","551","12","y","0","n","n","SNJ-1211","0","0","0","0","0","0","0","0","Nomex-Gloves","item1_04_1397473003.jpg","n/a","n/a","0","0");
INSERT INTO tbl_items VALUES("1191","551","10","y","0","n","n","SNJ-1209","0","0","0","0","0","0","0","0","Nomex-Gloves","item1_4_1397473011.jpeg","n/a","n/a","0","0");
INSERT INTO tbl_items VALUES("1193","551","13","y","0","n","n","SNJ-1212","0","0","0","0","0","0","0","0","Nomex-Gloves","item1_05_1397473020.jpg","n/a","n/a","0","0");
INSERT INTO tbl_items VALUES("1195","551","5","y","0","n","n","SNJ-1205","0","0","0","0","0","0","0","0","Nomex-Gloves","item1_06_1397473031.jpg","n/a","n/a","0","0");
INSERT INTO tbl_items VALUES("1197","551","6","y","0","n","n","SNJ-1206","0","0","0","0","0","0","0","0","Nomex-Gloves","item1_07_1397473037.jpg","n/a","n/a","0","0");
INSERT INTO tbl_items VALUES("1199","551","7","y","0","y","n","SNJ-1207","0","0","0","0","0","5136","0","0","Nomex-Gloves","item1_08_1397473043.jpg","n/a","n/a","0","0");
INSERT INTO tbl_items VALUES("1201","551","8","y","0","n","n","SNJ-1208","0","0","0","0","0","0","0","0","Nomex-Gloves","item1_09_1397473049.jpg","n/a","n/a","0","0");
INSERT INTO tbl_items VALUES("1205","563","0","y","0","n","n","SNJ-1301","0","0","0","0","0","0","0","0","Gardening-Gloves","item1_1861f3d5-bb05-4b8c-b92e-8df3a7f299ff-1_1397473746.jpg","n/a","n/a","0","0");
INSERT INTO tbl_items VALUES("1207","563","0","y","0","n","n","SNJ-1302","0","0","0","0","0","0","0","0","Gardening-Gloves","item1_garden-gloves-part2-aa60g6glvtngrd_1397473753.jpg","n/a","n/a","0","0");
INSERT INTO tbl_items VALUES("1209","563","0","y","0","n","n","SNJ-1303","0","0","0","0","0","0","0","0","Gardening-Gloves","item1_gardening-gloves-and-healthy-risks_1397473765.jpg","n/a","n/a","0","0");
INSERT INTO tbl_items VALUES("1211","563","0","y","0","n","n","SNJ-1304","0","0","0","0","0","0","0","0","Gardening-Gloves","item1_image-17458_1397473790.jpg","n/a","n/a","0","0");
INSERT INTO tbl_items VALUES("1213","563","0","y","0","y","n","SNJ-1305","0","0","0","0","0","5097","0","0","Gardening-Gloves","item1_pair-gardening-gloves-cutout-21802454_1397473818.jpg","n/a","n/a","0","0");
INSERT INTO tbl_items VALUES("1215","563","0","y","0","n","n","SNJ-1306","0","0","0","0","0","0","0","0","Gardening-Gloves","item1_violette-gardening-gloves3_1397473818.jpg","n/a","n/a","0","0");
INSERT INTO tbl_items VALUES("1217","563","0","y","0","n","n","SNJ-1307","0","0","0","0","0","0","0","0","Gardening-Gloves","item1_Womens-Premium-White-Gardening-Gloves_1397473818.jpg","n/a","n/a","0","0");
INSERT INTO tbl_items VALUES("1219","563","0","y","0","n","n","SNJ-1308","0","0","0","0","0","0","0","0","Gardening-Gloves","item1_ST07961i_1397473820.jpg","n/a","n/a","0","0");
INSERT INTO tbl_items VALUES("1221","563","0","y","0","n","n","SNJ-1309","0","0","0","0","0","0","0","0","Gardening-Gloves","item1_KidsGlove-Lime-5x5_1397473820.jpg","n/a","n/a","0","0");
INSERT INTO tbl_items VALUES("1223","541","0","y","0","n","n","SNJ-1501","0","0","0","0","0","0","0","0","Mechanix-Gloves","item1_01_1397479133.jpg","n/a","n/a","0","0");
INSERT INTO tbl_items VALUES("1227","541","0","y","0","n","n","SNJ-1502","0","0","0","0","0","0","0","0","Mechanix-Gloves","item1_03_1397479317.jpg","n/a","n/a","0","0");
INSERT INTO tbl_items VALUES("1229","541","0","y","0","n","n","SNJ-1503","0","0","0","0","0","0","0","0","Mechanix-Gloves","item1_02_1397479317.jpg","n/a","n/a","0","0");
INSERT INTO tbl_items VALUES("1231","541","0","y","0","n","n","SNJ-1504","0","0","0","0","0","0","0","0","Mechanix-Gloves","item1_2_1397479318.jpg","n/a","n/a","0","0");
INSERT INTO tbl_items VALUES("1233","541","0","y","0","n","n","SNJ-1505","0","0","0","0","0","0","0","0","Mechanix-Gloves","item1_3_1397479327.jpg","n/a","n/a","0","0");
INSERT INTO tbl_items VALUES("1235","541","0","y","0","y","n","SNJ-1506","0","0","0","0","0","5104","0","0","Mechanix-Gloves","item1_04_1397479337.jpg","n/a","n/a","0","0");
INSERT INTO tbl_items VALUES("1237","541","0","y","0","n","n","SNJ-1507","0","0","0","0","0","0","0","0","Mechanix-Gloves","item1_6_1397479340.jpg","n/a","n/a","0","0");
INSERT INTO tbl_items VALUES("1239","541","0","y","0","n","n","SNJ-1508","0","0","0","0","0","0","0","0","Mechanix-Gloves","item1_4_1397479341.jpg","n/a","n/a","0","0");
INSERT INTO tbl_items VALUES("1241","541","0","y","0","n","n","SNJ-1509","0","0","0","0","0","0","0","0","Mechanix-Gloves","item1_05_1397479351.jpg","n/a","n/a","0","0");
INSERT INTO tbl_items VALUES("1243","541","0","y","0","n","n","SNJ-1510","0","0","0","0","0","0","0","0","Mechanix-Gloves","item1_5_1397479686.jpg","n/a","n/a","0","0");
INSERT INTO tbl_items VALUES("1245","541","0","y","0","n","n","SNJ-1511","0","0","0","0","0","0","0","0","Mechanix-Gloves","item1_7_1397479719.jpg","n/a","n/a","0","0");
INSERT INTO tbl_items VALUES("1247","541","0","y","0","n","n","SNJ-1512","0","0","0","0","0","0","0","0","Mechanix-Gloves","item1_08_1397479722.jpg","n/a","n/a","0","0");
INSERT INTO tbl_items VALUES("1249","541","0","y","0","n","n","SNJ-1513","0","0","0","0","0","0","0","0","Mechanix-Gloves","item1_07_1397479723.jpg","n/a","n/a","0","0");
INSERT INTO tbl_items VALUES("1251","541","0","y","0","n","n","SNJ-1514","0","0","0","0","0","0","0","0","Mechanix-Gloves","item1_5_1397479724.jpg","n/a","n/a","0","0");
INSERT INTO tbl_items VALUES("1253","541","0","y","0","n","n","SNJ-1515","0","0","0","0","0","0","0","0","Mechanix-Gloves","item1_8_1397479731.jpg","n/a","n/a","0","0");
INSERT INTO tbl_items VALUES("1255","541","0","y","0","n","n","SNJ-1516","0","0","0","0","0","0","0","0","Mechanix-Gloves","item1_09_1397479738.jpg","n/a","n/a","0","0");
INSERT INTO tbl_items VALUES("1257","553","0","y","0","n","n","SNJ-1606","0","0","0","0","0","0","0","0","-Kavelor-Gloves","item1_1_1397480912.jpg","n/a","n/a","0","0");
INSERT INTO tbl_items VALUES("1259","553","0","y","0","n","n","SNJ-1607","0","0","0","0","0","0","0","0","-Kavelor-Gloves","item1_2_1397480920.jpg","n/a","n/a","0","0");
INSERT INTO tbl_items VALUES("1261","553","0","y","0","y","n","SNJ-1608","0","0","0","0","0","5140","0","0","-Kavelor-Gloves","item1_3_1397480948.jpg","n/a","n/a","0","0");
INSERT INTO tbl_items VALUES("1263","553","0","y","0","n","n","SNJ-1609","0","0","0","0","0","0","0","0","-Kavelor-Gloves","item1_4_1397480987.jpg","n/a","n/a","0","0");
INSERT INTO tbl_items VALUES("1265","553","0","y","0","n","n","SNJ-1610","0","0","0","0","0","0","0","0","-Kavelor-Gloves","item1_6_1397480999.jpg","n/a","n/a","0","0");
INSERT INTO tbl_items VALUES("1267","553","0","y","0","n","n","SNJ-1611","0","0","0","0","0","0","0","0","-Kavelor-Gloves","item1_7_1397481021.jpg","n/a","n/a","0","0");
INSERT INTO tbl_items VALUES("1269","553","0","y","0","n","n","SNJ-1612\\","0","0","0","0","0","0","0","0","-Kavelor-Gloves","item1_8_1397481052.jpg","n/a","n/a","0","0");
INSERT INTO tbl_items VALUES("1271","553","0","y","0","n","n","SNJ-1613","0","0","0","0","0","0","0","0","-Kavelor-Gloves","item1_9_1397481076.jpg","n/a","n/a","0","0");
INSERT INTO tbl_items VALUES("1273","553","0","y","0","n","n","SNJ-1614","0","0","0","0","0","0","0","0","-Kavelor-Gloves","item1_11_1397481098.jpg","n/a","n/a","0","0");
INSERT INTO tbl_items VALUES("1275","553","0","y","0","n","n","SNJ-1615","0","0","0","0","0","0","0","0","-Kavelor-Gloves","item1_11_1397481220.jpg","n/a","n/a","0","0");
INSERT INTO tbl_items VALUES("1277","553","0","y","0","n","n","SNJ-1616","0","0","0","0","0","0","0","0","-Kavelor-Gloves","item1_12_1397481250.jpg","n/a","n/a","0","0");
INSERT INTO tbl_items VALUES("1279","553","0","y","0","n","n","SNJ-1617","0","0","0","0","0","0","0","0","-Kavelor-Gloves","item1_13_1397481273.jpg","n/a","n/a","0","0");
INSERT INTO tbl_items VALUES("1281","553","0","y","0","n","n","SNJ-1601","0","0","0","0","0","0","0","0","-Kavelor-Gloves","item1_14_1397481285.gif","n/a","n/a","0","0");
INSERT INTO tbl_items VALUES("1285","553","0","y","0","n","n","SNJ-1602","0","0","0","0","0","0","0","0","-Kavelor-Gloves","item1_16_1397481301.jpg","n/a","n/a","0","0");
INSERT INTO tbl_items VALUES("1287","553","0","y","0","n","n","SNJ-1603","0","0","0","0","0","0","0","0","-Kavelor-Gloves","item1_17_1397481313.jpg","n/a","n/a","0","0");
INSERT INTO tbl_items VALUES("1289","553","0","y","0","n","n","SNJ-1604","0","0","0","0","0","0","0","0","-Kavelor-Gloves","item1_18_1397481325.jpg","n/a","n/a","0","0");
INSERT INTO tbl_items VALUES("1291","553","0","y","0","n","n","SNJ-1605","0","0","0","0","0","0","0","0","-Kavelor-Gloves","item1_19_1397481333.jpg","n/a","n/a","0","0");
INSERT INTO tbl_items VALUES("1293","547","0","y","0","n","n","SNJ-1401","0","0","0","0","0","0","0","0","Soccer-Gloves","item1_1_1397481806.jpg","n/a","n/a","0","0");
INSERT INTO tbl_items VALUES("1295","547","0","y","0","n","n","SNJ-1402","0","0","0","0","0","0","0","0","Soccer-Gloves","item1_15_1397481817.jpg","n/a","n/a","0","0");
INSERT INTO tbl_items VALUES("1297","547","0","y","0","n","n","SNJ-1403","0","0","0","0","0","0","0","0","Soccer-Gloves","item1_5_1397481828.JPG","n/a","n/a","0","0");
INSERT INTO tbl_items VALUES("1299","547","0","y","0","y","n","SNJ-1404","0","0","0","0","0","5162","0","0","Soccer-Gloves","item1_6_1397481832.JPG","n/a","n/a","0","0");
INSERT INTO tbl_items VALUES("1301","547","0","y","0","n","n","SNJ-1405","0","0","0","0","0","0","0","0","Soccer-Gloves","item1_8_1397481836.JPG","n/a","n/a","0","0");
INSERT INTO tbl_items VALUES("1303","547","0","y","0","n","n","SNJ-1406","0","0","0","0","0","0","0","0","Soccer-Gloves","item1_14_1397481846.jpg","n/a","n/a","0","0");
INSERT INTO tbl_items VALUES("1305","547","0","y","0","n","n","SNJ-1407","0","0","0","0","0","0","0","0","Soccer-Gloves","item1_9_1397481847.JPG","n/a","n/a","0","0");
INSERT INTO tbl_items VALUES("1307","547","0","y","0","n","n","SNJ-1408","0","0","0","0","0","0","0","0","Soccer-Gloves","item1_4_1397481851.JPG","n/a","n/a","0","0");
INSERT INTO tbl_items VALUES("1309","547","0","y","0","n","n","SNJ-1409","0","0","0","0","0","0","0","0","Soccer-Gloves","item1_2_1397481853.JPG","n/a","n/a","0","0");
INSERT INTO tbl_items VALUES("1311","547","0","y","0","n","n","SNJ-1410","0","0","0","0","0","0","0","0","Soccer-Gloves","item1_12_1397481853.jpg","n/a","n/a","0","0");
INSERT INTO tbl_items VALUES("1313","559","0","y","0","n","n","SNJ-1701","0","0","0","0","0","0","0","0","Veterinary-Gloves","item1_2_1397542558.jpg","n/a","n/a","0","0");
INSERT INTO tbl_items VALUES("1315","559","0","y","0","n","n","SNJ-1702","0","0","0","0","0","0","0","0","Veterinary-Gloves","item1_3_1397542558.jpg","n/a","n/a","0","0");
INSERT INTO tbl_items VALUES("1317","559","0","y","0","n","n","SNJ-1703","0","0","0","0","0","0","0","0","Veterinary-Gloves","item1_4_1397542560.jpg","n/a","n/a","0","0");
INSERT INTO tbl_items VALUES("1319","559","0","y","0","n","n","SNJ-1704","0","0","0","0","0","0","0","0","Veterinary-Gloves","item1_1_1397542563.jpg","n/a","n/a","0","0");
INSERT INTO tbl_items VALUES("1321","559","0","y","0","n","n","SNJ-1705","0","0","0","0","0","0","0","0","Veterinary-Gloves","item1_105-gloves-brown_1397542565.jpg","n/a","n/a","0","0");
INSERT INTO tbl_items VALUES("1323","559","0","y","0","n","n","SNJ-1706","0","0","0","0","0","0","0","0","Veterinary-Gloves","item1_106-mittnes_1397542570.jpg","n/a","n/a","0","0");
INSERT INTO tbl_items VALUES("1325","559","0","y","0","n","n","SNJ-1707","0","0","0","0","0","0","0","0","Veterinary-Gloves","item1_111-Sensiflex_1397542571.jpg","n/a","n/a","0","0");
INSERT INTO tbl_items VALUES("1327","559","0","y","0","n","n","SNJ-1708","0","0","0","0","0","0","0","0","Veterinary-Gloves","item1_ASG_1397542572.jpg","n/a","n/a","0","0");
INSERT INTO tbl_items VALUES("1329","559","0","y","0","n","n","SNJ-1709","0","0","0","0","0","0","0","0","Veterinary-Gloves","item1_examination-gloves-250x250_1397542575.jpg","n/a","n/a","0","0");
INSERT INTO tbl_items VALUES("1331","559","0","y","0","n","n","SNJ-1710","0","0","0","0","0","0","0","0","Veterinary-Gloves","item1_112-Sleeves_1397542577.jpg","n/a","n/a","0","0");
INSERT INTO tbl_items VALUES("1333","559","0","y","0","y","n","SNJ-1711","0","0","0","0","0","5196","0","0","Veterinary-Gloves","item1_AX-shield_1397542833.jpg","n/a","n/a","0","0");
INSERT INTO tbl_items VALUES("1335","559","0","y","0","n","n","SNJ-1712","0","0","0","0","0","0","0","0","Veterinary-Gloves","item1_IBG_1397542835.jpg","n/a","n/a","0","0");
INSERT INTO tbl_items VALUES("1337","559","0","y","0","n","n","SNJ-1713","0","0","0","0","0","0","0","0","Veterinary-Gloves","item1_LeadMittens_1397542840.gif","n/a","n/a","0","0");
INSERT INTO tbl_items VALUES("1339","559","0","y","0","n","n","SNJ-1714","0","0","0","0","0","0","0","0","Veterinary-Gloves","item1_rubber-gloves-250x250_1397542844.jpg","n/a","n/a","0","0");
INSERT INTO tbl_items VALUES("1341","559","0","y","0","n","n","SNJ-1715","0","0","0","0","0","0","0","0","Veterinary-Gloves","item1_surgical-gloves-250x250_1397542844.jpg","n/a","n/a","0","0");
INSERT INTO tbl_items VALUES("1343","559","0","y","0","n","n","SNJ-1716","0","0","0","0","0","0","0","0","Veterinary-Gloves","item1_vvb78kqy1veterinarygloves-500x500_1397542845.jpg","n/a","n/a","0","0");
INSERT INTO tbl_items VALUES("1543","579","0","y","0","n","n","","0","0","0","0","0","0","0","0","Base-Ball-gloves","item1_1_1400043248.jpg","n/a","n/a","0","0");
INSERT INTO tbl_items VALUES("1545","579","0","y","0","n","n","","0","0","0","0","0","0","0","0","Base-Ball-gloves","item1_item-ak12-ahc94l_1400043251.jpg","n/a","n/a","0","0");
INSERT INTO tbl_items VALUES("1547","579","0","y","0","n","n","","0","0","0","0","0","0","0","0","Base-Ball-gloves","item1_outfielder-glove-axx21_1400043253.jpg","n/a","n/a","0","0");
INSERT INTO tbl_items VALUES("1549","579","0","y","0","n","n","","0","0","0","0","0","0","0","0","Base-Ball-gloves","item1_item-mz09-gpp1051l_1400043254.jpg","n/a","n/a","0","0");
INSERT INTO tbl_items VALUES("1551","579","0","y","0","n","n","","0","0","0","0","0","0","0","0","Base-Ball-gloves","item1_item-mz10-gpp901l_1400043258.jpg","n/a","n/a","0","0");
INSERT INTO tbl_items VALUES("1553","579","0","y","0","n","n","","0","0","0","0","0","0","0","0","Base-Ball-gloves","item1_PRM1200-xl_1400043258.jpg","n/a","n/a","0","0");
INSERT INTO tbl_items VALUES("1555","579","0","y","0","n","n","","0","0","0","0","0","0","0","0","Base-Ball-gloves","item1_Mizuno-Global-Elite-VOP-GGE61V-Infield-Glove-f-pri-3_1400043260.jpg","n/a","n/a","0","0");
INSERT INTO tbl_items VALUES("1557","579","0","y","0","n","n","","0","0","0","0","0","0","0","0","Base-Ball-gloves","item1_PRM1200-2_1400043266.jpg","n/a","n/a","0","0");
INSERT INTO tbl_items VALUES("1559","581","0","y","0","n","n","","0","0","0","0","0","0","0","0","Cricket-Gloves","item1_1_1400043469.jpg","n/a","n/a","0","0");
INSERT INTO tbl_items VALUES("1561","581","0","y","0","n","n","","0","0","0","0","0","0","0","0","Cricket-Gloves","item1_2_1400043474.jpg","n/a","n/a","0","0");
INSERT INTO tbl_items VALUES("1563","581","0","y","0","n","n","","0","0","0","0","0","0","0","0","Cricket-Gloves","item1_3_1400043475.jpg","n/a","n/a","0","0");
INSERT INTO tbl_items VALUES("1565","581","0","y","0","n","n","","0","0","0","0","0","0","0","0","Cricket-Gloves","item1_7_1400043475.jpg","n/a","n/a","0","0");
INSERT INTO tbl_items VALUES("1567","581","0","y","0","n","n","","0","0","0","0","0","0","0","0","Cricket-Gloves","item1_5_1400043481.jpg","n/a","n/a","0","0");
INSERT INTO tbl_items VALUES("1569","581","0","y","0","n","n","","0","0","0","0","0","0","0","0","Cricket-Gloves","item1_10_1400043487.jpg","n/a","n/a","0","0");
INSERT INTO tbl_items VALUES("1571","581","0","y","0","n","n","","0","0","0","0","0","0","0","0","Cricket-Gloves","item1_6_1400043488.jpg","n/a","n/a","0","0");
INSERT INTO tbl_items VALUES("1573","581","0","y","0","n","n","","0","0","0","0","0","0","0","0","Cricket-Gloves","item1_8_1400043490.jpg","n/a","n/a","0","0");
INSERT INTO tbl_items VALUES("1575","581","0","y","0","n","n","","0","0","0","0","0","0","0","0","Cricket-Gloves","item1_4_1400043495.jpg","n/a","n/a","0","0");
INSERT INTO tbl_items VALUES("1577","581","0","y","0","n","n","","0","0","0","0","0","0","0","0","Cricket-Gloves","item1_9_1400043496.jpg","n/a","n/a","0","0");
INSERT INTO tbl_items VALUES("1579","583","0","y","0","n","n","","0","0","0","0","0","0","0","0","Footbal-Gloves","item1_1_1400043686.jpg","n/a","n/a","0","0");
INSERT INTO tbl_items VALUES("1581","583","0","y","0","n","n","","0","0","0","0","0","0","0","0","Footbal-Gloves","item1_2_1400043689.jpg","n/a","n/a","0","0");
INSERT INTO tbl_items VALUES("1583","583","0","y","0","n","n","","0","0","0","0","0","0","0","0","Footbal-Gloves","item1_7_1400043691.jpg","n/a","n/a","0","0");
INSERT INTO tbl_items VALUES("1585","583","0","y","0","n","n","","0","0","0","0","0","0","0","0","Footbal-Gloves","item1_3_1400043692.jpg","n/a","n/a","0","0");
INSERT INTO tbl_items VALUES("1587","583","0","y","0","n","n","","0","0","0","0","0","0","0","0","Footbal-Gloves","item1_4_1400043694.jpg","n/a","n/a","0","0");
INSERT INTO tbl_items VALUES("1589","583","0","y","0","n","n","","0","0","0","0","0","0","0","0","Footbal-Gloves","item1_8_1400043695.jpg","n/a","n/a","0","0");
INSERT INTO tbl_items VALUES("1591","583","0","y","0","n","n","","0","0","0","0","0","0","0","0","Footbal-Gloves","item1_5_1400043697.jpg","n/a","n/a","0","0");
INSERT INTO tbl_items VALUES("1593","583","0","y","0","n","n","","0","0","0","0","0","0","0","0","Footbal-Gloves","item1_9_1400043699.jpg","n/a","n/a","0","0");
INSERT INTO tbl_items VALUES("1595","583","0","y","0","n","n","","0","0","0","0","0","0","0","0","Footbal-Gloves","item1_6_1400043699.jpg","n/a","n/a","0","0");
INSERT INTO tbl_items VALUES("1597","583","0","y","0","n","n","","0","0","0","0","0","0","0","0","Footbal-Gloves","item1_10_1400043700.jpg","n/a","n/a","0","0");
INSERT INTO tbl_items VALUES("1599","583","0","y","0","n","n","","0","0","0","0","0","0","0","0","Footbal-Gloves","item1_11_1400043820.jpg","n/a","n/a","0","0");
INSERT INTO tbl_items VALUES("1601","583","0","y","0","n","n","","0","0","0","0","0","0","0","0","Footbal-Gloves","item1_12_1400043821.jpg","n/a","n/a","0","0");
INSERT INTO tbl_items VALUES("1603","583","0","y","0","n","n","","0","0","0","0","0","0","0","0","Footbal-Gloves","item1_13_1400043822.jpg","n/a","n/a","0","0");
INSERT INTO tbl_items VALUES("1605","583","0","y","0","n","n","","0","0","0","0","0","0","0","0","Footbal-Gloves","item1_16_1400043823.jpg","n/a","n/a","0","0");
INSERT INTO tbl_items VALUES("1607","583","0","y","0","n","n","","0","0","0","0","0","0","0","0","Footbal-Gloves","item1_14_1400043825.jpg","n/a","n/a","0","0");
INSERT INTO tbl_items VALUES("1609","583","0","y","0","n","n","","0","0","0","0","0","0","0","0","Footbal-Gloves","item1_19_1400043826.jpg","n/a","n/a","0","0");
INSERT INTO tbl_items VALUES("1611","583","0","y","0","n","n","","0","0","0","0","0","0","0","0","Footbal-Gloves","item1_18_1400043828.jpg","n/a","n/a","0","0");
INSERT INTO tbl_items VALUES("1613","583","0","y","0","n","n","","0","0","0","0","0","0","0","0","Footbal-Gloves","item1_15_1400043832.jpg","n/a","n/a","0","0");
INSERT INTO tbl_items VALUES("1615","583","0","y","0","n","n","","0","0","0","0","0","0","0","0","Footbal-Gloves","item1_17_1400043834.jpg","n/a","n/a","0","0");
INSERT INTO tbl_items VALUES("1617","583","0","y","0","n","n","","0","0","0","0","0","0","0","0","Footbal-Gloves","item1_20_1400043837.jpg","n/a","n/a","0","0");
INSERT INTO tbl_items VALUES("1619","583","0","y","0","n","n","","0","0","0","0","0","0","0","0","Footbal-Gloves","item1_21_1400043936.jpg","n/a","n/a","0","0");
INSERT INTO tbl_items VALUES("1621","583","0","y","0","n","n","","0","0","0","0","0","0","0","0","Footbal-Gloves","item1_27_1400043942.jpg","n/a","n/a","0","0");
INSERT INTO tbl_items VALUES("1623","583","0","y","0","n","n","","0","0","0","0","0","0","0","0","Footbal-Gloves","item1_26_1400043959.jpg","n/a","n/a","0","0");
INSERT INTO tbl_items VALUES("1625","583","0","y","0","n","n","","0","0","0","0","0","0","0","0","Footbal-Gloves","item1_22_1400043963.jpg","n/a","n/a","0","0");
INSERT INTO tbl_items VALUES("1627","583","0","y","0","n","n","","0","0","0","0","0","0","0","0","Footbal-Gloves","item1_29_1400043967.jpg","n/a","n/a","0","0");
INSERT INTO tbl_items VALUES("1629","583","0","y","0","n","n","","0","0","0","0","0","0","0","0","Footbal-Gloves","item1_23_1400043984.jpg","n/a","n/a","0","0");
INSERT INTO tbl_items VALUES("1631","583","0","y","0","n","n","","0","0","0","0","0","0","0","0","Footbal-Gloves","item1_24_1400043988.jpg","n/a","n/a","0","0");
INSERT INTO tbl_items VALUES("1633","583","0","y","0","n","n","","0","0","0","0","0","0","0","0","Footbal-Gloves","item1_25_1400043997.jpg","n/a","n/a","0","0");
INSERT INTO tbl_items VALUES("1635","583","0","y","0","n","n","","0","0","0","0","0","0","0","0","Footbal-Gloves","item1_28_1400044009.jpg","n/a","n/a","0","0");





CREATE TABLE `tbl_itemsdetails` (
  `rn` int(11) NOT NULL,
  `pn` int(11) NOT NULL DEFAULT '0',
  `ln` int(11) NOT NULL DEFAULT '0',
  `name` varchar(252) DEFAULT NULL,
  `description` text,
  `optional` text NOT NULL,
  `mtitle` varchar(252) NOT NULL,
  `mdescription` text NOT NULL,
  `mkeywords` text NOT NULL,
  PRIMARY KEY (`rn`)
) ENGINE=InnoDB DEFAULT CHARSET=utf8;

INSERT INTO tbl_itemsdetails VALUES("811","809","1","Mechanic Gloves","","","","","");
INSERT INTO tbl_itemsdetails VALUES("814","812","1","Mechanic Gloves","","","","","");
INSERT INTO tbl_itemsdetails VALUES("817","815","1","Mechanic Gloves","","","","","");
INSERT INTO tbl_itemsdetails VALUES("820","818","1","Mechanic Gloves","","","","","");
INSERT INTO tbl_itemsdetails VALUES("821","801","1","Motorbike Gloves","","","","","");
INSERT INTO tbl_itemsdetails VALUES("822","803","1","Motorbike Gloves","","","","","");
INSERT INTO tbl_itemsdetails VALUES("823","821","1","Mechanic Gloves","","","","","");
INSERT INTO tbl_itemsdetails VALUES("824","807","1","Motorbike Gloves","","","","","");
INSERT INTO tbl_itemsdetails VALUES("825","813","1","Motorbike Gloves","","","","","");
INSERT INTO tbl_itemsdetails VALUES("826","824","1","Mechanic Gloves","","","","","");
INSERT INTO tbl_itemsdetails VALUES("827","817","1","Motorbike Gloves","","","","","");
INSERT INTO tbl_itemsdetails VALUES("828","805","1","Motorbike Gloves","","","","","");
INSERT INTO tbl_itemsdetails VALUES("829","827","1","Mechanic Gloves","","","","","");
INSERT INTO tbl_itemsdetails VALUES("830","819","1","Motorbike Gloves","","","","","");
INSERT INTO tbl_itemsdetails VALUES("831","811","1","Motorbike Gloves","","","","","");
INSERT INTO tbl_itemsdetails VALUES("832","830","1","Mechanic Gloves","","","","","");
INSERT INTO tbl_itemsdetails VALUES("835","833","1","Mechanic Gloves","","","","","");
INSERT INTO tbl_itemsdetails VALUES("838","836","1","Mechanic Gloves","","","","","");
INSERT INTO tbl_itemsdetails VALUES("841","839","1","Mechanic Gloves","","","","","");
INSERT INTO tbl_itemsdetails VALUES("844","842","1","Motocross Gloves","","","","","");
INSERT INTO tbl_itemsdetails VALUES("847","845","1","Riding Glove","","","","","");
INSERT INTO tbl_itemsdetails VALUES("850","848","1","Motocross Gloves","","","","","");
INSERT INTO tbl_itemsdetails VALUES("851","834","1","Motocross Gloves","","","","","");
INSERT INTO tbl_itemsdetails VALUES("852","838","1","Motocross Gloves","","","","","");
INSERT INTO tbl_itemsdetails VALUES("853","851","1","Riding Glove","","","","","");
INSERT INTO tbl_itemsdetails VALUES("854","844","1","Motocross Gloves","","","","","");
INSERT INTO tbl_itemsdetails VALUES("855","832","1","Motocross Gloves","","","","","");
INSERT INTO tbl_itemsdetails VALUES("856","854","1","Riding Glove","","","","","");
INSERT INTO tbl_itemsdetails VALUES("857","846","1","Motocross Gloves","","","","","");
INSERT INTO tbl_itemsdetails VALUES("858","840","1","Motocross Gloves","","","","","");
INSERT INTO tbl_itemsdetails VALUES("859","857","1","Riding Glove","","","","","");
INSERT INTO tbl_itemsdetails VALUES("862","860","1","Riding Glove","","","","","");
INSERT INTO tbl_itemsdetails VALUES("865","863","1","Working Gloves","EN 388, Mechanical Risks, 4132
\n• Nylon gloves for an ideal fit and dexterity
\n• Palm of hand with grey nitrile coating, oil-repellent and a fantastic grip
\n• Suitable for: the assembly of oily and dry parts, packaging, inspections
\netc., tasks that necessitate the repellence of oil, a secure grip and perfect fit, ideal for fine assembly and precision tasks
\n• Length: approx. 23,5 cm
\n","","","","");
INSERT INTO tbl_itemsdetails VALUES("868","866","1","Riding Glove","","","","","");
INSERT INTO tbl_itemsdetails VALUES("871","869","1","Working Gloves","• EN 388, Mechanical Risks, 3231
\n• EN 511, Cold, 010
\n• Highly flexible winter glove with very good thermal insulation
\n• Lining made of insulating new wool
\n• Very good grip and dexterity in the wet and dry
\n• Sturdy vinyl coating
\n• Breathable and still moisture repellent
\n• Highly suitable for refrigerated buildings or for use in agriculture and forestry, in the building and transportation trades, or for all other winter work outdoors
\n• Length: approx. 25 cm
\n","","","","");
INSERT INTO tbl_itemsdetails VALUES("874","872","1","Safety Gloves","","","","","");
INSERT INTO tbl_itemsdetails VALUES("877","875","1","Working Gloves","• High-quality finished full grain pigskin leather with original 3M Thinsulate™ lining 
\n• Thanks to special insulating properties, the glove lining prevents the hands feeling damp and keeps the hands warm even in the wet
\n• Fabric back in contrasting green with elastic band
\n• Length: approx. 27 cm
\n• Size: 10,5
\n","","","","");
INSERT INTO tbl_itemsdetails VALUES("880","878","1","Safety Gloves","","","","","");
INSERT INTO tbl_itemsdetails VALUES("883","881","1","Working Gloves","AQL 1,5
\n• With roughened hand surface
\n• Ideal for food processing, for frequent changing
\n• Suitable for short term contact with dry and moist non-greasy foods
\n• 100 items per dispenser box
\n• Length: approx. 25 cm
\n
\nSize: 25,0 x 7,5 cm
\n
\nAQL value - Acceptable Quality Level = procedure to determine the quality. The DIN EN 455 defines a sealing value of 1,5 for medical disposable gloves. 
\n
\nPowder-free - Especially suitable for allergy sufferers. 
\n","","","","");
INSERT INTO tbl_itemsdetails VALUES("886","884","1","Safety Gloves","","","","","");
INSERT INTO tbl_itemsdetails VALUES("889","887","1","Working Gloves","• EN 388, Mechanical Risks, 2032
\n• Ideal protection against the cold thanks to Thinsulate™ insulation
\n• Made of premium supple full calf leather
\n• Reinforced seams
\n• Soft thermal lining inside
\n• Ergonomic cut for wearing comfort
\n• Ideal winter work glove
\n• Length: approx. 24 cm
\n• size: 10
\n
\n","","","","");
INSERT INTO tbl_itemsdetails VALUES("892","890","1","Safety Gloves","","","","","");
INSERT INTO tbl_itemsdetails VALUES("895","893","1","Working Gloves","• EN 388, Mechanical Risks, 2032
\n• Ideal protection against the cold thanks to Thinsulate™ insulation
\n• Made of premium supple full calf leather
\n• Reinforced seams
\n• Soft thermal lining inside
\n• Ergonomic cut for wearing comfort
\n• Ideal winter work glove
\n• Length: approx. 24 cm
\n• size: 10
\n","","","","");
INSERT INTO tbl_itemsdetails VALUES("897","861","1","Working Gloves","• EN 388, Mechanical Risks, 4232
\n• Made of finest cattle leather
\n• Padded, breathable and elasticated Spandex® back for perfect fit
\n• Optimum air circulation thanks to breathable inserts between the fingers
\n• Flexible width adjustment thanks to durable double-stitched Velcro fastener
\n• Vibration protection thanks to padding on the palm of the hand
\n• Very soft, dexterous but still able to cope with mechanical loads
\n• Length: approx. 26.5 cm
\n","","","","");
INSERT INTO tbl_itemsdetails VALUES("898","896","1","Safety Gloves","","","","","");
INSERT INTO tbl_itemsdetails VALUES("899","867","1","Working Gloves","EN 388, Mechanical Risks, 4143
\n• Made of highest-quality cracked ox leather
\n• Hard-wearing and supple
\n• Excellent fit
\n• Reinforced fingertips, index finger and seams
\n• Palm of the hand lined with cotton
\n• Back of the hand in grey cotton canvas
\n• Cuffs with reflectors
\n• Strong and wear-resistant
\n• Length: approx. 27 cm
\n","","","","");
INSERT INTO tbl_itemsdetails VALUES("900","871","1","Working Gloves","EN 388, Mechanical Risks, 3131
\n• Universal professional trade glove with natural latex coating
\n• Made of durable high-quality polyamide fabric
\n• Shrink-roughened profile of palm of hand guarantees optimum slip resistance even in the wet
\n• Excellent grip in the dry and wet
\n• Velcro fastener on the cuff, for an optimum fit
\n• Effective knuckle protection 
\n• Universal mechanic&#039;s glove for trade and industrial applications
\n• Length: approx. 24 cm
\n","","","","");
INSERT INTO tbl_itemsdetails VALUES("901","899","1","Safety Gloves","","","","","");
INSERT INTO tbl_itemsdetails VALUES("902","877","1","Working Gloves","Reinforced fingertips, index finger and seams
\n• Palm of the hand lined with cotton
\n• Back of the hand in grey cotton canvas
\n• Cuffs with reflectors
\n• Length: approx. 27 cm
\n","","","","");
INSERT INTO tbl_itemsdetails VALUES("903","879","1","Working Gloves","EN 388, Mechanical Risks, 4544
\n• Latex coating for a good grip
\n• Back of the hand is free
\n• Very cut and puncture resistant
\n• Suitable for working with sharp objects
\n• With knitted cuffs
\n• Length: approx. 27 cm
\n
\nKEVLAR
\n• Very high cut resistance
\n• Flame retardant
\n• Very high tensile strength (5x greater than steel)
\n• Does not melt, very high temperature resistance
\n• Highly tear resistant
\n• Highly abrasion resistant
\n","","","","");
INSERT INTO tbl_itemsdetails VALUES("904","902","1","Safety Gloves","","","","","");
INSERT INTO tbl_itemsdetails VALUES("905","885","1","Working Gloves","• EN 388, Mechanical Risks, 2032
\n• Ideal protection against the cold thanks to Thinsulate™ insulation
\n• Made of premium supple full calf leather
\n• Reinforced seams
\n• Soft thermal lining inside
\n• Ergonomic cut for wearing comfort
\n• Ideal winter work glove
\n• Length: approx. 24 cm
\n• size: 10
\n","","","","");
INSERT INTO tbl_itemsdetails VALUES("906","889","1","Working Gloves","• EN 388, Mechanical Risks, 2032
\n• Ideal protection against the cold thanks to Thinsulate™ insulation
\n• Made of premium supple full calf leather
\n• Reinforced seams
\n• Soft thermal lining inside
\n• Ergonomic cut for wearing comfort
\n• Ideal winter work glove
\n• Length: approx. 24 cm
\n• size: 10
\n","","","","");
INSERT INTO tbl_itemsdetails VALUES("907","905","1","Safety Gloves","","","","","");
INSERT INTO tbl_itemsdetails VALUES("908","895","1","Working Gloves","• EN 388, Mechanical Risks, 2032
\n• Ideal protection against the cold thanks to Thinsulate™ insulation
\n• Made of premium supple full calf leather
\n• Reinforced seams
\n• Soft thermal lining inside
\n• Ergonomic cut for wearing comfort
\n• Ideal winter work glove
\n• Length: approx. 24 cm
\n• size: 10
\n","","","","");
INSERT INTO tbl_itemsdetails VALUES("910","908","1","Safety Gloves","","","","","");
INSERT INTO tbl_itemsdetails VALUES("911","909","1","Cycling Gloves","","","","","");
INSERT INTO tbl_itemsdetails VALUES("913","911","1","Safety Gloves","","","","","");
INSERT INTO tbl_itemsdetails VALUES("916","914","1","Cycling Gloves","All our products are available in variaty of materials and compositions which suits the demands of our customers. You can either ask us to manufacture the product as it is appearing on our website or you can give us your requirements from sizing to required material
\nPlease view detailed image for better understanding of the product
\n","","","","");
INSERT INTO tbl_itemsdetails VALUES("919","917","1","Safety Gloves","","","","","");
INSERT INTO tbl_itemsdetails VALUES("922","920","1","Cycling Gloves","All our products are available in variaty of materials and compositions which suits the demands of our customers. You can either ask us to manufacture the product as it is appearing on our website or you can give us your requirements from sizing to required material
\nPlease view detailed image for better understanding of the product
\n","","","","");
INSERT INTO tbl_itemsdetails VALUES("925","923","1","Safety Gloves","","","","","");
INSERT INTO tbl_itemsdetails VALUES("928","926","1","Cycling Gloves","All our products are available in variaty of materials and compositions which suits the demands of our customers. You can either ask us to manufacture the product as it is appearing on our website or you can give us your requirements from sizing to required material
\nPlease view detailed image for better understanding of the product
\n","","","","");
INSERT INTO tbl_itemsdetails VALUES("931","929","1","Safety Gloves","","","","","");
INSERT INTO tbl_itemsdetails VALUES("934","932","1","Cycling Gloves","All our products are available in variaty of materials and compositions which suits the demands of our customers. You can either ask us to manufacture the product as it is appearing on our website or you can give us your requirements from sizing to required material
\nPlease view detailed image for better understanding of the product
\n","","","","");
INSERT INTO tbl_itemsdetails VALUES("935","916","1","Cycling Gloves","All our products are available in variaty of materials and compositions which suits the demands of our customers. You can either ask us to manufacture the product as it is appearing on our website or you can give us your requirements from sizing to required material
\nPlease view detailed image for better understanding of the product
\n","","","","");
INSERT INTO tbl_itemsdetails VALUES("936","922","1","Cycling Gloves","All our products are available in variaty of materials and compositions which suits the demands of our customers. You can either ask us to manufacture the product as it is appearing on our website or you can give us your requirements from sizing to required material
\nPlease view detailed image for better understanding of the product
\n","","","","");
INSERT INTO tbl_itemsdetails VALUES("937","935","1","Safety Gloves","","","","","");
INSERT INTO tbl_itemsdetails VALUES("938","928","1","Cycling Gloves","All our products are available in variaty of materials and compositions which suits the demands of our customers. You can either ask us to manufacture the product as it is appearing on our website or you can give us your requirements from sizing to required material
\nPlease view detailed image for better understanding of the product
\n","","","","");
INSERT INTO tbl_itemsdetails VALUES("939","930","1","Cycling Gloves","All our products are available in variaty of materials and compositions which suits the demands of our customers. You can either ask us to manufacture the product as it is appearing on our website or you can give us your requirements from sizing to required material
\nPlease view detailed image for better understanding of the product
\n","","","","");
INSERT INTO tbl_itemsdetails VALUES("940","938","1","Safety Gloves","","","","","");
INSERT INTO tbl_itemsdetails VALUES("941","918","1","Cycling Gloves","All our products are available in variaty of materials and compositions which suits the demands of our customers. You can either ask us to manufacture the product as it is appearing on our website or you can give us your requirements from sizing to required material
\nPlease view detailed image for better understanding of the product
\n","","","","");
INSERT INTO tbl_itemsdetails VALUES("942","924","1","Cycling Gloves","All our products are available in variaty of materials and compositions which suits the demands of our customers. You can either ask us to manufacture the product as it is appearing on our website or you can give us your requirements from sizing to required material
\nPlease view detailed image for better understanding of the product
\n","","","","");
INSERT INTO tbl_itemsdetails VALUES("943","941","1","Safety Gloves","","","","","");
INSERT INTO tbl_itemsdetails VALUES("946","944","1","Fashion Gloves","","","","","");
INSERT INTO tbl_itemsdetails VALUES("949","947","1","Safety Gloves","","","","","");
INSERT INTO tbl_itemsdetails VALUES("952","950","1","Fashion Gloves","","","","","");
INSERT INTO tbl_itemsdetails VALUES("955","953","1","Safety Gloves","","","","","");
INSERT INTO tbl_itemsdetails VALUES("958","956","1","Fashion Gloves","","","","","");
INSERT INTO tbl_itemsdetails VALUES("961","959","1","Safety Gloves","","","","","");
INSERT INTO tbl_itemsdetails VALUES("964","962","1","Fashion Gloves","","","","","");
INSERT INTO tbl_itemsdetails VALUES("967","965","1","Safety Gloves","","","","","");
INSERT INTO tbl_itemsdetails VALUES("970","968","1","Fashion Gloves","","","","","");
INSERT INTO tbl_itemsdetails VALUES("973","971","1","Safety Gloves","","","","","");
INSERT INTO tbl_itemsdetails VALUES("976","974","1","Safety Gloves","","","","","");
INSERT INTO tbl_itemsdetails VALUES("979","977","1","Synthetic Work Gloves","","","","","");
INSERT INTO tbl_itemsdetails VALUES("982","980","1","Synthetic Work Gloves","","","","","");
INSERT INTO tbl_itemsdetails VALUES("985","983","1","Synthetic Work Gloves","","","","","");
INSERT INTO tbl_itemsdetails VALUES("988","986","1","Synthetic Work Gloves","","","","","");
INSERT INTO tbl_itemsdetails VALUES("991","989","1","Synthetic Work Gloves","","","","","");
INSERT INTO tbl_itemsdetails VALUES("997","995","1","Synthetic Work Gloves","","","","","");
INSERT INTO tbl_itemsdetails VALUES("1000","998","1","Golf Gloves","","","","","");
INSERT INTO tbl_itemsdetails VALUES("1003","1001","1","Synthetic Work Gloves","","","","","");
INSERT INTO tbl_itemsdetails VALUES("1006","1004","1","Golf Gloves","","","","","");
INSERT INTO tbl_itemsdetails VALUES("1008","990","1","Golf Gloves","","","","","");
INSERT INTO tbl_itemsdetails VALUES("1009","1007","1","Synthetic Work Gloves","","","","","");
INSERT INTO tbl_itemsdetails VALUES("1010","1002","1","Golf Gloves","","","","","");
INSERT INTO tbl_itemsdetails VALUES("1011","994","1","Golf Gloves","","","","","");
INSERT INTO tbl_itemsdetails VALUES("1012","996","1","Golf Gloves","","","","","");
INSERT INTO tbl_itemsdetails VALUES("1013","1006","1","Golf Gloves","","","","","");
INSERT INTO tbl_itemsdetails VALUES("1014","1010","1","Welding Gloves","","","","","");
INSERT INTO tbl_itemsdetails VALUES("1015","1012","1","Welding Gloves","","","","","");
INSERT INTO tbl_itemsdetails VALUES("1018","1016","1","Welding Gloves","","","","","");
INSERT INTO tbl_itemsdetails VALUES("1021","1019","1","Weight Lifting Gloves","","","","","");
INSERT INTO tbl_itemsdetails VALUES("1024","1022","1","Welding Gloves","","","","","");
INSERT INTO tbl_itemsdetails VALUES("1027","1025","1","Weight Lifting Gloves","","","","","");
INSERT INTO tbl_itemsdetails VALUES("1030","1028","1","Welding Gloves","","","","","");
INSERT INTO tbl_itemsdetails VALUES("1033","1031","1","Welding Gloves","Welders glove,Palm & top made of beige goatskin leather,return on index finger,orange cow split leather cuff.
\n35 cm long.
\n","","","","");
INSERT INTO tbl_itemsdetails VALUES("1036","1034","1","Welding Gloves","","","","","");
INSERT INTO tbl_itemsdetails VALUES("1039","1037","1","Welding Gloves","Welders glove,Palm & top made of brown cow split leather,Knuckle strap with extra patch on back,straight thumb,brown cow split leather,cuff 40 cm long.","","","","");
INSERT INTO tbl_itemsdetails VALUES("1042","1040","1","Welding Gloves","","","","","");
INSERT INTO tbl_itemsdetails VALUES("1045","1043","1","Welding Gloves","Welders glove,Palm & top made of beige goatskin leather,return on index finger,orange cow split leather cuff.
\n35 cm long.
\n","","","","");
INSERT INTO tbl_itemsdetails VALUES("1048","1046","1","Welding Gloves","","","","","");
INSERT INTO tbl_itemsdetails VALUES("1051","1049","1","Welding Gloves","Welders glove,Palm & top made of beige goatskin leather,return on index finger,orange cow split leather cuff.
\n35 cm long.
\n","","","","");
INSERT INTO tbl_itemsdetails VALUES("1058","1052","1","Leather Gloves","","","","","");
INSERT INTO tbl_itemsdetails VALUES("1059","1054","1","Leather Gloves","","","","","");
INSERT INTO tbl_itemsdetails VALUES("1060","1056","1","Leather Gloves","","","","","");
INSERT INTO tbl_itemsdetails VALUES("1063","1061","1","Ski Gloves","","","","","");
INSERT INTO tbl_itemsdetails VALUES("1066","1064","1","Leather Gloves","","","","","");
INSERT INTO tbl_itemsdetails VALUES("1069","1067","1","Ski Gloves","","","","","");
INSERT INTO tbl_itemsdetails VALUES("1072","1070","1","Leather Gloves","","","","","");
INSERT INTO tbl_itemsdetails VALUES("1075","1073","1","Ski Gloves","","","","","");
INSERT INTO tbl_itemsdetails VALUES("1078","1076","1","Leather Gloves","","","","","");
INSERT INTO tbl_itemsdetails VALUES("1081","1079","1","Ski Gloves","","","","","");
INSERT INTO tbl_itemsdetails VALUES("1084","1082","1","Leather Gloves","","","","","");
INSERT INTO tbl_itemsdetails VALUES("1087","1085","1","Ski Gloves","","","","","");
INSERT INTO tbl_itemsdetails VALUES("1090","1088","1","Leather Gloves","","","","","");
INSERT INTO tbl_itemsdetails VALUES("1093","1091","1","Ski Gloves","","","","","");
INSERT INTO tbl_itemsdetails VALUES("1096","1094","1","Leather Gloves","","","","","");
INSERT INTO tbl_itemsdetails VALUES("1099","1097","1","Weight Lifting Gloves","","","","","");
INSERT INTO tbl_itemsdetails VALUES("1102","1100","1","Leather Gloves","","","","","");
INSERT INTO tbl_itemsdetails VALUES("1105","1103","1","Weight Lifting Gloves","","","","","");
INSERT INTO tbl_itemsdetails VALUES("1108","1106","1","Leather Gloves","","","","","");
INSERT INTO tbl_itemsdetails VALUES("1111","1109","1","Police Gloves","","","","","");
INSERT INTO tbl_itemsdetails VALUES("1114","1112","1","Leather Gloves","","","","","");
INSERT INTO tbl_itemsdetails VALUES("1117","1115","1","Police Gloves","","","","","");
INSERT INTO tbl_itemsdetails VALUES("1120","1118","1","Leather Gloves","","","","","");
INSERT INTO tbl_itemsdetails VALUES("1123","1121","1","Police Gloves","","","","","");
INSERT INTO tbl_itemsdetails VALUES("1126","1124","1","Leather Gloves","","","","","");
INSERT INTO tbl_itemsdetails VALUES("1129","1127","1","Industrial Gloves","","","","","");
INSERT INTO tbl_itemsdetails VALUES("1132","1130","1","Leather Gloves","","","","","");
INSERT INTO tbl_itemsdetails VALUES("1135","1133","1","Industrial Gloves","","","","","");
INSERT INTO tbl_itemsdetails VALUES("1138","1136","1","Leather Gloves","","","","","");
INSERT INTO tbl_itemsdetails VALUES("1141","1139","1","Industrial Gloves","","","","","");
INSERT INTO tbl_itemsdetails VALUES("1144","1142","1","Leather Gloves","","","","","");
INSERT INTO tbl_itemsdetails VALUES("1189","1185","1","Police Gloves","","","","","");
INSERT INTO tbl_itemsdetails VALUES("1194","1190","1","testing-2","","","","","");
INSERT INTO tbl_itemsdetails VALUES("1199","1195","1","Nomex Gloves","","","","","");
INSERT INTO tbl_itemsdetails VALUES("1202","1200","1","testing-4","","","","","");
INSERT INTO tbl_itemsdetails VALUES("1209","1205","1","Gardening Gloves","","","","","");
INSERT INTO tbl_itemsdetails VALUES("1227","1217","1","Gardening Gloves","","","","","");
INSERT INTO tbl_itemsdetails VALUES("1263","1261","1","Kavelor Gloves","","","","","");
INSERT INTO tbl_itemsdetails VALUES("1288","1286","1","","","","","","");
INSERT INTO tbl_itemsdetails VALUES("1303","1299","1","Soccer Gloves","","","","","");
INSERT INTO tbl_itemsdetails VALUES("1345","859","1","Working Gloves","EN 388, Mechanical Risks, 3141
\n• Made of breathable cotton-polyester fine-knitted material, seamless and round-knitted – pure wearing comfort
\n• Excellent fit with strong, flexible latex coating offering a secure grip
\n• ideal e. g. for landscape gardening, for carpenters, roof builders, in the metal processing or building trades
\n• Durable coating for heavy loads 
\n• Length approx. 24 cm
\n","","","","");
INSERT INTO tbl_itemsdetails VALUES("1346","865","1","Working Gloves","• EN 388, Mechanical Risks, 2032
\n• Ideal protection against the cold thanks to Thinsulate™ insulation
\n• Made of premium supple full calf leather
\n• Reinforced seams
\n• Soft thermal lining inside
\n• Ergonomic cut for wearing comfort
\n• Ideal winter work glove
\n• Length: approx. 24 cm
\n• size: 10
\n","","","","");
INSERT INTO tbl_itemsdetails VALUES("1347","873","1","Working Gloves","• Universal mechanic&#039;s glove for trade and industrial applications
\n• Light coating for more dexterity 
\n• Length: approx. 24 cm
\n","","","","");
INSERT INTO tbl_itemsdetails VALUES("1348","883","1","Working Gloves"," Padding on the knuckles of the index finger and middle finger
\n• Elastic neoprene cuff with flexible cuff edge made of Lycra®
\n• Abrasion-resistant and breathable inserts between the fingers
\n• Breathable and elasticated Spandex back
\n• Comfortable side slit, quick to put on and take off
\n• Length: approx. 23 cm
\n
\nMaterial: palm of hand 60 % nylon / 40 % polyurethane,
\nback of the hand 82 % polyamide / 8 % polyester / 8 % elasthane / 2 % cotton
\n","","","","");
INSERT INTO tbl_itemsdetails VALUES("1349","891","1","Working Gloves","• EN 388, Mechanical Risks, 2032
\n• Ideal protection against the cold thanks to Thinsulate™ insulation
\n• Made of premium supple full calf leather
\n• Reinforced seams
\n• Soft thermal lining inside
\n• Ergonomic cut for wearing comfort
\n• Ideal winter work glove
\n• Length: approx. 24 cm
\n• size: 10
\n","","","","");
INSERT INTO tbl_itemsdetails VALUES("1350","1348","1","","","","","","");
INSERT INTO tbl_itemsdetails VALUES("1351","912","1","Cycling Gloves","All our products are available in variaty of materials and compositions which suits the demands of our customers. You can either ask us to manufacture the product as it is appearing on our website or you can give us your requirements from sizing to required material
\nPlease view detailed image for better understanding of the product
\n
\n","","","","");
INSERT INTO tbl_itemsdetails VALUES("1352","946","1","Fashion Gloves","","","","","");
INSERT INTO tbl_itemsdetails VALUES("1353","948","1","Fashion Gloves","","","","","");
INSERT INTO tbl_itemsdetails VALUES("1354","952","1","Fashion Gloves","","","","","");
INSERT INTO tbl_itemsdetails VALUES("1355","954","1","Fashion Gloves","","","","","");
INSERT INTO tbl_itemsdetails VALUES("1356","958","1","Fashion Gloves","","","","","");
INSERT INTO tbl_itemsdetails VALUES("1357","960","1","Fashion Gloves","","","","","");
INSERT INTO tbl_itemsdetails VALUES("1358","964","1","Fashion Gloves","","","","","");
INSERT INTO tbl_itemsdetails VALUES("1359","966","1","Fashion Gloves","","","","","");
INSERT INTO tbl_itemsdetails VALUES("1360","970","1","Fashion Gloves","","","","","");
INSERT INTO tbl_itemsdetails VALUES("1361","972","1","Fashion Gloves","","","","","");
INSERT INTO tbl_itemsdetails VALUES("1362","1000","1","Golf Gloves","","","","","");
INSERT INTO tbl_itemsdetails VALUES("1363","1095","1","Weight Lifting Gloves","","","","","");
INSERT INTO tbl_itemsdetails VALUES("1364","1099","1","Weight Lifting Gloves","","","","","");
INSERT INTO tbl_itemsdetails VALUES("1365","1101","1","Weight Lifting Gloves","","","","","");
INSERT INTO tbl_itemsdetails VALUES("1366","1105","1","Weight Lifting Gloves","","","","","");
INSERT INTO tbl_itemsdetails VALUES("1367","1015","1","Weight Lifting Gloves","","","","","");
INSERT INTO tbl_itemsdetails VALUES("1368","1017","1","Weight Lifting Gloves","","","","","");
INSERT INTO tbl_itemsdetails VALUES("1369","1021","1","Weight Lifting Gloves","","","","","");
INSERT INTO tbl_itemsdetails VALUES("1370","1023","1","Weight Lifting Gloves","","","","","");
INSERT INTO tbl_itemsdetails VALUES("1371","1027","1","Welding Gloves","Welders glove,Palm made of goatskin leather back brown cow split leather,return on index finger,elastic on wrist,Split leather cuff with red cotton binding,35cm long.","","","","");
INSERT INTO tbl_itemsdetails VALUES("1372","1029","1","Welding Gloves","Welder Glove.palm made of grain leather back brown cow leather,extra patch on front side cuff with grain leather,brown cow split leather cuff,35 cm long.
\n","","","","");
INSERT INTO tbl_itemsdetails VALUES("1373","1033","1","Welding Gloves","Welders glove,Palm & top made of beige goatskin leather,return on index finger,orange cow split leather cuff.
\n35 cm long.
\n","","","","");
INSERT INTO tbl_itemsdetails VALUES("1374","1035","1","Welding Gloves","Welders glove,Palm & top made of brown cow split leather,Knuckle strap with extra patch on back,straight thumb,brown cow split leather,cuff 40 cm long.","","","","");
INSERT INTO tbl_itemsdetails VALUES("1375","1039","1","Welding Gloves","Welders glove,Palm & top made of beige goatskin leather,return on index finger,orange cow split leather cuff.
\n35 cm long.
\n","","","","");
INSERT INTO tbl_itemsdetails VALUES("1376","1041","1","Welding Gloves","Welders glove,Palm & top made of beige goatskin leather,return on index finger,orange cow split leather cuff.
\n35 cm long.
\n
\n","","","","");
INSERT INTO tbl_itemsdetails VALUES("1377","1045","1","Welding Gloves","Welders glove,Palm & top made of beige goatskin leather,return on index finger,orange cow split leather cuff.
\n35 cm long.
\n","","","","");
INSERT INTO tbl_itemsdetails VALUES("1378","1047","1","Welding Gloves","Welders glove,Palm & top made of beige goatskin leather,return on index finger,orange cow split leather cuff.
\n35 cm long.
\n","","","","");
INSERT INTO tbl_itemsdetails VALUES("1379","1051","1","Welding Gloves","Welders glove,Palm & top made of beige goatskin leather,return on index finger,orange cow split leather cuff.
\n35 cm long.
\n","","","","");
INSERT INTO tbl_itemsdetails VALUES("1380","1053","1","Welding Gloves","Welders glove,Palm & top made of beige goatskin leather,return on index finger,orange cow split leather cuff.
\n35 cm long.
\n","","","","");
INSERT INTO tbl_itemsdetails VALUES("1381","1055","1","Welding Gloves","Welders glove,Palm & top made of beige goatskin leather,return on index finger,orange cow split leather cuff.
\n35 cm long.
\n","","","","");
INSERT INTO tbl_itemsdetails VALUES("1382","1057","1","Ski Gloves","","","","","");
INSERT INTO tbl_itemsdetails VALUES("1383","1059","1","Ski Gloves","","","","","");
INSERT INTO tbl_itemsdetails VALUES("1384","1063","1","Ski Gloves","","","","","");
INSERT INTO tbl_itemsdetails VALUES("1385","1065","1","Ski Gloves","","","","","");
INSERT INTO tbl_itemsdetails VALUES("1386","1069","1","Ski Gloves","","","","","");
INSERT INTO tbl_itemsdetails VALUES("1387","1071","1","Ski Gloves","","","","","");
INSERT INTO tbl_itemsdetails VALUES("1388","1075","1","Ski Gloves","","","","","");
INSERT INTO tbl_itemsdetails VALUES("1389","1077","1","Ski Gloves","","","","","");
INSERT INTO tbl_itemsdetails VALUES("1390","1081","1","Ski Gloves","","","","","");
INSERT INTO tbl_itemsdetails VALUES("1391","1083","1","Ski Gloves","","","","","");
INSERT INTO tbl_itemsdetails VALUES("1392","1087","1","Ski Gloves","","","","","");
INSERT INTO tbl_itemsdetails VALUES("1393","1089","1","Ski Gloves","","","","","");
INSERT INTO tbl_itemsdetails VALUES("1394","1093","1","Ski Gloves","","","","","");
INSERT INTO tbl_itemsdetails VALUES("1395","1393","1","Welding","","","","","");
INSERT INTO tbl_itemsdetails VALUES("1396","1181","1","Police Gloves","","","","","");
INSERT INTO tbl_itemsdetails VALUES("1397","1177","1","Police Gloves","","","","","");
INSERT INTO tbl_itemsdetails VALUES("1398","1179","1","Police Gloves","","","","","");
INSERT INTO tbl_itemsdetails VALUES("1399","1175","1","Police Gloves","","","","","");
INSERT INTO tbl_itemsdetails VALUES("1400","1173","1","Police Gloves","","","","","");
INSERT INTO tbl_itemsdetails VALUES("1401","1169","1","Police Gloves","","","","","");
INSERT INTO tbl_itemsdetails VALUES("1402","1165","1","Police Gloves","","","","","");
INSERT INTO tbl_itemsdetails VALUES("1403","1163","1","Police Gloves","","","","","");
INSERT INTO tbl_itemsdetails VALUES("1404","1161","1","Police Gloves","","","","","");
INSERT INTO tbl_itemsdetails VALUES("1405","1159","1","Police Gloves","","","","","");
INSERT INTO tbl_itemsdetails VALUES("1406","1119","1","Police Gloves","","","","","");
INSERT INTO tbl_itemsdetails VALUES("1407","1117","1","Police Gloves","","","","","");
INSERT INTO tbl_itemsdetails VALUES("1408","1113","1","Police Gloves","","","","","");
INSERT INTO tbl_itemsdetails VALUES("1409","1111","1","Police Gloves","","","","","");
INSERT INTO tbl_itemsdetails VALUES("1410","1107","1","Police Gloves","","","","","");
INSERT INTO tbl_itemsdetails VALUES("1411","1171","1","Police Gloves","","","","","");
INSERT INTO tbl_itemsdetails VALUES("1412","1167","1","Police Gloves","","","","","");
INSERT INTO tbl_itemsdetails VALUES("1413","1183","1","Police Gloves","","","","","");
INSERT INTO tbl_itemsdetails VALUES("1414","1123","1","Industrial Gloves","","","","","");
INSERT INTO tbl_itemsdetails VALUES("1415","1125","1","Industrial Gloves","","","","","");
INSERT INTO tbl_itemsdetails VALUES("1416","1129","1","Industrial Gloves","","","","","");
INSERT INTO tbl_itemsdetails VALUES("1417","1131","1","Industrial Gloves","","","","","");
INSERT INTO tbl_itemsdetails VALUES("1418","1135","1","Industrial Gloves","","","","","");
INSERT INTO tbl_itemsdetails VALUES("1419","1137","1","Industrial Gloves","","","","","");
INSERT INTO tbl_itemsdetails VALUES("1420","1418","1","","","","","","");
INSERT INTO tbl_itemsdetails VALUES("1421","1143","1","Industrial Gloves","","","","","");
INSERT INTO tbl_itemsdetails VALUES("1422","1145","1","Industrial Gloves","","","","","");
INSERT INTO tbl_itemsdetails VALUES("1423","1147","1","Industrial Gloves","","","","","");
INSERT INTO tbl_itemsdetails VALUES("1424","1141","1","Industrial Gloves","","","","","");
INSERT INTO tbl_itemsdetails VALUES("1425","1149","1","Nomex Gloves","","","","","");
INSERT INTO tbl_itemsdetails VALUES("1426","1151","1","Nomex Gloves","","","","","");
INSERT INTO tbl_itemsdetails VALUES("1427","1153","1","Nomex Gloves","","","","","");
INSERT INTO tbl_itemsdetails VALUES("1428","1157","1","Nomex Gloves","","","","","");
INSERT INTO tbl_itemsdetails VALUES("1429","1197","1","Nomex Gloves","","","","","");
INSERT INTO tbl_itemsdetails VALUES("1430","1199","1","Nomex Gloves","","","","","");
INSERT INTO tbl_itemsdetails VALUES("1431","1201","1","Nomex Gloves","","","","","");
INSERT INTO tbl_itemsdetails VALUES("1432","1191","1","Nomex Gloves","","","","","");
INSERT INTO tbl_itemsdetails VALUES("1433","1187","1","Nomex Gloves","","","","","");
INSERT INTO tbl_itemsdetails VALUES("1434","1189","1","Nomex Gloves","","","","","");
INSERT INTO tbl_itemsdetails VALUES("1435","1193","1","Nomex Gloves","","","","","");
INSERT INTO tbl_itemsdetails VALUES("1436","1207","1","Gardening Gloves","","","","","");
INSERT INTO tbl_itemsdetails VALUES("1437","1209","1","Gardening Gloves","","","","","");
INSERT INTO tbl_itemsdetails VALUES("1438","1211","1","Gardening Gloves","","","","","");
INSERT INTO tbl_itemsdetails VALUES("1439","1215","1","Gardening Gloves","","","","","");
INSERT INTO tbl_itemsdetails VALUES("1440","1219","1","Gardening Gloves","","","","","");
INSERT INTO tbl_itemsdetails VALUES("1441","1221","1","Gardening Gloves","","","","","");
INSERT INTO tbl_itemsdetails VALUES("1442","1213","1","Gardening Gloves","","","","","");
INSERT INTO tbl_itemsdetails VALUES("1443","1293","1","Soccer Gloves","","","","","");
INSERT INTO tbl_itemsdetails VALUES("1444","1295","1","Soccer Gloves","","","","","");
INSERT INTO tbl_itemsdetails VALUES("1445","1297","1","Soccer Gloves","","","","","");
INSERT INTO tbl_itemsdetails VALUES("1446","1301","1","Soccer Gloves","","","","","");
INSERT INTO tbl_itemsdetails VALUES("1447","1303","1","Soccer Gloves","","","","","");
INSERT INTO tbl_itemsdetails VALUES("1448","1305","1","Soccer Gloves","","","","","");
INSERT INTO tbl_itemsdetails VALUES("1449","1307","1","Soccer Gloves","","","","","");
INSERT INTO tbl_itemsdetails VALUES("1450","1309","1","Soccer Gloves","","","","","");
INSERT INTO tbl_itemsdetails VALUES("1451","1311","1","Soccer Gloves","","","","","");
INSERT INTO tbl_itemsdetails VALUES("1452","1223","1","Mechanix Gloves","","","","","");
INSERT INTO tbl_itemsdetails VALUES("1453","1227","1","Mechanix Gloves","","","","","");
INSERT INTO tbl_itemsdetails VALUES("1454","1229","1","Mechanix Gloves","","","","","");
INSERT INTO tbl_itemsdetails VALUES("1455","1231","1","Mechanix Gloves","","","","","");
INSERT INTO tbl_itemsdetails VALUES("1456","1233","1","Mechanix Gloves","","","","","");
INSERT INTO tbl_itemsdetails VALUES("1457","1235","1","Mechanix Gloves","","","","","");
INSERT INTO tbl_itemsdetails VALUES("1458","1237","1","Mechanix Gloves","","","","","");
INSERT INTO tbl_itemsdetails VALUES("1459","1239","1","Mechanix Gloves","","","","","");
INSERT INTO tbl_itemsdetails VALUES("1460","1241","1","Mechanix Gloves","","","","","");
INSERT INTO tbl_itemsdetails VALUES("1461","1243","1","Mechanix Gloves","","","","","");
INSERT INTO tbl_itemsdetails VALUES("1462","1245","1","Mechanix Gloves","","","","","");
INSERT INTO tbl_itemsdetails VALUES("1463","1247","1","Mechanix Gloves","","","","","");
INSERT INTO tbl_itemsdetails VALUES("1464","1249","1","Mechanix Gloves","","","","","");
INSERT INTO tbl_itemsdetails VALUES("1465","1251","1","Mechanix Gloves","","","","","");
INSERT INTO tbl_itemsdetails VALUES("1466","1253","1","Mechanix Gloves","","","","","");
INSERT INTO tbl_itemsdetails VALUES("1467","1255","1","Mechanix Gloves","","","","","");
INSERT INTO tbl_itemsdetails VALUES("1468","1281","1","Kavelor Gloves","","","","","");
INSERT INTO tbl_itemsdetails VALUES("1469","1285","1","Kavelor Gloves","","","","","");
INSERT INTO tbl_itemsdetails VALUES("1470","1287","1","Kavelor Gloves","","","","","");
INSERT INTO tbl_itemsdetails VALUES("1471","1289","1","Kavelor Gloves","","","","","");
INSERT INTO tbl_itemsdetails VALUES("1472","1291","1","Kavelor Gloves","","","","","");
INSERT INTO tbl_itemsdetails VALUES("1473","1259","1","Kavelor Gloves","","","","","");
INSERT INTO tbl_itemsdetails VALUES("1474","1257","1","Kavelor Gloves","","","","","");
INSERT INTO tbl_itemsdetails VALUES("1475","1263","1","Kavelor Gloves","","","","","");
INSERT INTO tbl_itemsdetails VALUES("1476","1265","1","Kavelor Gloves","","","","","");
INSERT INTO tbl_itemsdetails VALUES("1477","1267","1","Kavelor Gloves","","","","","");
INSERT INTO tbl_itemsdetails VALUES("1478","1269","1","Kavelor Gloves","","","","","");
INSERT INTO tbl_itemsdetails VALUES("1479","1271","1","Kavelor Gloves","","","","","");
INSERT INTO tbl_itemsdetails VALUES("1480","1273","1","Kavelor Gloves","","","","","");
INSERT INTO tbl_itemsdetails VALUES("1481","1275","1","Kavelor Gloves","","","","","");
INSERT INTO tbl_itemsdetails VALUES("1482","1277","1","Kavelor Gloves","","","","","");
INSERT INTO tbl_itemsdetails VALUES("1483","1279","1","Kavelor Gloves","","","","","");
INSERT INTO tbl_itemsdetails VALUES("1484","1313","1","Veterinary Gloves","","","","","");
INSERT INTO tbl_itemsdetails VALUES("1485","1315","1","Veterinary Gloves","","","","","");
INSERT INTO tbl_itemsdetails VALUES("1486","1317","1","Veterinary Gloves","","","","","");
INSERT INTO tbl_itemsdetails VALUES("1487","1319","1","Veterinary Gloves","","","","","");
INSERT INTO tbl_itemsdetails VALUES("1488","1321","1","Veterinary Gloves","","","","","");
INSERT INTO tbl_itemsdetails VALUES("1489","1323","1","Veterinary Gloves","","","","","");
INSERT INTO tbl_itemsdetails VALUES("1490","1325","1","Veterinary Gloves","","","","","");
INSERT INTO tbl_itemsdetails VALUES("1491","1327","1","Veterinary Gloves","","","","","");
INSERT INTO tbl_itemsdetails VALUES("1492","1329","1","Veterinary Gloves","","","","","");
INSERT INTO tbl_itemsdetails VALUES("1493","1331","1","Veterinary Gloves","","","","","");
INSERT INTO tbl_itemsdetails VALUES("1494","1333","1","Veterinary Gloves","","","","","");
INSERT INTO tbl_itemsdetails VALUES("1495","1335","1","Veterinary Gloves","","","","","");
INSERT INTO tbl_itemsdetails VALUES("1496","1337","1","Veterinary Gloves","","","","","");
INSERT INTO tbl_itemsdetails VALUES("1497","1339","1","Veterinary Gloves","","","","","");
INSERT INTO tbl_itemsdetails VALUES("1498","1341","1","Veterinary Gloves","","","","","");
INSERT INTO tbl_itemsdetails VALUES("1499","1343","1","Veterinary Gloves","","","","","");
INSERT INTO tbl_itemsdetails VALUES("1563","1559","1","","","","","","");
INSERT INTO tbl_itemsdetails VALUES("1624","1622","1","","","","","","");
INSERT INTO tbl_itemsdetails VALUES("1629","1627","1","","","","","","");
INSERT INTO tbl_itemsdetails VALUES("1652","1650","1","","","","","","");
INSERT INTO tbl_itemsdetails VALUES("1756","1754","1","","","","","","");





CREATE TABLE `tbl_languages` (
  `rn` int(11) NOT NULL,
  `sn` int(11) NOT NULL DEFAULT '0',
  `ps` varchar(1) NOT NULL DEFAULT 'n',
  `code` varchar(2) NOT NULL,
  `name` varchar(255) DEFAULT NULL,
  `direction` varchar(252) NOT NULL DEFAULT 'ltr',
  `left` varchar(252) NOT NULL,
  `right` varchar(252) NOT NULL,
  PRIMARY KEY (`rn`)
) ENGINE=InnoDB DEFAULT CHARSET=utf8;

INSERT INTO tbl_languages VALUES("1","1","y","en","English","ltr","left","right");
INSERT INTO tbl_languages VALUES("2","2","n","ar","العربية","rtl","right","left");
INSERT INTO tbl_languages VALUES("3","3","n","ur","اردو","rtl","right","left");
INSERT INTO tbl_languages VALUES("4","4","n","ru","русский","ltr","left","right");
INSERT INTO tbl_languages VALUES("5","5","n","es","español","ltr","left","right");
INSERT INTO tbl_languages VALUES("6","6","n","ja","日本の","ltr","left","right");
INSERT INTO tbl_languages VALUES("7","7","n","cn","中国的","ltr","left","right");
INSERT INTO tbl_languages VALUES("8","8","n","fr","français","ltr","left","right");
INSERT INTO tbl_languages VALUES("9","9","n","de","Deutsch","ltr","left","right");





CREATE TABLE `tbl_mailinglist` (
  `rn` int(11) NOT NULL,
  `pn` int(11) DEFAULT '0',
  `sn` int(11) DEFAULT '0',
  `email` varchar(250) DEFAULT NULL
) ENGINE=InnoDB DEFAULT CHARSET=utf8;

INSERT INTO tbl_mailinglist VALUES("6","1","0","bilal@skt.sits.net.pk");
INSERT INTO tbl_mailinglist VALUES("7","1","0","bilal_khalid43@yahoo.com");





CREATE TABLE `tbl_members` (
  `rn` varchar(11) NOT NULL,
  `pn` int(11) DEFAULT '0',
  `loginid` varchar(225) NOT NULL,
  `password` varchar(225) NOT NULL,
  `rs` varchar(1) DEFAULT 'n',
  `firstname` varchar(225) DEFAULT NULL,
  `lastname` varchar(225) DEFAULT NULL,
  `remarks` varchar(225) DEFAULT NULL
) ENGINE=InnoDB DEFAULT CHARSET=utf8;

INSERT INTO tbl_members VALUES("1","1","shoaib@eweb.pk","1234","y","Shoaib","Munir","");
INSERT INTO tbl_members VALUES("2","1","you@hithurry.com","1234","y","you","cool","khjk");
INSERT INTO tbl_members VALUES("5","1","saeed_41281@yahoo.com","123456","n","zeeshan","saeed","");
INSERT INTO tbl_members VALUES("6","1","scripts@shoaibmunir.com","123456","y","","","");
INSERT INTO tbl_members VALUES("7","1","scripts1@shoaibmunir.com","123456","y","Shoaib","Munir","");





CREATE TABLE `tbl_mgroups` (
  `rn` int(11) NOT NULL,
  `sn` int(11) DEFAULT '0',
  `apshm` varchar(1) DEFAULT 'n'
) ENGINE=InnoDB DEFAULT CHARSET=utf8;

INSERT INTO tbl_mgroups VALUES("1","1","y");





CREATE TABLE `tbl_mgroupsdetail` (
  `rn` int(11) NOT NULL,
  `pn` int(11) DEFAULT '0',
  `ln` int(11) DEFAULT '0',
  `name` varchar(252) DEFAULT NULL
) ENGINE=InnoDB DEFAULT CHARSET=utf8;

INSERT INTO tbl_mgroupsdetail VALUES("2","1","1","Newbe Members");





CREATE TABLE `tbl_mgroupsfiles` (
  `rn` int(11) NOT NULL,
  `filename` varchar(252) NOT NULL,
  `filesize` int(11) NOT NULL DEFAULT '0',
  `pn` int(11) NOT NULL DEFAULT '0',
  `filetype` varchar(252) DEFAULT 'unknown',
  `title` varchar(252) DEFAULT NULL,
  `description` text
) ENGINE=InnoDB DEFAULT CHARSET=utf8;

INSERT INTO tbl_mgroupsfiles VALUES("16","gf_24052009033551-127001.jpg","28521","1","jpg","aaaaaaaBBBBrtytryy","CCCCCCCCCewwrwerrtyrty");
INSERT INTO tbl_mgroupsfiles VALUES("17","gf_24052009034648-127001.doc","105542","1","doc","ertrte","rtert");
INSERT INTO tbl_mgroupsfiles VALUES("18","gf_24052009034656-127001.pdf","105542","1","pdf","e345345","345345345");
INSERT INTO tbl_mgroupsfiles VALUES("21","gf_25052009040321-127001.pdf","105542","29","pdf","AAAAAAAAA","rterterterter");
INSERT INTO tbl_mgroupsfiles VALUES("22","gf_25052009040328-127001.doc","105542","29","doc","erwrwer","werwerrw");
INSERT INTO tbl_mgroupsfiles VALUES("23","gf_25052009040338-127001.jpg","83794","29","jpg","uiouiouioui","gbdfdgdgdfg");





CREATE TABLE `tbl_myitems` (
  `rn` int(11) NOT NULL,
  `mrn` int(11) NOT NULL,
  `irn` int(11) NOT NULL,
  `orn` int(11) NOT NULL,
  `method` varchar(1) NOT NULL,
  `token` varchar(52) NOT NULL,
  `expire` int(11) NOT NULL
) ENGINE=MyISAM DEFAULT CHARSET=utf8;

INSERT INTO tbl_myitems VALUES("1","1","255","0","o","213123xcsdsdsd","1312570127");
INSERT INTO tbl_myitems VALUES("2","1","255","0","d","sdsadasweq1232we","1312570127");





CREATE TABLE `tbl_news` (
  `rn` int(11) NOT NULL,
  `sn` int(11) NOT NULL DEFAULT '0',
  `ps` varchar(1) NOT NULL DEFAULT 'n',
  `date` varchar(225) DEFAULT NULL,
  `file1` varchar(250) NOT NULL DEFAULT 'n/a',
  `file2` varchar(250) NOT NULL DEFAULT 'n/a'
) ENGINE=InnoDB DEFAULT CHARSET=utf8;

INSERT INTO tbl_news VALUES("255","0","n","22-04-2014","newsl_.htaccess_1483954891","n/a");
INSERT INTO tbl_news VALUES("257","0","n","22/04/2014","newsl_ix_1483954918.jpg","n/a");
INSERT INTO tbl_news VALUES("259","0","n","22/04/2014","newsl_new_1396960036.jpg","n/a");





CREATE TABLE `tbl_newsdetail` (
  `rn` int(11) NOT NULL,
  `pn` int(11) NOT NULL DEFAULT '0',
  `ln` int(11) NOT NULL DEFAULT '0',
  `title` varchar(250) DEFAULT NULL,
  `description` text
) ENGINE=InnoDB DEFAULT CHARSET=utf8;

INSERT INTO tbl_newsdetail VALUES("256","255","1","The Gloves Company","We have launched our new website with our latest availableproducts range.");
INSERT INTO tbl_newsdetail VALUES("258","257","1","The Gloves Company","We have launched our new website with our latest available products range.
\n
\n");
INSERT INTO tbl_newsdetail VALUES("260","259","1","The Gloves Company","We have launched our new website with our latest available products range.");





CREATE TABLE `tbl_votes` (
  `rn` int(11) NOT NULL,
  `rt` varchar(252) NOT NULL,
  `addip` varchar(252) NOT NULL,
  `addtime` int(11) unsigned NOT NULL
) ENGINE=InnoDB DEFAULT CHARSET=utf8;

INSERT INTO tbl_votes VALUES("4","administrators","111.88.35.36","1359650485");
INSERT INTO tbl_votes VALUES("1","administrators","111.88.6.4","1359651613");
INSERT INTO tbl_votes VALUES("1","administrators","39.54.36.51","1359653003");
INSERT INTO tbl_votes VALUES("2","administrators","39.54.42.160","1359728338");
INSERT INTO tbl_votes VALUES("14","administrators","182.177.52.41","1359739067");
INSERT INTO tbl_votes VALUES("7","administrators","182.185.226.126","1359739088");
INSERT INTO tbl_votes VALUES("7","administrators","198.144.116.5","1359741771");
INSERT INTO tbl_votes VALUES("13","administrators","115.167.59.36","1359746886");
INSERT INTO tbl_votes VALUES("4","administrators","115.167.59.36","1359746973");





CREATE TABLE `tbl_webcontents` (
  `rn` int(11) NOT NULL,
  `sn` int(11) NOT NULL,
  `ps` varchar(1) NOT NULL DEFAULT 'n',
  `db` int(11) NOT NULL DEFAULT '0',
  `pslug` varchar(252) NOT NULL,
  `file1` varchar(225) DEFAULT 'n/a',
  `file2` varchar(255) DEFAULT 'n/a',
  `shonir` varchar(1) DEFAULT 'y',
  UNIQUE KEY `rn` (`rn`)
) ENGINE=InnoDB DEFAULT CHARSET=utf8;

INSERT INTO tbl_webcontents VALUES("1","0","n","0","Contact-Us","n/a","n/a","y");
INSERT INTO tbl_webcontents VALUES("2","0","n","0","About-us","n/a","n/a","y");
INSERT INTO tbl_webcontents VALUES("3","0","n","0","Low-Wellcome-to-Snj-Impex","n/a","n/a","y");
INSERT INTO tbl_webcontents VALUES("4","0","n","0","Protection","n/a","n/a","y");
INSERT INTO tbl_webcontents VALUES("5","0","n","0","Factory-Tour","n/a","n/a","y");
INSERT INTO tbl_webcontents VALUES("6","0","n","0","Distribiton-Application","n/a","n/a","y");
INSERT INTO tbl_webcontents VALUES("7","0","y","0","QUICK-CONTCAT","n/a","n/a","y");
INSERT INTO tbl_webcontents VALUES("8","0","n","0","Returen-Policy","n/a","n/a","n");
INSERT INTO tbl_webcontents VALUES("9","0","n","0","Shipping-","n/a","n/a","n");
INSERT INTO tbl_webcontents VALUES("10","0","n","0","Warranty","n/a","n/a","n");
INSERT INTO tbl_webcontents VALUES("11","0","n","0","Faqs","n/a","n/a","n");
INSERT INTO tbl_webcontents VALUES("12","0","n","0","","n/a","n/a","n");
INSERT INTO tbl_webcontents VALUES("13","0","n","0","","n/a","n/a","n");
INSERT INTO tbl_webcontents VALUES("14","0","n","0","","n/a","n/a","n");
INSERT INTO tbl_webcontents VALUES("15","0","n","0","","n/a","n/a","n");
INSERT INTO tbl_webcontents VALUES("16","0","n","0","","n/a","n/a","n");
INSERT INTO tbl_webcontents VALUES("17","0","n","0","","n/a","n/a","n");
INSERT INTO tbl_webcontents VALUES("18","0","n","0","","n/a","n/a","n");
INSERT INTO tbl_webcontents VALUES("19","0","n","0","","n/a","n/a","n");
INSERT INTO tbl_webcontents VALUES("20","0","n","0","","n/a","n/a","n");
INSERT INTO tbl_webcontents VALUES("21","0","n","0","","n/a","n/a","n");
INSERT INTO tbl_webcontents VALUES("22","0","n","0","","n/a","n/a","n");
INSERT INTO tbl_webcontents VALUES("23","0","n","0","","n/a","n/a","n");
INSERT INTO tbl_webcontents VALUES("24","0","n","0","","n/a","n/a","n");
INSERT INTO tbl_webcontents VALUES("25","0","n","0","","n/a","n/a","n");
INSERT INTO tbl_webcontents VALUES("26","0","n","0","","n/a","n/a","n");
INSERT INTO tbl_webcontents VALUES("27","0","n","0","","n/a","n/a","n");
INSERT INTO tbl_webcontents VALUES("28","0","n","0","","n/a","n/a","n");
INSERT INTO tbl_webcontents VALUES("29","0","n","0","","n/a","n/a","n");
INSERT INTO tbl_webcontents VALUES("30","0","n","0","","n/a","n/a","n");





CREATE TABLE `tbl_webcontentsdetail` (
  `rn` int(11) NOT NULL,
  `pn` int(11) NOT NULL,
  `ln` int(11) NOT NULL,
  `dn` int(11) NOT NULL DEFAULT '0',
  `title` varchar(250) DEFAULT NULL,
  `description` text,
  `mtitle` varchar(252) NOT NULL,
  `mdescription` text NOT NULL,
  `mkeywords` text NOT NULL
) ENGINE=InnoDB DEFAULT CHARSET=utf8;

INSERT INTO tbl_webcontentsdetail VALUES("9","1","1","0","Contact Us","<p><font color=\"#ff0000\" size=\"4\"><span style=\"line-height:28.799999237060547px\">The Gloves Company</span></font></p>
\n
\n<p>Main Capital Road</p>
\n
\n<p>Sialkot, Pakistan<br />
\n<strong style=\"line-height:1.6em\">Phone:</strong><span style=\"line-height:1.6em\">&nbsp;</span></p>
\n
\n<p><strong style=\"line-height:1.6em\">Email: </strong><span style=\"line-height:1.6em\">&nbsp; &nbsp;&nbsp; </span><a href=\"http://info@theglovescompany.com\" style=\"line-height: 1.6em;\" target=\"_blank\"><span style=\"color:#FF0000\">info@theglovescompany.com</span></a></p>
\n","Contact Us","","");
INSERT INTO tbl_webcontentsdetail VALUES("10","1","2","0","","","","","");
INSERT INTO tbl_webcontentsdetail VALUES("11","1","4","0","","","","","");
INSERT INTO tbl_webcontentsdetail VALUES("12","1","5","0","","","","","");
INSERT INTO tbl_webcontentsdetail VALUES("13","1","6","0","","","","","");
INSERT INTO tbl_webcontentsdetail VALUES("14","1","7","0","","","","","");
INSERT INTO tbl_webcontentsdetail VALUES("15","1","8","0","","","","","");
INSERT INTO tbl_webcontentsdetail VALUES("16","1","9","0","","","","","");
INSERT INTO tbl_webcontentsdetail VALUES("17","2","1","0","About us","<div style=\"text-align: justify;\"><span style=\"font-size:14px\"><span style=\"font-family:tahoma,geneva,sans-serif\"><span style=\"color:rgb(52, 52, 52)\">The Glove Company is one of Pakistan&#39;s&nbsp;leading manufacturers and suppliers of gloves. A respected source for thousands of customers ranging from sports to law enforcement. O</span><span style=\"color:rgb(52, 52, 52)\">ur gloves have been approved by&nbsp;SATRA to be used by UK police and&nbsp;the British Army&nbsp;and with our&nbsp;manufacturing facilities, we are able to serve customers globally. Specializing in cut-resistant/needle resistant gloves we&nbsp;source specialised materials&nbsp;from only licenced suppliers who are regularly audited by Dupont and other suppliers. Finally please t</span><span style=\"color:rgb(52, 52, 52)\">ake a look through our website to see our gloves range but if you can not find you what you are&nbsp;looking for then&nbsp;please let us know and we will be happy to talk to you about your requirements.</span></span></span></div>
\n
\n<div style=\"text-align: justify;\">&nbsp;</div>
\n
\n<div style=\"text-align: justify;\"><span style=\"font-size:14px\"><span style=\"font-family:tahoma,geneva,sans-serif\">Thank you.</span></span></div>
\n","About-Us","","");
INSERT INTO tbl_webcontentsdetail VALUES("18","2","2","0","","","","","");
INSERT INTO tbl_webcontentsdetail VALUES("19","2","4","0","","","","","");
INSERT INTO tbl_webcontentsdetail VALUES("20","2","5","0","","","","","");
INSERT INTO tbl_webcontentsdetail VALUES("21","2","6","0","","","","","");
INSERT INTO tbl_webcontentsdetail VALUES("22","2","7","0","","","","","");
INSERT INTO tbl_webcontentsdetail VALUES("23","2","8","0","","","","","");
INSERT INTO tbl_webcontentsdetail VALUES("24","2","9","0","","","","","");
INSERT INTO tbl_webcontentsdetail VALUES("25","3","1","0","","","","","");
INSERT INTO tbl_webcontentsdetail VALUES("26","3","2","0","","","","","");
INSERT INTO tbl_webcontentsdetail VALUES("27","3","4","0","","","","","");
INSERT INTO tbl_webcontentsdetail VALUES("28","3","5","0","","","","","");
INSERT INTO tbl_webcontentsdetail VALUES("29","3","6","0","","","","","");
INSERT INTO tbl_webcontentsdetail VALUES("30","3","7","0","","","","","");
INSERT INTO tbl_webcontentsdetail VALUES("31","3","8","0","","","","","");
INSERT INTO tbl_webcontentsdetail VALUES("32","3","9","0","","","","","");
INSERT INTO tbl_webcontentsdetail VALUES("33","4","1","0","Protection","<p><strong>SNJ IMPEX</strong> is simply dummy text of the printing and typesetting industry. Lorem Ipsum has been the industry&#39;s standard dummy text ever since the 1500s, when an unknown printer took a galley of type and scrambled it to make a type specimen book. It has survived not only five centuries, but also the leap into electronic typesetting, remaining essentially unchanged. It was popularised in the 1960s with the release of Letraset sheets containing Lorem Ipsum passages, and more recently with desktop publishing software like Aldus PageMaker including versions of Lorem Ipsum.</p>
\n","","","");
INSERT INTO tbl_webcontentsdetail VALUES("34","4","2","0","","","","","");
INSERT INTO tbl_webcontentsdetail VALUES("35","4","4","0","","","","","");
INSERT INTO tbl_webcontentsdetail VALUES("36","4","5","0","","","","","");
INSERT INTO tbl_webcontentsdetail VALUES("37","4","6","0","","","","","");
INSERT INTO tbl_webcontentsdetail VALUES("38","4","7","0","","","","","");
INSERT INTO tbl_webcontentsdetail VALUES("39","4","8","0","","","","","");
INSERT INTO tbl_webcontentsdetail VALUES("40","4","9","0","","","","","");
INSERT INTO tbl_webcontentsdetail VALUES("41","5","1","0","Factory Tour","<p><strong>A.l Sports Industry</strong> is simply dummy text of the printing and typesetting industry. Lorem Ipsum has been the industry&#39;s standard dummy text ever since the 1500s, when an unknown printer took a galley of type and scrambled it to make a type specimen book. It has survived not only five centuries, but also the leap into electronic typesetting, remaining essentially unchanged. It was popularised in the 1960s with the release of Letraset sheets containing Lorem Ipsum passages, and more recently with desktop publishing software like Aldus PageMaker including versions of Lorem Ipsum.</p>
\n","","","");
INSERT INTO tbl_webcontentsdetail VALUES("42","5","2","0","","","","","");
INSERT INTO tbl_webcontentsdetail VALUES("43","5","4","0","","","","","");
INSERT INTO tbl_webcontentsdetail VALUES("44","5","5","0","","","","","");
INSERT INTO tbl_webcontentsdetail VALUES("45","5","6","0","","","","","");
INSERT INTO tbl_webcontentsdetail VALUES("46","5","7","0","","","","","");
INSERT INTO tbl_webcontentsdetail VALUES("47","5","8","0","","","","","");
INSERT INTO tbl_webcontentsdetail VALUES("48","5","9","0","","","","","");
INSERT INTO tbl_webcontentsdetail VALUES("49","6","1","0","Distribiton Application","<p><strong>SNJ IMPEX </strong>is simply dummy text of the printing and typesetting industry. Lorem Ipsum has been the industry&#39;s standard dummy text ever since the 1500s, when an unknown printer took a galley of type and scrambled it to make a type specimen book. It has survived not only five centuries, but also the leap into electronic typesetting, remaining essentially unchanged. It was popularised in the 1960s with the release of Letraset sheets containing Lorem Ipsum passages, and more recently with desktop publishing software like Aldus PageMaker including versions of Lorem Ipsum.</p>
\n","","","");
INSERT INTO tbl_webcontentsdetail VALUES("50","6","2","0","","","","","");
INSERT INTO tbl_webcontentsdetail VALUES("51","6","4","0","","","","","");
INSERT INTO tbl_webcontentsdetail VALUES("52","6","5","0","","","","","");
INSERT INTO tbl_webcontentsdetail VALUES("53","6","6","0","","","","","");
INSERT INTO tbl_webcontentsdetail VALUES("54","6","7","0","","","","","");
INSERT INTO tbl_webcontentsdetail VALUES("55","6","8","0","","","","","");
INSERT INTO tbl_webcontentsdetail VALUES("56","6","9","0","","","","","");
INSERT INTO tbl_webcontentsdetail VALUES("57","7","1","0","QUICK CONTCAT","<p><strong>The Gloves Company</strong></p>
\n
\n<p>Main Capital Road</p>
\n
\n<p>Sialkot, Pakistan</p>
\n
\n<p><strong style=\"line-height:1.6em\">Phone:</strong><span style=\"line-height:1.6em\">&nbsp; &nbsp; &nbsp;</span></p>
\n
\n<p><strong>Email:</strong>&nbsp;&nbsp;&nbsp;&nbsp;&nbsp; <a href=\"http://www.theglovescompany.com\" target=\"_blank\"><span style=\"color:#FF0000\">info@theglovescompany.com</span></a></p>
\n
\n<p>&nbsp;</p>
\n","","","");
INSERT INTO tbl_webcontentsdetail VALUES("58","7","2","0","","","","","");
INSERT INTO tbl_webcontentsdetail VALUES("59","7","4","0","","","","","");
INSERT INTO tbl_webcontentsdetail VALUES("60","7","5","0","","","","","");
INSERT INTO tbl_webcontentsdetail VALUES("61","7","6","0","","","","","");
INSERT INTO tbl_webcontentsdetail VALUES("62","7","7","0","","","","","");
INSERT INTO tbl_webcontentsdetail VALUES("63","7","8","0","","","","","");
INSERT INTO tbl_webcontentsdetail VALUES("64","7","9","0","","","","","");
INSERT INTO tbl_webcontentsdetail VALUES("65","8","1","0","Returen Policy","<p><strong>FASHION RUNWAY</strong> is simply dummy text of the printing and typesetting industry. Lorem Ipsum has been the industry&#39;s standard dummy text ever since the 1500s, when an unknown printer took a galley of type and scrambled it to make a type specimen book. It has survived not only five centuries, but also the leap into electronic typesetting, remaining essentially unchanged. It was popularised in the 1960s with the release of Letraset sheets containing Lorem Ipsum passages, and more recently with desktop publishing software like Aldus PageMaker including versions of Lorem Ipsum.</p>
\n","Returen Policy","","");
INSERT INTO tbl_webcontentsdetail VALUES("66","8","2","0","","","","","");
INSERT INTO tbl_webcontentsdetail VALUES("67","8","4","0","","","","","");
INSERT INTO tbl_webcontentsdetail VALUES("68","8","5","0","","","","","");
INSERT INTO tbl_webcontentsdetail VALUES("69","8","6","0","","","","","");
INSERT INTO tbl_webcontentsdetail VALUES("70","8","7","0","","","","","");
INSERT INTO tbl_webcontentsdetail VALUES("71","8","8","0","","","","","");
INSERT INTO tbl_webcontentsdetail VALUES("72","8","9","0","","","","","");
INSERT INTO tbl_webcontentsdetail VALUES("73","9","1","0","Shipping ","<p><strong>FASHION RUNWAY</strong> is simply dummy text of the printing and typesetting industry. Lorem Ipsum has been the industry&#39;s standard dummy text ever since the 1500s, when an unknown printer took a galley of type and scrambled it to make a type specimen book. It has survived not only five centuries, but also the leap into electronic typesetting, remaining essentially unchanged. It was popularised in the 1960s with the release of Letraset sheets containing Lorem Ipsum passages, and more recently with desktop publishing software like Aldus PageMaker including versions of Lorem Ipsum.</p>
\n","Shipping ","","");
INSERT INTO tbl_webcontentsdetail VALUES("74","9","2","0","","","","","");
INSERT INTO tbl_webcontentsdetail VALUES("75","9","4","0","","","","","");
INSERT INTO tbl_webcontentsdetail VALUES("76","9","5","0","","","","","");
INSERT INTO tbl_webcontentsdetail VALUES("77","9","6","0","","","","","");
INSERT INTO tbl_webcontentsdetail VALUES("78","9","7","0","","","","","");
INSERT INTO tbl_webcontentsdetail VALUES("79","9","8","0","","","","","");
INSERT INTO tbl_webcontentsdetail VALUES("80","9","9","0","","","","","");
INSERT INTO tbl_webcontentsdetail VALUES("81","10","1","0","Warranty","<p><strong>FASHION RUNWAY</strong> is simply dummy text of the printing and typesetting industry. Lorem Ipsum has been the industry&#39;s standard dummy text ever since the 1500s, when an unknown printer took a galley of type and scrambled it to make a type specimen book. It has survived not only five centuries, but also the leap into electronic typesetting, remaining essentially unchanged. It was popularised in the 1960s with the release of Letraset sheets containing Lorem Ipsum passages, and more recently with desktop publishing software like Aldus PageMaker including versions of Lorem Ipsum.</p>
\n","","","");
INSERT INTO tbl_webcontentsdetail VALUES("82","10","2","0","","","","","");
INSERT INTO tbl_webcontentsdetail VALUES("83","10","4","0","","","","","");
INSERT INTO tbl_webcontentsdetail VALUES("84","10","5","0","","","","","");
INSERT INTO tbl_webcontentsdetail VALUES("85","10","6","0","","","","","");
INSERT INTO tbl_webcontentsdetail VALUES("86","10","7","0","","","","","");
INSERT INTO tbl_webcontentsdetail VALUES("87","10","8","0","","","","","");
INSERT INTO tbl_webcontentsdetail VALUES("88","10","9","0","","","","","");
INSERT INTO tbl_webcontentsdetail VALUES("89","11","1","0","Faqs","<p><strong>FASHION RUNWAY</strong> is simply dummy text of the printing and typesetting industry. Lorem Ipsum has been the industry&#39;s standard dummy text ever since the 1500s, when an unknown printer took a galley of type and scrambled it to make a type specimen book. It has survived not only five centuries, but also the leap into electronic typesetting, remaining essentially unchanged. It was popularised in the 1960s with the release of Letraset sheets containing Lorem Ipsum passages, and more recently with desktop publishing software like Aldus PageMaker including versions of Lorem Ipsum.</p>
\n","","","");
INSERT INTO tbl_webcontentsdetail VALUES("90","11","2","0","","","","","");
INSERT INTO tbl_webcontentsdetail VALUES("91","11","4","0","","","","","");
INSERT INTO tbl_webcontentsdetail VALUES("92","11","5","0","","","","","");
INSERT INTO tbl_webcontentsdetail VALUES("93","11","6","0","","","","","");
INSERT INTO tbl_webcontentsdetail VALUES("94","11","7","0","","","","","");
INSERT INTO tbl_webcontentsdetail VALUES("95","11","8","0","","","","","");
INSERT INTO tbl_webcontentsdetail VALUES("96","11","9","0","","","","","");
INSERT INTO tbl_webcontentsdetail VALUES("97","12","1","0","Return Policy","","","","");
INSERT INTO tbl_webcontentsdetail VALUES("98","12","2","0","","","","","");
INSERT INTO tbl_webcontentsdetail VALUES("99","12","4","0","","","","","");
INSERT INTO tbl_webcontentsdetail VALUES("100","12","5","0","","","","","");
INSERT INTO tbl_webcontentsdetail VALUES("101","12","6","0","","","","","");
INSERT INTO tbl_webcontentsdetail VALUES("102","12","7","0","","","","","");
INSERT INTO tbl_webcontentsdetail VALUES("103","12","8","0","","","","","");
INSERT INTO tbl_webcontentsdetail VALUES("104","12","9","0","","","","","");
INSERT INTO tbl_webcontentsdetail VALUES("105","13","1","0","Managment","","","","");
INSERT INTO tbl_webcontentsdetail VALUES("106","13","2","0","","","","","");
INSERT INTO tbl_webcontentsdetail VALUES("107","13","4","0","","","","","");
INSERT INTO tbl_webcontentsdetail VALUES("108","13","5","0","","","","","");
INSERT INTO tbl_webcontentsdetail VALUES("109","13","6","0","","","","","");
INSERT INTO tbl_webcontentsdetail VALUES("110","13","7","0","","","","","");
INSERT INTO tbl_webcontentsdetail VALUES("111","13","8","0","","","","","");
INSERT INTO tbl_webcontentsdetail VALUES("112","13","9","0","","","","","");
INSERT INTO tbl_webcontentsdetail VALUES("113","14","1","0","Business Links","","","","");
INSERT INTO tbl_webcontentsdetail VALUES("114","14","2","0","","","","","");
INSERT INTO tbl_webcontentsdetail VALUES("115","14","4","0","","","","","");
INSERT INTO tbl_webcontentsdetail VALUES("116","14","5","0","","","","","");
INSERT INTO tbl_webcontentsdetail VALUES("117","14","6","0","","","","","");
INSERT INTO tbl_webcontentsdetail VALUES("118","14","7","0","","","","","");
INSERT INTO tbl_webcontentsdetail VALUES("119","14","8","0","","","","","");
INSERT INTO tbl_webcontentsdetail VALUES("120","14","9","0","","","","","");
INSERT INTO tbl_webcontentsdetail VALUES("121","15","1","0","Our Clients","","","","");
INSERT INTO tbl_webcontentsdetail VALUES("122","15","2","0","","","","","");
INSERT INTO tbl_webcontentsdetail VALUES("123","15","4","0","","","","","");
INSERT INTO tbl_webcontentsdetail VALUES("124","15","5","0","","","","","");
INSERT INTO tbl_webcontentsdetail VALUES("125","15","6","0","","","","","");
INSERT INTO tbl_webcontentsdetail VALUES("126","15","7","0","","","","","");
INSERT INTO tbl_webcontentsdetail VALUES("127","15","8","0","","","","","");
INSERT INTO tbl_webcontentsdetail VALUES("128","15","9","0","","","","","");
INSERT INTO tbl_webcontentsdetail VALUES("129","16","1","0","Export Progress","","","","");
INSERT INTO tbl_webcontentsdetail VALUES("130","16","2","0","","","","","");
INSERT INTO tbl_webcontentsdetail VALUES("131","16","4","0","","","","","");
INSERT INTO tbl_webcontentsdetail VALUES("132","16","5","0","","","","","");
INSERT INTO tbl_webcontentsdetail VALUES("133","16","6","0","","","","","");
INSERT INTO tbl_webcontentsdetail VALUES("134","16","7","0","","","","","");
INSERT INTO tbl_webcontentsdetail VALUES("135","16","8","0","","","","","");
INSERT INTO tbl_webcontentsdetail VALUES("136","16","9","0","","","","","");
INSERT INTO tbl_webcontentsdetail VALUES("137","17","1","0","Career","","","","");
INSERT INTO tbl_webcontentsdetail VALUES("138","17","2","0","","","","","");
INSERT INTO tbl_webcontentsdetail VALUES("139","17","4","0","","","","","");
INSERT INTO tbl_webcontentsdetail VALUES("140","17","5","0","","","","","");
INSERT INTO tbl_webcontentsdetail VALUES("141","17","6","0","","","","","");
INSERT INTO tbl_webcontentsdetail VALUES("142","17","7","0","","","","","");
INSERT INTO tbl_webcontentsdetail VALUES("143","17","8","0","","","","","");
INSERT INTO tbl_webcontentsdetail VALUES("144","17","9","0","","","","","");
INSERT INTO tbl_webcontentsdetail VALUES("145","18","1","0","Downloads","","","","");
INSERT INTO tbl_webcontentsdetail VALUES("146","18","2","0","","","","","");
INSERT INTO tbl_webcontentsdetail VALUES("147","18","4","0","","","","","");
INSERT INTO tbl_webcontentsdetail VALUES("148","18","5","0","","","","","");
INSERT INTO tbl_webcontentsdetail VALUES("149","18","6","0","","","","","");
INSERT INTO tbl_webcontentsdetail VALUES("150","18","7","0","","","","","");
INSERT INTO tbl_webcontentsdetail VALUES("151","18","8","0","","","","","");
INSERT INTO tbl_webcontentsdetail VALUES("152","18","9","0","","","","","");
INSERT INTO tbl_webcontentsdetail VALUES("153","19","1","0","Bulk Supplies","","","","");
INSERT INTO tbl_webcontentsdetail VALUES("154","19","2","0","","","","","");
INSERT INTO tbl_webcontentsdetail VALUES("155","19","4","0","","","","","");
INSERT INTO tbl_webcontentsdetail VALUES("156","19","5","0","","","","","");
INSERT INTO tbl_webcontentsdetail VALUES("157","19","6","0","","","","","");
INSERT INTO tbl_webcontentsdetail VALUES("158","19","7","0","","","","","");
INSERT INTO tbl_webcontentsdetail VALUES("159","19","8","0","","","","","");
INSERT INTO tbl_webcontentsdetail VALUES("160","19","9","0","","","","","");
INSERT INTO tbl_webcontentsdetail VALUES("161","20","1","0","Wholesale Price","","","","");
INSERT INTO tbl_webcontentsdetail VALUES("162","20","2","0","","","","","");
INSERT INTO tbl_webcontentsdetail VALUES("163","20","4","0","","","","","");
INSERT INTO tbl_webcontentsdetail VALUES("164","20","5","0","","","","","");
INSERT INTO tbl_webcontentsdetail VALUES("165","20","6","0","","","","","");
INSERT INTO tbl_webcontentsdetail VALUES("166","20","7","0","","","","","");
INSERT INTO tbl_webcontentsdetail VALUES("167","20","8","0","","","","","");
INSERT INTO tbl_webcontentsdetail VALUES("168","20","9","0","","","","","");
INSERT INTO tbl_webcontentsdetail VALUES("169","21","1","0","Distributors & Agents","","","","");
INSERT INTO tbl_webcontentsdetail VALUES("170","21","2","0","","","","","");
INSERT INTO tbl_webcontentsdetail VALUES("171","21","4","0","","","","","");
INSERT INTO tbl_webcontentsdetail VALUES("172","21","5","0","","","","","");
INSERT INTO tbl_webcontentsdetail VALUES("173","21","6","0","","","","","");
INSERT INTO tbl_webcontentsdetail VALUES("174","21","7","0","","","","","");
INSERT INTO tbl_webcontentsdetail VALUES("175","21","8","0","","","","","");
INSERT INTO tbl_webcontentsdetail VALUES("176","21","9","0","","","","","");
INSERT INTO tbl_webcontentsdetail VALUES("177","22","1","0","Manufacturers","","","","");
INSERT INTO tbl_webcontentsdetail VALUES("178","22","2","0","","","","","");
INSERT INTO tbl_webcontentsdetail VALUES("179","22","4","0","","","","","");
INSERT INTO tbl_webcontentsdetail VALUES("180","22","5","0","","","","","");
INSERT INTO tbl_webcontentsdetail VALUES("181","22","6","0","","","","","");
INSERT INTO tbl_webcontentsdetail VALUES("182","22","7","0","","","","","");
INSERT INTO tbl_webcontentsdetail VALUES("183","22","8","0","","","","","");
INSERT INTO tbl_webcontentsdetail VALUES("184","22","9","0","","","","","");
INSERT INTO tbl_webcontentsdetail VALUES("185","25","1","0","Factory Tour","","","","");
INSERT INTO tbl_webcontentsdetail VALUES("186","25","2","0","","","","","");
INSERT INTO tbl_webcontentsdetail VALUES("187","25","4","0","","","","","");
INSERT INTO tbl_webcontentsdetail VALUES("188","25","5","0","","","","","");
INSERT INTO tbl_webcontentsdetail VALUES("189","25","6","0","","","","","");
INSERT INTO tbl_webcontentsdetail VALUES("190","25","7","0","","","","","");
INSERT INTO tbl_webcontentsdetail VALUES("191","25","8","0","","","","","");
INSERT INTO tbl_webcontentsdetail VALUES("192","25","9","0","","","","","");
INSERT INTO tbl_webcontentsdetail VALUES("193","24","1","0","Legal","","","","");
INSERT INTO tbl_webcontentsdetail VALUES("194","24","2","0","","","","","");
INSERT INTO tbl_webcontentsdetail VALUES("195","24","4","0","","","","","");
INSERT INTO tbl_webcontentsdetail VALUES("196","24","5","0","","","","","");
INSERT INTO tbl_webcontentsdetail VALUES("197","24","6","0","","","","","");
INSERT INTO tbl_webcontentsdetail VALUES("198","24","7","0","","","","","");
INSERT INTO tbl_webcontentsdetail VALUES("199","24","8","0","","","","","");
INSERT INTO tbl_webcontentsdetail VALUES("200","24","9","0","","","","","");
INSERT INTO tbl_webcontentsdetail VALUES("201","26","1","0","Our Partners","","","","");
INSERT INTO tbl_webcontentsdetail VALUES("202","26","2","0","","","","","");
INSERT INTO tbl_webcontentsdetail VALUES("203","26","4","0","","","","","");
INSERT INTO tbl_webcontentsdetail VALUES("204","26","5","0","","","","","");
INSERT INTO tbl_webcontentsdetail VALUES("205","26","6","0","","","","","");
INSERT INTO tbl_webcontentsdetail VALUES("206","26","7","0","","","","","");
INSERT INTO tbl_webcontentsdetail VALUES("207","26","8","0","","","","","");
INSERT INTO tbl_webcontentsdetail VALUES("208","26","9","0","","","","","");
INSERT INTO tbl_webcontentsdetail VALUES("209","23","1","0","Customs","","","","");
INSERT INTO tbl_webcontentsdetail VALUES("210","23","2","0","","","","","");
INSERT INTO tbl_webcontentsdetail VALUES("211","23","4","0","","","","","");
INSERT INTO tbl_webcontentsdetail VALUES("212","23","5","0","","","","","");
INSERT INTO tbl_webcontentsdetail VALUES("213","23","6","0","","","","","");
INSERT INTO tbl_webcontentsdetail VALUES("214","23","7","0","","","","","");
INSERT INTO tbl_webcontentsdetail VALUES("215","23","8","0","","","","","");
INSERT INTO tbl_webcontentsdetail VALUES("216","23","9","0","","","","","");
INSERT INTO tbl_webcontentsdetail VALUES("217","27","1","0","Weekend Hours","","","","");
INSERT INTO tbl_webcontentsdetail VALUES("218","27","2","0","","","","","");
INSERT INTO tbl_webcontentsdetail VALUES("219","27","4","0","","","","","");
INSERT INTO tbl_webcontentsdetail VALUES("220","27","5","0","","","","","");
INSERT INTO tbl_webcontentsdetail VALUES("221","27","6","0","","","","","");
INSERT INTO tbl_webcontentsdetail VALUES("222","27","7","0","","","","","");
INSERT INTO tbl_webcontentsdetail VALUES("223","27","8","0","","","","","");
INSERT INTO tbl_webcontentsdetail VALUES("224","27","9","0","","","","","");
INSERT INTO tbl_webcontentsdetail VALUES("225","28","1","0","Order Status","","","","");
INSERT INTO tbl_webcontentsdetail VALUES("226","28","2","0","","","","","");
INSERT INTO tbl_webcontentsdetail VALUES("227","28","4","0","","","","","");
INSERT INTO tbl_webcontentsdetail VALUES("228","28","5","0","","","","","");
INSERT INTO tbl_webcontentsdetail VALUES("229","28","6","0","","","","","");
INSERT INTO tbl_webcontentsdetail VALUES("230","28","7","0","","","","","");
INSERT INTO tbl_webcontentsdetail VALUES("231","28","8","0","","","","","");
INSERT INTO tbl_webcontentsdetail VALUES("232","28","9","0","","","","","");
INSERT INTO tbl_webcontentsdetail VALUES("233","29","1","0","Marketing","","","","");
INSERT INTO tbl_webcontentsdetail VALUES("234","29","2","0","","","","","");
INSERT INTO tbl_webcontentsdetail VALUES("235","29","4","0","","","","","");
INSERT INTO tbl_webcontentsdetail VALUES("236","29","5","0","","","","","");
INSERT INTO tbl_webcontentsdetail VALUES("237","29","6","0","","","","","");
INSERT INTO tbl_webcontentsdetail VALUES("238","29","7","0","","","","","");
INSERT INTO tbl_webcontentsdetail VALUES("239","29","8","0","","","","","");
INSERT INTO tbl_webcontentsdetail VALUES("240","29","9","0","","","","","");
INSERT INTO tbl_webcontentsdetail VALUES("241","30","1","0","Useful Links","","","","");
INSERT INTO tbl_webcontentsdetail VALUES("242","30","2","0","","","","","");
INSERT INTO tbl_webcontentsdetail VALUES("243","30","4","0","","","","","");
INSERT INTO tbl_webcontentsdetail VALUES("244","30","5","0","","","","","");
INSERT INTO tbl_webcontentsdetail VALUES("245","30","6","0","","","","","");
INSERT INTO tbl_webcontentsdetail VALUES("246","30","7","0","","","","","");
INSERT INTO tbl_webcontentsdetail VALUES("247","30","8","0","","","","","");
INSERT INTO tbl_webcontentsdetail VALUES("248","30","9","0","","","","","");





CREATE TABLE `tbl_webfiles` (
  `rn` int(11) NOT NULL,
  `filename` varchar(250) CHARACTER SET utf8 NOT NULL,
  `filesize` int(11) NOT NULL DEFAULT '0'
) ENGINE=InnoDB DEFAULT CHARSET=latin1;




