# Table backup from MySql PHP Backup
# Creation date: 10-Apr-2014 12:27


CREATE TABLE `tbl_administrators` (
  `rn` int(11) NOT NULL,
  `rt` tinyint(1) NOT NULL,
  `rs` tinyint(1) NOT NULL,
  `username` varchar(255) NOT NULL,
  `password` varchar(255) NOT NULL,
  `nname` varchar(252) NOT NULL,
  `fname` varchar(252) NOT NULL,
  `lname` varchar(252) NOT NULL,
  `gender` varchar(252) NOT NULL,
  `dob` varchar(252) NOT NULL,
  `country` int(11) NOT NULL,
  `state` varchar(252) NOT NULL,
  `city` varchar(252) NOT NULL,
  `skype` varchar(252) NOT NULL,
  `email` varchar(252) NOT NULL,
  `cell` varchar(252) NOT NULL,
  `details` text NOT NULL,
  `sname` varchar(252) NOT NULL,
  `stimeh` int(2) NOT NULL,
  `stimem` int(2) NOT NULL,
  `etimeh` int(2) NOT NULL,
  `etimem` int(2) NOT NULL,
  `sdays` varchar(252) NOT NULL,
  `votes` int(11) NOT NULL,
  `score` varchar(252) NOT NULL DEFAULT '0',
  `file1` varchar(252) NOT NULL,
  PRIMARY KEY (`rn`)
) ENGINE=InnoDB DEFAULT CHARSET=utf8;

INSERT INTO tbl_administrators VALUES("1","1","1","admin","123","MianG","Shoaib","Munir","Male","29/02/1988","162","Punjab","Sialkot","shonirits","shoaib@shonir.com","+92 333 808 66 11","My name is Shoaib. im working in Shonir IT Solutions and this is MuskanFM. My name is Shoaib. im working in Shonir IT Solutions and this is MuskanFM. My name is Shoaib. im working in Shonir IT Solutions and this is MuskanFM. My name is Shoaib. im working in Shonir IT Solutions and this is MuskanFM. My name is Shoaib. im working in Shonir IT Solutions and this is MuskanFM. My name is Shoaib. im working in Shonir IT Solutions and this is MuskanFM. My name is Shoaib. im working in Shonir IT Solutions and this is MuskanFM. My name is Shoaib. im working in Shonir IT Solutions and this is MuskanFM. My name is Shoaib. im working in Shonir IT Solutions and this is MuskanFM. My name is Shoaib. im working in Shonir IT Solutions and this is MuskanFM. My name is Shoaib. im working in Shonir IT Solutions and this is MuskanFM. My name is Shoaib. im working in Shonir IT Solutions and this is MuskanFM. My name is Shoaib. im working in Shonir IT Solutions and this is MuskanFM. My name is Shoaib. im working in Shonir IT Solutions and this is MuskanFM. My name is Shoaib. im working in Shonir IT Solutions and this is MuskanFM. My name is Shoaib. im working in Shonir IT Solutions and this is MuskanFM.","","0","0","0","0","","12","45","ads_1359469596.jpg");





CREATE TABLE `tbl_ads` (
  `rn` int(11) NOT NULL,
  `pn` int(11) NOT NULL,
  `sn` int(11) NOT NULL DEFAULT '0',
  `ps` varchar(1) NOT NULL DEFAULT 'n',
  `name` varchar(252) DEFAULT NULL,
  `url` varchar(252) DEFAULT NULL,
  `impression` int(11) NOT NULL DEFAULT '0',
  `clicks` int(11) NOT NULL DEFAULT '0',
  `banner` varchar(52) NOT NULL DEFAULT 'image',
  `filename` varchar(252) DEFAULT NULL
) ENGINE=InnoDB DEFAULT CHARSET=utf8;

INSERT INTO tbl_ads VALUES("11172","1","0","y","this is 1st banner","","80","0","image","ads_1289629064.gif");
INSERT INTO tbl_ads VALUES("11173","2","0","y","Shonir Banner","","17","0","image","ads_1289630809.jpg");
INSERT INTO tbl_ads VALUES("11174","8","0","y","Shonir Banner","","13","0","image","ads_1289630838.jpg");
INSERT INTO tbl_ads VALUES("11175","3","0","y","Shonir Banner","","32","0","image","ads_1289630857.jpg");
INSERT INTO tbl_ads VALUES("11176","4","0","y","Shonir Banner","","5","0","image","ads_1289630899.jpg");
INSERT INTO tbl_ads VALUES("11177","1","0","y","this is 2nd banner","","76","0","image","ads_1289630960.jpg");





CREATE TABLE `tbl_adsgroups` (
  `rn` int(11) NOT NULL,
  `sn` int(11) NOT NULL DEFAULT '0',
  `pn` int(11) NOT NULL,
  `name` varchar(52) NOT NULL,
  `description` text,
  `bansize` varchar(52) DEFAULT NULL
) ENGINE=InnoDB DEFAULT CHARSET=utf8;

INSERT INTO tbl_adsgroups VALUES("1","1","0","SHonir","","521x288");
INSERT INTO tbl_adsgroups VALUES("2","2","220","Leather Garments","","521x288");
INSERT INTO tbl_adsgroups VALUES("3","4","224","Gloves","","521x288");
INSERT INTO tbl_adsgroups VALUES("4","5","226","Boots","","521x288");
INSERT INTO tbl_adsgroups VALUES("5","6","260","Saddle Bags","","521x288");
INSERT INTO tbl_adsgroups VALUES("6","7","262","Accessories","","521x288");
INSERT INTO tbl_adsgroups VALUES("8","3","222","Textile Garments","","521x288");





CREATE TABLE `tbl_categories` (
  `rn` int(11) NOT NULL,
  `pn` int(11) NOT NULL DEFAULT '0',
  `pc` varchar(1) NOT NULL DEFAULT 'n',
  `sc` varchar(1) NOT NULL DEFAULT 'n',
  `sn` int(11) NOT NULL DEFAULT '0',
  `ai` varchar(1) NOT NULL DEFAULT 'n',
  `ia` varchar(1) NOT NULL DEFAULT 'y',
  `pslug` varchar(252) NOT NULL,
  `file1` varchar(252) NOT NULL DEFAULT 'n/a',
  `file2` varchar(252) NOT NULL DEFAULT 'n/a',
  `file3` varchar(252) NOT NULL,
  PRIMARY KEY (`rn`)
) ENGINE=InnoDB DEFAULT CHARSET=utf8;

INSERT INTO tbl_categories VALUES("493","411","n","y","0","y","y","GLOVES","n/a","n/a","n/a");
INSERT INTO tbl_categories VALUES("495","493","n","y","0","y","y","Motorbike-Gloves","n/a","n/a","n/a");
INSERT INTO tbl_categories VALUES("497","493","n","y","0","y","y","Motocross-Gloves","n/a","n/a","n/a");
INSERT INTO tbl_categories VALUES("499","493","n","y","0","y","y","Ski-Gloves","n/a","n/a","n/a");
INSERT INTO tbl_categories VALUES("501","493","n","y","0","y","y","Working-Gloves","n/a","n/a","n/a");
INSERT INTO tbl_categories VALUES("503","493","n","y","0","y","y","Police-Gloves","n/a","n/a","n/a");
INSERT INTO tbl_categories VALUES("505","493","n","y","0","y","y","Mechanix-Gloves","n/a","n/a","n/a");
INSERT INTO tbl_categories VALUES("507","493","n","y","0","y","y","Cycling-Gloves","n/a","n/a","n/a");
INSERT INTO tbl_categories VALUES("509","493","n","y","0","y","y","Industrial-Gloves","n/a","n/a","n/a");
INSERT INTO tbl_categories VALUES("511","493","n","y","0","y","y","Soccer-Gloves","n/a","n/a","n/a");
INSERT INTO tbl_categories VALUES("513","493","n","y","0","y","y","Fashion-Gloves","n/a","n/a","n/a");
INSERT INTO tbl_categories VALUES("515","493","n","y","0","y","y","Nomex-Gloves","n/a","n/a","n/a");
INSERT INTO tbl_categories VALUES("517","493","n","y","0","y","y","Kavelor-Gloves","n/a","n/a","n/a");
INSERT INTO tbl_categories VALUES("519","493","n","y","0","y","y","Golf-Gloves","n/a","n/a","n/a");
INSERT INTO tbl_categories VALUES("521","493","n","y","0","y","y","Weight-Lifting-Gloves","n/a","n/a","n/a");
INSERT INTO tbl_categories VALUES("523","493","n","y","0","y","y","Veterinary-Gloves","n/a","n/a","n/a");
INSERT INTO tbl_categories VALUES("525","493","n","y","0","y","y","Welding-Gloves","n/a","n/a","n/a");
INSERT INTO tbl_categories VALUES("527","493","n","y","0","y","y","Gardening-Gloves","n/a","n/a","n/a");
INSERT INTO tbl_categories VALUES("529","0","n","y","0","y","y","GLOVES","n/a","n/a","n/a");
INSERT INTO tbl_categories VALUES("531","529","n","y","0","y","y","Motorbike-Gloves","n/a","n/a","n/a");
INSERT INTO tbl_categories VALUES("533","529","n","y","0","y","y","Motocross-Gloves","n/a","n/a","n/a");
INSERT INTO tbl_categories VALUES("535","529","n","y","0","y","y","Ski-Gloves","n/a","n/a","n/a");
INSERT INTO tbl_categories VALUES("537","529","n","y","0","y","y","Working-Gloves","n/a","n/a","n/a");
INSERT INTO tbl_categories VALUES("539","529","n","y","0","y","y","Police-Gloves","n/a","n/a","n/a");
INSERT INTO tbl_categories VALUES("541","529","n","y","0","y","y","Mechanix-Gloves","n/a","n/a","n/a");
INSERT INTO tbl_categories VALUES("543","529","n","y","0","y","y","Cycling-Gloves","n/a","n/a","n/a");
INSERT INTO tbl_categories VALUES("545","529","n","y","0","y","y","Industrial-Gloves","n/a","n/a","n/a");
INSERT INTO tbl_categories VALUES("547","529","n","y","0","y","y","Soccer-Gloves","n/a","n/a","n/a");
INSERT INTO tbl_categories VALUES("549","529","n","y","0","y","y","Fashion-Gloves","n/a","n/a","n/a");
INSERT INTO tbl_categories VALUES("551","529","n","y","0","y","y","Nomex-Gloves","n/a","n/a","n/a");
INSERT INTO tbl_categories VALUES("553","529","n","y","0","y","y","Kavelor-Gloves","n/a","n/a","n/a");
INSERT INTO tbl_categories VALUES("555","529","n","y","0","y","y","Golf-Gloves","n/a","n/a","n/a");
INSERT INTO tbl_categories VALUES("557","529","n","y","0","y","y","Weight-Lifting-Gloves","n/a","n/a","n/a");
INSERT INTO tbl_categories VALUES("559","529","n","y","0","y","y","Veterinary-Gloves","n/a","n/a","n/a");
INSERT INTO tbl_categories VALUES("561","529","n","y","0","y","y","Welding-Gloves","n/a","n/a","n/a");
INSERT INTO tbl_categories VALUES("563","529","n","y","0","y","y","Gardening-Gloves","n/a","n/a","n/a");





CREATE TABLE `tbl_categoriesdetails` (
  `rn` int(11) NOT NULL,
  `pn` int(11) NOT NULL DEFAULT '0',
  `ln` int(11) NOT NULL DEFAULT '0',
  `name` varchar(255) DEFAULT NULL,
  `description` text NOT NULL,
  `mtitle` varchar(252) NOT NULL,
  `mdescription` text NOT NULL,
  `mkeywords` text NOT NULL,
  PRIMARY KEY (`rn`)
) ENGINE=InnoDB DEFAULT CHARSET=utf8;

INSERT INTO tbl_categoriesdetails VALUES("494","493","1","GLOVES","","","","");
INSERT INTO tbl_categoriesdetails VALUES("496","495","1","Motorbike Gloves","","","","");
INSERT INTO tbl_categoriesdetails VALUES("498","497","1","Motocross Gloves","","","","");
INSERT INTO tbl_categoriesdetails VALUES("500","499","1","Ski Gloves","","","","");
INSERT INTO tbl_categoriesdetails VALUES("502","501","1","Working Gloves","","","","");
INSERT INTO tbl_categoriesdetails VALUES("504","503","1","Police Gloves","","","","");
INSERT INTO tbl_categoriesdetails VALUES("506","505","1","Mechanix Gloves","","","","");
INSERT INTO tbl_categoriesdetails VALUES("508","507","1","Cycling Gloves","","","","");
INSERT INTO tbl_categoriesdetails VALUES("510","509","1","Industrial Gloves","","","","");
INSERT INTO tbl_categoriesdetails VALUES("512","511","1","Soccer Gloves","","","","");
INSERT INTO tbl_categoriesdetails VALUES("514","513","1","Fashion Gloves","","","","");
INSERT INTO tbl_categoriesdetails VALUES("516","515","1","Nomex Gloves","","","","");
INSERT INTO tbl_categoriesdetails VALUES("518","517","1","Kavelor Gloves","","","","");
INSERT INTO tbl_categoriesdetails VALUES("520","519","1","Golf Gloves","","","","");
INSERT INTO tbl_categoriesdetails VALUES("522","521","1","Weight Lifting Gloves","","","","");
INSERT INTO tbl_categoriesdetails VALUES("524","523","1","Veterinary Gloves","","","","");
INSERT INTO tbl_categoriesdetails VALUES("526","525","1","Welding Gloves","","","","");
INSERT INTO tbl_categoriesdetails VALUES("528","527","1","Gardening Gloves","","","","");
INSERT INTO tbl_categoriesdetails VALUES("530","529","1","GLOVES","","","","");
INSERT INTO tbl_categoriesdetails VALUES("532","531","1","Motorbike Gloves","","","","");
INSERT INTO tbl_categoriesdetails VALUES("534","533","1","Motocross Gloves","","","","");
INSERT INTO tbl_categoriesdetails VALUES("536","535","1","Ski Gloves","","","","");
INSERT INTO tbl_categoriesdetails VALUES("538","537","1","Working Gloves","","","","");
INSERT INTO tbl_categoriesdetails VALUES("540","539","1","Police Gloves","","","","");
INSERT INTO tbl_categoriesdetails VALUES("542","541","1","Mechanix Gloves","","","","");
INSERT INTO tbl_categoriesdetails VALUES("544","543","1","Cycling Gloves","","","","");
INSERT INTO tbl_categoriesdetails VALUES("546","545","1","Industrial Gloves","","","","");
INSERT INTO tbl_categoriesdetails VALUES("548","547","1","Soccer Gloves","","","","");
INSERT INTO tbl_categoriesdetails VALUES("550","549","1","Fashion Gloves","","","","");
INSERT INTO tbl_categoriesdetails VALUES("552","551","1","Nomex Gloves","","","","");
INSERT INTO tbl_categoriesdetails VALUES("554","553","1","Kavelor Gloves","","","","");
INSERT INTO tbl_categoriesdetails VALUES("556","555","1","Golf Gloves","","","","");
INSERT INTO tbl_categoriesdetails VALUES("558","557","1","Weight Lifting Gloves","","","","");
INSERT INTO tbl_categoriesdetails VALUES("560","559","1","Veterinary Gloves","","","","");
INSERT INTO tbl_categoriesdetails VALUES("562","561","1","Welding Gloves","","","","");
INSERT INTO tbl_categoriesdetails VALUES("564","563","1","Gardening Gloves","","","","");





CREATE TABLE `tbl_configure` (
  `shonir` varchar(1) NOT NULL,
  `esmtp` varchar(252) NOT NULL,
  `eport` int(11) NOT NULL,
  `elogin` varchar(252) NOT NULL,
  `epassword` varchar(252) NOT NULL,
  `efrom` varchar(252) NOT NULL,
  `ereply` varchar(252) NOT NULL,
  `title` varchar(252) NOT NULL,
  `description` text NOT NULL,
  `keywords` text NOT NULL,
  `htmlcode` text NOT NULL,
  `linkedin` varchar(252) NOT NULL,
  `facebook` varchar(252) NOT NULL,
  `twitter` varchar(252) NOT NULL,
  `youtube` varchar(252) NOT NULL,
  `pinterest` varchar(252) NOT NULL,
  `google` varchar(252) NOT NULL,
  `paysha` varchar(252) NOT NULL,
  `blogger` varchar(252) NOT NULL,
  `flickr` varchar(252) NOT NULL,
  `skype` varchar(252) NOT NULL,
  `myspace` varchar(252) NOT NULL,
  `tumblr` varchar(252) NOT NULL
) ENGINE=InnoDB DEFAULT CHARSET=utf8;

INSERT INTO tbl_configure VALUES("y","mail.alsportsindustry.com","25","smtp@alsportsindustry.com","786@shonir!","info@alsportsindustry.com","info@alsportsindustry.com","SNJ IMPEX :: >> | << ::","Manufacturer cum Exporter of top quality outdoor adventure, hunting Gear, Police and Military Equipment,Equestrian Products and travel gear ","Hunting and shooting Gear, Equestrian Products, Outdoor Equipment, Military Products, Police Equipment, Gloves","","http://www.linkedin.com/shonirits","http://www.facebook.com/shonirits/","http://www.twitter.com/shonirits/","http://www.youtube.com/shonirits","http://www.pinterest.com/shonirits","http://www.google.com/shonirits","http://www.paysha.com/shonirits","http://www.blogger.com/shonirits","http://www.flickr.com/shonirits","shonirits","http://www.myspace.com/shonirits","http://www.tumblr.com/shonirits");





CREATE TABLE `tbl_countries` (
  `id` int(11) NOT NULL AUTO_INCREMENT,
  `title` varchar(52) NOT NULL,
  PRIMARY KEY (`id`)
) ENGINE=MyISAM AUTO_INCREMENT=240 DEFAULT CHARSET=utf8;

INSERT INTO tbl_countries VALUES("1","Afghanistan
");
INSERT INTO tbl_countries VALUES("2","Albania
");
INSERT INTO tbl_countries VALUES("3","Algeria
");
INSERT INTO tbl_countries VALUES("4","American Samoa
");
INSERT INTO tbl_countries VALUES("5","Andorra
");
INSERT INTO tbl_countries VALUES("6","Angola
");
INSERT INTO tbl_countries VALUES("7","Anguilla
");
INSERT INTO tbl_countries VALUES("8","Antarctica
");
INSERT INTO tbl_countries VALUES("9","Antigua and Barbuda
");
INSERT INTO tbl_countries VALUES("10","Argentina
");
INSERT INTO tbl_countries VALUES("11","Armenia
");
INSERT INTO tbl_countries VALUES("12","Aruba
");
INSERT INTO tbl_countries VALUES("13","Australia
");
INSERT INTO tbl_countries VALUES("14","Austria
");
INSERT INTO tbl_countries VALUES("15","Azerbaijan
");
INSERT INTO tbl_countries VALUES("16","Bahamas
");
INSERT INTO tbl_countries VALUES("17","Bahrain
");
INSERT INTO tbl_countries VALUES("18","Bangladesh
");
INSERT INTO tbl_countries VALUES("19","Barbados
");
INSERT INTO tbl_countries VALUES("20","Belarus
");
INSERT INTO tbl_countries VALUES("21","Belgium
");
INSERT INTO tbl_countries VALUES("22","Belize
");
INSERT INTO tbl_countries VALUES("23","Benin
");
INSERT INTO tbl_countries VALUES("24","Bermuda
");
INSERT INTO tbl_countries VALUES("25","Bhutan
");
INSERT INTO tbl_countries VALUES("26","Bolivia
");
INSERT INTO tbl_countries VALUES("27","Bosnia and Herzegovina
");
INSERT INTO tbl_countries VALUES("28","Botswana
");
INSERT INTO tbl_countries VALUES("29","Bouvet Island
");
INSERT INTO tbl_countries VALUES("30","Brazil
");
INSERT INTO tbl_countries VALUES("31","British Indian Ocean Territory
");
INSERT INTO tbl_countries VALUES("32","Brunei Darussalam
");
INSERT INTO tbl_countries VALUES("33","Bulgaria
");
INSERT INTO tbl_countries VALUES("34","Burkina Faso
");
INSERT INTO tbl_countries VALUES("35","Burundi
");
INSERT INTO tbl_countries VALUES("36","Cambodia
");
INSERT INTO tbl_countries VALUES("37","Cameroon
");
INSERT INTO tbl_countries VALUES("38","Canada
");
INSERT INTO tbl_countries VALUES("39","Cape Verde
");
INSERT INTO tbl_countries VALUES("40","Cayman Islands
");
INSERT INTO tbl_countries VALUES("41","Central African Republic
");
INSERT INTO tbl_countries VALUES("42","Chad
");
INSERT INTO tbl_countries VALUES("43","Chile
");
INSERT INTO tbl_countries VALUES("44","China
");
INSERT INTO tbl_countries VALUES("45","Christmas Island
");
INSERT INTO tbl_countries VALUES("46","Cocos (Keeling) Islands
");
INSERT INTO tbl_countries VALUES("47","Colombia
");
INSERT INTO tbl_countries VALUES("48","Comoros
");
INSERT INTO tbl_countries VALUES("49","Congo
");
INSERT INTO tbl_countries VALUES("50","Cook Islands
");
INSERT INTO tbl_countries VALUES("51","Costa Rica
");
INSERT INTO tbl_countries VALUES("52","Cote D&#39;Ivoire (Ivory Coast)
");
INSERT INTO tbl_countries VALUES("53","Croatia (Hrvatska)
");
INSERT INTO tbl_countries VALUES("54","Cuba
");
INSERT INTO tbl_countries VALUES("55","Cyprus
");
INSERT INTO tbl_countries VALUES("56","Czech Republic
");
INSERT INTO tbl_countries VALUES("57","Denmark
");
INSERT INTO tbl_countries VALUES("58","Djibouti
");
INSERT INTO tbl_countries VALUES("59","Dominica
");
INSERT INTO tbl_countries VALUES("60","Dominican Republic
");
INSERT INTO tbl_countries VALUES("61","East Timor
");
INSERT INTO tbl_countries VALUES("62","Ecuador
");
INSERT INTO tbl_countries VALUES("63","Egypt
");
INSERT INTO tbl_countries VALUES("64","El Salvador
");
INSERT INTO tbl_countries VALUES("65","Equatorial Guinea
");
INSERT INTO tbl_countries VALUES("66","Eritrea
");
INSERT INTO tbl_countries VALUES("67","Estonia
");
INSERT INTO tbl_countries VALUES("68","Ethiopia
");
INSERT INTO tbl_countries VALUES("69","Falkland Islands (Malvinas)
");
INSERT INTO tbl_countries VALUES("70","Faroe Islands
");
INSERT INTO tbl_countries VALUES("71","Fiji
");
INSERT INTO tbl_countries VALUES("72","Finland
");
INSERT INTO tbl_countries VALUES("73","France
");
INSERT INTO tbl_countries VALUES("74","French Guiana
");
INSERT INTO tbl_countries VALUES("75","French Polynesia
");
INSERT INTO tbl_countries VALUES("76","French Southern Territories
");
INSERT INTO tbl_countries VALUES("77","Gabon
");
INSERT INTO tbl_countries VALUES("78","Gambia
");
INSERT INTO tbl_countries VALUES("79","Georgia
");
INSERT INTO tbl_countries VALUES("80","Germany
");
INSERT INTO tbl_countries VALUES("81","Ghana
");
INSERT INTO tbl_countries VALUES("82","Gibraltar
");
INSERT INTO tbl_countries VALUES("83","Greece
");
INSERT INTO tbl_countries VALUES("84","Greenland
");
INSERT INTO tbl_countries VALUES("85","Grenada
");
INSERT INTO tbl_countries VALUES("86","Guadeloupe
");
INSERT INTO tbl_countries VALUES("87","Guam
");
INSERT INTO tbl_countries VALUES("88","Guatemala
");
INSERT INTO tbl_countries VALUES("89","Guinea
");
INSERT INTO tbl_countries VALUES("90","Guinea-Bissau
");
INSERT INTO tbl_countries VALUES("91","Guyana
");
INSERT INTO tbl_countries VALUES("92","Haiti
");
INSERT INTO tbl_countries VALUES("93","Heard and McDonald Islands
");
INSERT INTO tbl_countries VALUES("94","Honduras
");
INSERT INTO tbl_countries VALUES("95","Hong Kong
");
INSERT INTO tbl_countries VALUES("96","Hungary
");
INSERT INTO tbl_countries VALUES("97","Iceland
");
INSERT INTO tbl_countries VALUES("98","India
");
INSERT INTO tbl_countries VALUES("99","Indonesia
");
INSERT INTO tbl_countries VALUES("100","Iran
");
INSERT INTO tbl_countries VALUES("101","Iraq
");
INSERT INTO tbl_countries VALUES("102","Ireland
");
INSERT INTO tbl_countries VALUES("103","Israel
");
INSERT INTO tbl_countries VALUES("104","Italy
");
INSERT INTO tbl_countries VALUES("105","Jamaica
");
INSERT INTO tbl_countries VALUES("106","Japan
");
INSERT INTO tbl_countries VALUES("107","Jordan
");
INSERT INTO tbl_countries VALUES("108","Kazakhstan
");
INSERT INTO tbl_countries VALUES("109","Kenya
");
INSERT INTO tbl_countries VALUES("110","Kiribati
");
INSERT INTO tbl_countries VALUES("111","Korea (North)
");
INSERT INTO tbl_countries VALUES("112","Korea (South)
");
INSERT INTO tbl_countries VALUES("113","Kuwait
");
INSERT INTO tbl_countries VALUES("114","Kyrgyzstan
");
INSERT INTO tbl_countries VALUES("115","Laos
");
INSERT INTO tbl_countries VALUES("116","Latvia
");
INSERT INTO tbl_countries VALUES("117","Lebanon
");
INSERT INTO tbl_countries VALUES("118","Lesotho
");
INSERT INTO tbl_countries VALUES("119","Liberia
");
INSERT INTO tbl_countries VALUES("120","Libya
");
INSERT INTO tbl_countries VALUES("121","Liechtenstein
");
INSERT INTO tbl_countries VALUES("122","Lithuania
");
INSERT INTO tbl_countries VALUES("123","Luxembourg
");
INSERT INTO tbl_countries VALUES("124","Macau
");
INSERT INTO tbl_countries VALUES("125","Macedonia
");
INSERT INTO tbl_countries VALUES("126","Madagascar
");
INSERT INTO tbl_countries VALUES("127","Malawi
");
INSERT INTO tbl_countries VALUES("128","Malaysia
");
INSERT INTO tbl_countries VALUES("129","Maldives
");
INSERT INTO tbl_countries VALUES("130","Mali
");
INSERT INTO tbl_countries VALUES("131","Malta
");
INSERT INTO tbl_countries VALUES("132","Marshall Islands
");
INSERT INTO tbl_countries VALUES("133","Martinique
");
INSERT INTO tbl_countries VALUES("134","Mauritania
");
INSERT INTO tbl_countries VALUES("135","Mauritius
");
INSERT INTO tbl_countries VALUES("136","Mayotte
");
INSERT INTO tbl_countries VALUES("137","Mexico
");
INSERT INTO tbl_countries VALUES("138","Micronesia
");
INSERT INTO tbl_countries VALUES("139","Moldova
");
INSERT INTO tbl_countries VALUES("140","Monaco
");
INSERT INTO tbl_countries VALUES("141","Mongolia
");
INSERT INTO tbl_countries VALUES("142","Montserrat
");
INSERT INTO tbl_countries VALUES("143","Morocco
");
INSERT INTO tbl_countries VALUES("144","Mozambique
");
INSERT INTO tbl_countries VALUES("145","Myanmar
");
INSERT INTO tbl_countries VALUES("146","Namibia
");
INSERT INTO tbl_countries VALUES("147","Nauru
");
INSERT INTO tbl_countries VALUES("148","Nepal
");
INSERT INTO tbl_countries VALUES("149","Netherlands
");
INSERT INTO tbl_countries VALUES("150","Netherlands Antilles
");
INSERT INTO tbl_countries VALUES("151","Neutral Zone
");
INSERT INTO tbl_countries VALUES("152","New Caledonia
");
INSERT INTO tbl_countries VALUES("153","New Zealand
");
INSERT INTO tbl_countries VALUES("154","Nicaragua
");
INSERT INTO tbl_countries VALUES("155","Niger
");
INSERT INTO tbl_countries VALUES("156","Nigeria
");
INSERT INTO tbl_countries VALUES("157","Niue
");
INSERT INTO tbl_countries VALUES("158","Norfolk Island
");
INSERT INTO tbl_countries VALUES("159","Northern Mariana Islands
");
INSERT INTO tbl_countries VALUES("160","Norway
");
INSERT INTO tbl_countries VALUES("161","Oman
");
INSERT INTO tbl_countries VALUES("162","Pakistan
");
INSERT INTO tbl_countries VALUES("163","Palau
");
INSERT INTO tbl_countries VALUES("164","Panama
");
INSERT INTO tbl_countries VALUES("165","Papua New Guinea
");
INSERT INTO tbl_countries VALUES("166","Paraguay
");
INSERT INTO tbl_countries VALUES("167","Peru
");
INSERT INTO tbl_countries VALUES("168","Philippines
");
INSERT INTO tbl_countries VALUES("169","Pitcairn
");
INSERT INTO tbl_countries VALUES("170","Poland
");
INSERT INTO tbl_countries VALUES("171","Portugal
");
INSERT INTO tbl_countries VALUES("172","Puerto Rico
");
INSERT INTO tbl_countries VALUES("173","Qatar
");
INSERT INTO tbl_countries VALUES("174","Reunion
");
INSERT INTO tbl_countries VALUES("175","Romania
");
INSERT INTO tbl_countries VALUES("176","Russian Federation
");
INSERT INTO tbl_countries VALUES("177","Rwanda
");
INSERT INTO tbl_countries VALUES("178","S. Georgia and S. Sandwich Isls.
");
INSERT INTO tbl_countries VALUES("179","Saint Kitts and Nevis
");
INSERT INTO tbl_countries VALUES("180","Saint Lucia
");
INSERT INTO tbl_countries VALUES("181","Saint Vincent and the Grenadines
");
INSERT INTO tbl_countries VALUES("182","Samoa
");
INSERT INTO tbl_countries VALUES("183","San Marino
");
INSERT INTO tbl_countries VALUES("184","Sao Tome and Principe
");
INSERT INTO tbl_countries VALUES("185","Saudi Arabia
");
INSERT INTO tbl_countries VALUES("186","Senegal
");
INSERT INTO tbl_countries VALUES("187","Seychelles
");
INSERT INTO tbl_countries VALUES("188","Sierra Leone
");
INSERT INTO tbl_countries VALUES("189","Singapore
");
INSERT INTO tbl_countries VALUES("190","Slovak Republic
");
INSERT INTO tbl_countries VALUES("191","Slovenia
");
INSERT INTO tbl_countries VALUES("192","Solomon Islands
");
INSERT INTO tbl_countries VALUES("193","Somalia
");
INSERT INTO tbl_countries VALUES("194","South Africa
");
INSERT INTO tbl_countries VALUES("195","Spain
");
INSERT INTO tbl_countries VALUES("196","Sri Lanka
");
INSERT INTO tbl_countries VALUES("197","St. Helena
");
INSERT INTO tbl_countries VALUES("198","St. Pierre and Miquelon
");
INSERT INTO tbl_countries VALUES("199","Sudan
");
INSERT INTO tbl_countries VALUES("200","Suriname
");
INSERT INTO tbl_countries VALUES("201","Svalbard and Jan Mayen Islands
");
INSERT INTO tbl_countries VALUES("202","Swaziland
");
INSERT INTO tbl_countries VALUES("203","Sweden
");
INSERT INTO tbl_countries VALUES("204","Switzerland
");
INSERT INTO tbl_countries VALUES("205","Syria
");
INSERT INTO tbl_countries VALUES("206","Taiwan
");
INSERT INTO tbl_countries VALUES("207","Tajikistan
");
INSERT INTO tbl_countries VALUES("208","Tanzania
");
INSERT INTO tbl_countries VALUES("209","Thailand
");
INSERT INTO tbl_countries VALUES("210","Togo
");
INSERT INTO tbl_countries VALUES("211","Tokelau
");
INSERT INTO tbl_countries VALUES("212","Tonga
");
INSERT INTO tbl_countries VALUES("213","Trinidad and Tobago
");
INSERT INTO tbl_countries VALUES("214","Tunisia
");
INSERT INTO tbl_countries VALUES("215","Turkey
");
INSERT INTO tbl_countries VALUES("216","Turkmenistan
");
INSERT INTO tbl_countries VALUES("217","Turks and Caicos Islands
");
INSERT INTO tbl_countries VALUES("218","Tuvalu
");
INSERT INTO tbl_countries VALUES("219","US Minor Outlying Islands
");
INSERT INTO tbl_countries VALUES("220","Uganda
");
INSERT INTO tbl_countries VALUES("221","Ukraine
");
INSERT INTO tbl_countries VALUES("222","United Arab Emirates
");
INSERT INTO tbl_countries VALUES("223","United Kingdom
");
INSERT INTO tbl_countries VALUES("224","United States
");
INSERT INTO tbl_countries VALUES("225","Uruguay
");
INSERT INTO tbl_countries VALUES("226","Uzbekistan
");
INSERT INTO tbl_countries VALUES("227","Vanuatu
");
INSERT INTO tbl_countries VALUES("228","Vatican City State (Holy See)
");
INSERT INTO tbl_countries VALUES("229","Venezuela
");
INSERT INTO tbl_countries VALUES("230","Viet Nam
");
INSERT INTO tbl_countries VALUES("231","Virgin Islands (British)
");
INSERT INTO tbl_countries VALUES("232","Virgin Islands (U.S.)
");
INSERT INTO tbl_countries VALUES("233","Wallis and Futuna Islands
");
INSERT INTO tbl_countries VALUES("234","Western Sahara
");
INSERT INTO tbl_countries VALUES("235","Yemen
");
INSERT INTO tbl_countries VALUES("236","Yugoslavia
");
INSERT INTO tbl_countries VALUES("237","Zaire
");
INSERT INTO tbl_countries VALUES("238","Zambia
");
INSERT INTO tbl_countries VALUES("239","Zimbabwe");





CREATE TABLE `tbl_currency` (
  `rn` int(11) NOT NULL,
  `sn` int(11) NOT NULL DEFAULT '0',
  `ps` varchar(1) NOT NULL DEFAULT 'n',
  `code` varchar(3) NOT NULL,
  `name` varchar(255) DEFAULT NULL,
  `value` varchar(11) NOT NULL DEFAULT '0',
  PRIMARY KEY (`rn`)
) ENGINE=InnoDB DEFAULT CHARSET=utf8;

INSERT INTO tbl_currency VALUES("1","1","y","usd","US Doller","1");





CREATE TABLE `tbl_download` (
  `rn` int(11) NOT NULL,
  `pn` int(11) NOT NULL DEFAULT '0',
  `sn` int(11) NOT NULL DEFAULT '0',
  `ia` varchar(1) NOT NULL DEFAULT 'n',
  `views` int(11) NOT NULL DEFAULT '0',
  `keywords` varchar(252) NOT NULL,
  `file1` varchar(225) NOT NULL DEFAULT 'n/a',
  `file2` varchar(225) NOT NULL DEFAULT 'n/a'
) ENGINE=InnoDB DEFAULT CHARSET=utf8;

INSERT INTO tbl_download VALUES("362","0","1","y","0","","download_1288966685.jpg","download2_1288966685.jpg");
INSERT INTO tbl_download VALUES("364","0","2","y","0","","download_1288966712.gif","download2_1288966712.jpg");
INSERT INTO tbl_download VALUES("366","0","0","y","0","","download_1288966746.jpg","download2_1288966746.jpg");





CREATE TABLE `tbl_downloaddetails` (
  `rn` int(11) NOT NULL,
  `pn` int(11) NOT NULL DEFAULT '0',
  `ln` int(11) NOT NULL DEFAULT '0',
  `name` varchar(252) DEFAULT NULL,
  `description` text,
  `mtitle` varchar(252) NOT NULL,
  `mdescription` text NOT NULL,
  `mkeywords` text NOT NULL,
  PRIMARY KEY (`rn`)
) ENGINE=InnoDB DEFAULT CHARSET=utf8;

INSERT INTO tbl_downloaddetails VALUES("363","362","1","this is a testing","11111","","","");
INSERT INTO tbl_downloaddetails VALUES("365","364","1","AAAAAAAAA","","","","");
INSERT INTO tbl_downloaddetails VALUES("367","366","1","BBBBB","fsdfdsfdsf","","","");





CREATE TABLE `tbl_ecart` (
  `eid` varchar(27) NOT NULL,
  `lu` int(11) NOT NULL
) ENGINE=InnoDB DEFAULT CHARSET=utf8;

INSERT INTO tbl_ecart VALUES("1397019000sho12706","1397036363");
INSERT INTO tbl_ecart VALUES("1397045102sho12708","1397045262");





CREATE TABLE `tbl_ecartdetails` (
  `rn` int(11) NOT NULL DEFAULT '0',
  `pn` varchar(27) NOT NULL DEFAULT '0',
  `irn` int(11) NOT NULL DEFAULT '0',
  `quantity` int(11) NOT NULL DEFAULT '0',
  `method` varchar(1) NOT NULL DEFAULT 'o'
) ENGINE=InnoDB DEFAULT CHARSET=utf8;

INSERT INTO tbl_ecartdetails VALUES("87","1397019000sho12706","798","1","o");





CREATE TABLE `tbl_egroups` (
  `rn` int(11) NOT NULL,
  `sn` int(11) DEFAULT '0',
  `apshm` varchar(1) DEFAULT 'n'
) ENGINE=InnoDB DEFAULT CHARSET=utf8;

INSERT INTO tbl_egroups VALUES("1","0","y");
INSERT INTO tbl_egroups VALUES("41","0","n");
INSERT INTO tbl_egroups VALUES("2","0","n");





CREATE TABLE `tbl_egroupsdetail` (
  `rn` int(11) NOT NULL,
  `pn` int(11) DEFAULT '0',
  `ln` int(11) DEFAULT '0',
  `name` varchar(250) DEFAULT NULL
) ENGINE=InnoDB DEFAULT CHARSET=utf8;

INSERT INTO tbl_egroupsdetail VALUES("2","1","1","Subscriber");
INSERT INTO tbl_egroupsdetail VALUES("42","41","1","Clients");
INSERT INTO tbl_egroupsdetail VALUES("3","2","1","Friends");
INSERT INTO tbl_egroupsdetail VALUES("4","2","2","");
INSERT INTO tbl_egroupsdetail VALUES("5","2","4","");
INSERT INTO tbl_egroupsdetail VALUES("6","2","5","");
INSERT INTO tbl_egroupsdetail VALUES("7","2","6","");
INSERT INTO tbl_egroupsdetail VALUES("8","2","7","");
INSERT INTO tbl_egroupsdetail VALUES("9","2","8","");
INSERT INTO tbl_egroupsdetail VALUES("10","2","9","");





CREATE TABLE `tbl_gallery` (
  `rn` int(11) NOT NULL,
  `pn` int(11) NOT NULL DEFAULT '0',
  `sn` int(11) NOT NULL DEFAULT '0',
  `ia` varchar(1) NOT NULL DEFAULT 'n',
  `views` int(11) NOT NULL DEFAULT '0',
  `keywords` varchar(252) NOT NULL,
  `file1` varchar(225) NOT NULL DEFAULT 'n/a',
  `file2` varchar(225) NOT NULL DEFAULT 'n/a'
) ENGINE=InnoDB DEFAULT CHARSET=utf8;

INSERT INTO tbl_gallery VALUES("652","0","0","y","0","","gallery1_Chrysanthemum_1384898102.jpg","gallery2_Koala_1384898102.jpg");
INSERT INTO tbl_gallery VALUES("654","0","0","y","0","","gallery1_Desert_1384898126.jpg","gallery2_Lighthouse_1384898126.jpg");
INSERT INTO tbl_gallery VALUES("656","0","0","y","0","","gallery1_Hydrangeas_1384898148.jpg","gallery2_Penguins_1384898148.jpg");
INSERT INTO tbl_gallery VALUES("658","0","0","y","0","","gallery1_Jellyfish_1384898165.jpg","gallery2_Tulips_1384898165.jpg");
INSERT INTO tbl_gallery VALUES("660","0","0","y","0","","gallery1_Koala_1384898180.jpg","gallery2_Chrysanthemum_1384898180.jpg");
INSERT INTO tbl_gallery VALUES("662","0","0","y","0","","gallery1_Lighthouse_1384898195.jpg","gallery2_Desert_1384898195.jpg");
INSERT INTO tbl_gallery VALUES("664","0","0","y","0","","gallery1_Penguins_1384898214.jpg","gallery2_Hydrangeas_1384898214.jpg");
INSERT INTO tbl_gallery VALUES("666","0","0","y","0","","gallery1_Tulips_1384898230.jpg","gallery2_Jellyfish_1384898230.jpg");





CREATE TABLE `tbl_gallerydetails` (
  `rn` int(11) NOT NULL,
  `pn` int(11) NOT NULL DEFAULT '0',
  `ln` int(11) NOT NULL DEFAULT '0',
  `name` varchar(252) DEFAULT NULL,
  `description` text,
  `mtitle` varchar(252) NOT NULL,
  `mdescription` text NOT NULL,
  `mkeywords` text NOT NULL,
  PRIMARY KEY (`rn`)
) ENGINE=InnoDB DEFAULT CHARSET=utf8;

INSERT INTO tbl_gallerydetails VALUES("653","652","1","1111","when an unknown printer took a galley of type and scrambled it to make a type specimen book. It has survived not only five centuries, but also the leap into electronic typesetting, remaining essentially unchanged. It was popularised in the 1960s with the release of Letraset sheets containing Lorem Ipsum passages, and more recently with desktop publishing software like Aldus PageMaker including versions of Lorem Ipsum.","","","");
INSERT INTO tbl_gallerydetails VALUES("655","654","1","222222","when an unknown printer took a galley of type and scrambled it to make a type specimen book. It has survived not only five centuries, but also the leap into electronic typesetting, remaining essentially unchanged. It was popularised in the 1960s with the release of Letraset sheets containing Lorem Ipsum passages, and more recently with desktop publishing software like Aldus PageMaker including versions of Lorem Ipsum.","","","");
INSERT INTO tbl_gallerydetails VALUES("657","656","1","33333","when an unknown printer took a galley of type and scrambled it to make a type specimen book. It has survived not only five centuries, but also the leap into electronic typesetting, remaining essentially unchanged. It was popularised in the 1960s with the release of Letraset sheets containing Lorem Ipsum passages, and more recently with desktop publishing software like Aldus PageMaker including versions of Lorem Ipsum.","","","");
INSERT INTO tbl_gallerydetails VALUES("659","658","1","4444","when an unknown printer took a galley of type and scrambled it to make a type specimen book. It has survived not only five centuries, but also the leap into electronic typesetting, remaining essentially unchanged. It was popularised in the 1960s with the release of Letraset sheets containing Lorem Ipsum passages, and more recently with desktop publishing software like Aldus PageMaker including versions of Lorem Ipsum.","","","");
INSERT INTO tbl_gallerydetails VALUES("661","660","1","55555","when an unknown printer took a galley of type and scrambled it to make a type specimen book. It has survived not only five centuries, but also the leap into electronic typesetting, remaining essentially unchanged. It was popularised in the 1960s with the release of Letraset sheets containing Lorem Ipsum passages, and more recently with desktop publishing software like Aldus PageMaker including versions of Lorem Ipsum.","","","");
INSERT INTO tbl_gallerydetails VALUES("663","662","1","66666","when an unknown printer took a galley of type and scrambled it to make a type specimen book. It has survived not only five centuries, but also the leap into electronic typesetting, remaining essentially unchanged. It was popularised in the 1960s with the release of Letraset sheets containing Lorem Ipsum passages, and more recently with desktop publishing software like Aldus PageMaker including versions of Lorem Ipsum.","","","");
INSERT INTO tbl_gallerydetails VALUES("665","664","1","7777","when an unknown printer took a galley of type and scrambled it to make a type specimen book. It has survived not only five centuries, but also the leap into electronic typesetting, remaining essentially unchanged. It was popularised in the 1960s with the release of Letraset sheets containing Lorem Ipsum passages, and more recently with desktop publishing software like Aldus PageMaker including versions of Lorem Ipsum.","","","");
INSERT INTO tbl_gallerydetails VALUES("667","666","1","8888","when an unknown printer took a galley of type and scrambled it to make a type specimen book. It has survived not only five centuries, but also the leap into electronic typesetting, remaining essentially unchanged. It was popularised in the 1960s with the release of Letraset sheets containing Lorem Ipsum passages, and more recently with desktop publishing software like Aldus PageMaker including versions of Lorem Ipsum.","","","");





CREATE TABLE `tbl_globalcounter` (
  `crn` int(11) NOT NULL DEFAULT '0',
  `prn` int(11) NOT NULL DEFAULT '0',
  `lrn` int(11) NOT NULL DEFAULT '0',
  `nrn` int(11) NOT NULL DEFAULT '0',
  `grn` int(11) NOT NULL DEFAULT '0',
  `ern` int(11) NOT NULL DEFAULT '0',
  `wcrn` int(11) NOT NULL DEFAULT '0',
  `frn` int(11) NOT NULL DEFAULT '0',
  `urn` int(11) NOT NULL DEFAULT '0',
  `ecrn` int(11) NOT NULL DEFAULT '0',
  `arn` int(11) NOT NULL DEFAULT '0',
  `sid` int(11) NOT NULL,
  `shonir` varchar(1) NOT NULL DEFAULT 'n'
) ENGINE=InnoDB DEFAULT CHARSET=utf8;

INSERT INTO tbl_globalcounter VALUES("564","800","1","1","10","7","248","4","1","87","16","12733","y");





CREATE TABLE `tbl_igallery` (
  `rn` int(11) NOT NULL,
  `pn` int(11) NOT NULL DEFAULT '0',
  `sn` int(11) NOT NULL DEFAULT '0',
  `rs` tinyint(1) NOT NULL,
  `views` int(11) NOT NULL DEFAULT '0',
  `hits` int(11) NOT NULL,
  `file1` varchar(225) NOT NULL DEFAULT 'n/a',
  `file2` varchar(225) NOT NULL DEFAULT 'n/a',
  `file3` varchar(225) NOT NULL DEFAULT 'n/a',
  `votes` int(11) NOT NULL DEFAULT '0',
  `score` varchar(52) NOT NULL DEFAULT '0'
) ENGINE=InnoDB DEFAULT CHARSET=utf8;

INSERT INTO tbl_igallery VALUES("668","643","0","1","0","0","igallery_Chrysanthemum_1384949723.jpg","n/a","n/a","0","0");
INSERT INTO tbl_igallery VALUES("672","643","0","1","0","0","igallery_Hydrangeas_1384949739.jpg","n/a","n/a","0","0");
INSERT INTO tbl_igallery VALUES("674","643","0","1","0","0","igallery_Koala_1384949745.jpg","n/a","n/a","0","0");
INSERT INTO tbl_igallery VALUES("676","643","0","1","0","0","igallery_Lighthouse_1384949752.jpg","n/a","n/a","0","0");
INSERT INTO tbl_igallery VALUES("678","643","0","1","0","0","igallery_Penguins_1384949758.jpg","n/a","n/a","0","0");
INSERT INTO tbl_igallery VALUES("680","643","0","1","0","0","igallery_Tulips_1384949763.jpg","n/a","n/a","0","0");





CREATE TABLE `tbl_igallerydetails` (
  `rn` int(11) NOT NULL,
  `pn` int(11) NOT NULL DEFAULT '0',
  `ln` int(11) NOT NULL DEFAULT '0',
  `name` varchar(252) DEFAULT NULL,
  `description` text,
  `mtitle` varchar(252) NOT NULL,
  `mdescription` text NOT NULL,
  `mkeywords` text NOT NULL,
  PRIMARY KEY (`rn`)
) ENGINE=InnoDB DEFAULT CHARSET=utf8;

INSERT INTO tbl_igallerydetails VALUES("669","668","1","","","","","");
INSERT INTO tbl_igallerydetails VALUES("673","672","1","","","","","");
INSERT INTO tbl_igallerydetails VALUES("675","674","1","","","","","");
INSERT INTO tbl_igallerydetails VALUES("677","676","1","","","","","");
INSERT INTO tbl_igallerydetails VALUES("679","678","1","","","","","");
INSERT INTO tbl_igallerydetails VALUES("681","680","1","","","","","");





CREATE TABLE `tbl_items` (
  `rn` int(11) NOT NULL,
  `pn` int(11) NOT NULL DEFAULT '0',
  `sn` int(11) NOT NULL DEFAULT '0',
  `ia` varchar(1) NOT NULL DEFAULT 'n',
  `im` tinyint(1) NOT NULL,
  `fp` varchar(1) NOT NULL DEFAULT 'n',
  `sp` varchar(1) NOT NULL DEFAULT 'n',
  `code` text NOT NULL,
  `price` int(11) DEFAULT '0',
  `oprice` int(11) DEFAULT '0',
  `stock` int(11) NOT NULL,
  `mino` int(11) NOT NULL,
  `maxo` int(11) NOT NULL,
  `views` int(11) NOT NULL,
  `hittime` int(11) unsigned NOT NULL,
  `hits` int(11) NOT NULL,
  `pslug` varchar(252) NOT NULL,
  `file1` varchar(225) NOT NULL DEFAULT 'n/a',
  `file2` varchar(225) NOT NULL DEFAULT 'n/a',
  `file3` varchar(225) NOT NULL DEFAULT 'n/a',
  `votes` int(11) NOT NULL DEFAULT '0',
  `score` varchar(52) NOT NULL DEFAULT '0',
  UNIQUE KEY `rn` (`rn`)
) ENGINE=InnoDB DEFAULT CHARSET=utf8;

INSERT INTO tbl_items VALUES("762","531","0","y","0","y","y","SI-1000","0","0","0","0","0","21","0","0","Motocross-Gloves","item1_1014624_1396936519.jpg","n/a","n/a","0","0");
INSERT INTO tbl_items VALUES("765","531","0","y","0","y","y","SI-1001","0","0","0","0","0","19","0","0","Motorbike-Gloves","item1_1014624_1396949832.jpg","n/a","n/a","0","0");
INSERT INTO tbl_items VALUES("767","531","0","y","0","y","y","SI-1002","0","0","0","0","0","18","0","0","Motorbike-Gloves","item1_1014624_1396949900.jpg","n/a","n/a","0","0");
INSERT INTO tbl_items VALUES("769","531","0","y","0","y","y","SI-1003","0","0","0","0","0","16","0","0","Motorbike-Gloves","item1_1014624_1396949969.jpg","n/a","n/a","0","0");
INSERT INTO tbl_items VALUES("771","531","0","y","0","y","y","SI-1004","0","0","0","0","0","21","0","0","Motorbike-Gloves","item1_1014624_1396950043.jpg","n/a","n/a","0","0");
INSERT INTO tbl_items VALUES("773","531","0","y","0","y","y","SI-1005","0","0","0","0","0","20","0","0","Motorbike-Gloves","item1_1014624_1396950120.jpg","n/a","n/a","0","0");
INSERT INTO tbl_items VALUES("775","531","0","y","0","y","y","SI-1006","0","0","0","0","0","16","0","0","Motorbike-Gloves","item1_1014624_1396950145.jpg","n/a","n/a","0","0");
INSERT INTO tbl_items VALUES("777","531","0","y","0","y","y","SI-1007","0","0","0","0","0","19","0","0","Motorbike-Gloves","item1_1014624_1396950172.jpg","n/a","n/a","0","0");
INSERT INTO tbl_items VALUES("779","531","0","y","0","y","y","SI-1008","0","0","0","0","0","14","0","0","Motorbike-Gloves","item1_1014624_1396950250.jpg","n/a","n/a","0","0");
INSERT INTO tbl_items VALUES("789","531","0","y","0","y","y","SI-1009","0","0","0","0","0","4","0","0","Motorbike-Gloves","item1_prod-thumb_1397027250.png","n/a","n/a","0","0");
INSERT INTO tbl_items VALUES("792","531","0","y","0","y","y","SI-1010","0","0","0","0","0","2","0","0","Motorbike-Gloves","item1_1014624_1397027295.jpg","n/a","n/a","0","0");
INSERT INTO tbl_items VALUES("795","531","0","y","0","y","y","SI-1011","0","0","0","0","0","3","0","0","Motorbike-Gloves","item1_1014624_1397027390.jpg","n/a","n/a","0","0");
INSERT INTO tbl_items VALUES("798","531","0","y","0","y","y","SI-1012","0","0","0","0","0","3","0","0","Motorbike-Gloves","item1_1014624_1397027443.jpg","n/a","n/a","0","0");





CREATE TABLE `tbl_itemsdetails` (
  `rn` int(11) NOT NULL,
  `pn` int(11) NOT NULL DEFAULT '0',
  `ln` int(11) NOT NULL DEFAULT '0',
  `name` varchar(252) DEFAULT NULL,
  `description` text,
  `optional` text NOT NULL,
  `mtitle` varchar(252) NOT NULL,
  `mdescription` text NOT NULL,
  `mkeywords` text NOT NULL,
  PRIMARY KEY (`rn`)
) ENGINE=InnoDB DEFAULT CHARSET=utf8;

INSERT INTO tbl_itemsdetails VALUES("764","762","1","Motorbike-Gloves","","","","","");
INSERT INTO tbl_itemsdetails VALUES("781","769","1","Motorbike-Gloves","","","","","");
INSERT INTO tbl_itemsdetails VALUES("782","771","1","Motorbike-Gloves","","","","","");
INSERT INTO tbl_itemsdetails VALUES("783","773","1","Motorbike-Gloves","","","","","");
INSERT INTO tbl_itemsdetails VALUES("784","775","1","Motorbike-Gloves","","","","","");
INSERT INTO tbl_itemsdetails VALUES("785","777","1","Motorbike-Gloves","","","","","");
INSERT INTO tbl_itemsdetails VALUES("786","779","1","Motorbike-Gloves","","","","","");
INSERT INTO tbl_itemsdetails VALUES("787","765","1","Motorbike-Gloves","","","","","");
INSERT INTO tbl_itemsdetails VALUES("788","767","1","Motorbike-Gloves","","","","","");
INSERT INTO tbl_itemsdetails VALUES("791","789","1","Motorbike Gloves","","","","","");
INSERT INTO tbl_itemsdetails VALUES("794","792","1","Motorbike Gloves","","","","","");
INSERT INTO tbl_itemsdetails VALUES("797","795","1","Motorbike Gloves","","","","","");
INSERT INTO tbl_itemsdetails VALUES("800","798","1","Motorbike Gloves","","","","","");
INSERT INTO tbl_itemsdetails VALUES("811","809","1","Mechanic Gloves","","","","","");
INSERT INTO tbl_itemsdetails VALUES("814","812","1","Mechanic Gloves","","","","","");
INSERT INTO tbl_itemsdetails VALUES("817","815","1","Mechanic Gloves","","","","","");
INSERT INTO tbl_itemsdetails VALUES("820","818","1","Mechanic Gloves","","","","","");
INSERT INTO tbl_itemsdetails VALUES("823","821","1","Mechanic Gloves","","","","","");
INSERT INTO tbl_itemsdetails VALUES("826","824","1","Mechanic Gloves","","","","","");
INSERT INTO tbl_itemsdetails VALUES("829","827","1","Mechanic Gloves","","","","","");
INSERT INTO tbl_itemsdetails VALUES("832","830","1","Mechanic Gloves","","","","","");
INSERT INTO tbl_itemsdetails VALUES("835","833","1","Mechanic Gloves","","","","","");
INSERT INTO tbl_itemsdetails VALUES("838","836","1","Mechanic Gloves","","","","","");
INSERT INTO tbl_itemsdetails VALUES("841","839","1","Mechanic Gloves","","","","","");
INSERT INTO tbl_itemsdetails VALUES("844","842","1","Riding Glove","","","","","");
INSERT INTO tbl_itemsdetails VALUES("847","845","1","Riding Glove","","","","","");
INSERT INTO tbl_itemsdetails VALUES("850","848","1","Riding Glove","","","","","");
INSERT INTO tbl_itemsdetails VALUES("853","851","1","Riding Glove","","","","","");
INSERT INTO tbl_itemsdetails VALUES("856","854","1","Riding Glove","","","","","");
INSERT INTO tbl_itemsdetails VALUES("859","857","1","Riding Glove","","","","","");
INSERT INTO tbl_itemsdetails VALUES("862","860","1","Riding Glove","","","","","");
INSERT INTO tbl_itemsdetails VALUES("865","863","1","Riding Glove","","","","","");
INSERT INTO tbl_itemsdetails VALUES("868","866","1","Riding Glove","","","","","");
INSERT INTO tbl_itemsdetails VALUES("871","869","1","Riding Glove","","","","","");
INSERT INTO tbl_itemsdetails VALUES("874","872","1","Safety Gloves","","","","","");
INSERT INTO tbl_itemsdetails VALUES("877","875","1","Safety Gloves","","","","","");
INSERT INTO tbl_itemsdetails VALUES("880","878","1","Safety Gloves","","","","","");
INSERT INTO tbl_itemsdetails VALUES("883","881","1","Safety Gloves","","","","","");
INSERT INTO tbl_itemsdetails VALUES("886","884","1","Safety Gloves","","","","","");
INSERT INTO tbl_itemsdetails VALUES("889","887","1","Safety Gloves","","","","","");
INSERT INTO tbl_itemsdetails VALUES("892","890","1","Safety Gloves","","","","","");
INSERT INTO tbl_itemsdetails VALUES("895","893","1","Safety Gloves","","","","","");
INSERT INTO tbl_itemsdetails VALUES("898","896","1","Safety Gloves","","","","","");
INSERT INTO tbl_itemsdetails VALUES("901","899","1","Safety Gloves","","","","","");
INSERT INTO tbl_itemsdetails VALUES("904","902","1","Safety Gloves","","","","","");
INSERT INTO tbl_itemsdetails VALUES("907","905","1","Safety Gloves","","","","","");
INSERT INTO tbl_itemsdetails VALUES("910","908","1","Safety Gloves","","","","","");
INSERT INTO tbl_itemsdetails VALUES("913","911","1","Safety Gloves","","","","","");
INSERT INTO tbl_itemsdetails VALUES("916","914","1","Safety Gloves","","","","","");
INSERT INTO tbl_itemsdetails VALUES("919","917","1","Safety Gloves","","","","","");
INSERT INTO tbl_itemsdetails VALUES("922","920","1","Safety Gloves","","","","","");
INSERT INTO tbl_itemsdetails VALUES("925","923","1","Safety Gloves","","","","","");
INSERT INTO tbl_itemsdetails VALUES("928","926","1","Safety Gloves","","","","","");
INSERT INTO tbl_itemsdetails VALUES("931","929","1","Safety Gloves","","","","","");
INSERT INTO tbl_itemsdetails VALUES("934","932","1","Safety Gloves","","","","","");
INSERT INTO tbl_itemsdetails VALUES("937","935","1","Safety Gloves","","","","","");
INSERT INTO tbl_itemsdetails VALUES("940","938","1","Safety Gloves","","","","","");
INSERT INTO tbl_itemsdetails VALUES("943","941","1","Safety Gloves","","","","","");
INSERT INTO tbl_itemsdetails VALUES("946","944","1","Safety Gloves","","","","","");
INSERT INTO tbl_itemsdetails VALUES("949","947","1","Safety Gloves","","","","","");
INSERT INTO tbl_itemsdetails VALUES("952","950","1","Safety Gloves","","","","","");
INSERT INTO tbl_itemsdetails VALUES("955","953","1","Safety Gloves","","","","","");
INSERT INTO tbl_itemsdetails VALUES("958","956","1","Safety Gloves","","","","","");
INSERT INTO tbl_itemsdetails VALUES("961","959","1","Safety Gloves","","","","","");
INSERT INTO tbl_itemsdetails VALUES("964","962","1","Safety Gloves","","","","","");
INSERT INTO tbl_itemsdetails VALUES("967","965","1","Safety Gloves","","","","","");
INSERT INTO tbl_itemsdetails VALUES("970","968","1","Safety Gloves","","","","","");
INSERT INTO tbl_itemsdetails VALUES("973","971","1","Safety Gloves","","","","","");
INSERT INTO tbl_itemsdetails VALUES("976","974","1","Safety Gloves","","","","","");
INSERT INTO tbl_itemsdetails VALUES("979","977","1","Synthetic Work Gloves","","","","","");
INSERT INTO tbl_itemsdetails VALUES("982","980","1","Synthetic Work Gloves","","","","","");
INSERT INTO tbl_itemsdetails VALUES("985","983","1","Synthetic Work Gloves","","","","","");
INSERT INTO tbl_itemsdetails VALUES("988","986","1","Synthetic Work Gloves","","","","","");
INSERT INTO tbl_itemsdetails VALUES("991","989","1","Synthetic Work Gloves","","","","","");
INSERT INTO tbl_itemsdetails VALUES("994","992","1","Synthetic Work Gloves","","","","","");
INSERT INTO tbl_itemsdetails VALUES("997","995","1","Synthetic Work Gloves","","","","","");
INSERT INTO tbl_itemsdetails VALUES("1000","998","1","Synthetic Work Gloves","","","","","");
INSERT INTO tbl_itemsdetails VALUES("1003","1001","1","Synthetic Work Gloves","","","","","");
INSERT INTO tbl_itemsdetails VALUES("1006","1004","1","Synthetic Work Gloves","","","","","");
INSERT INTO tbl_itemsdetails VALUES("1009","1007","1","Synthetic Work Gloves","","","","","");
INSERT INTO tbl_itemsdetails VALUES("1014","1010","1","Welding Gloves","","","","","");
INSERT INTO tbl_itemsdetails VALUES("1015","1012","1","Welding Gloves","","","","","");
INSERT INTO tbl_itemsdetails VALUES("1018","1016","1","Welding Gloves","","","","","");
INSERT INTO tbl_itemsdetails VALUES("1021","1019","1","Welding Gloves","","","","","");
INSERT INTO tbl_itemsdetails VALUES("1024","1022","1","Welding Gloves","","","","","");
INSERT INTO tbl_itemsdetails VALUES("1027","1025","1","Welding Gloves","","","","","");
INSERT INTO tbl_itemsdetails VALUES("1030","1028","1","Welding Gloves","","","","","");
INSERT INTO tbl_itemsdetails VALUES("1033","1031","1","Welding Gloves","","","","","");
INSERT INTO tbl_itemsdetails VALUES("1036","1034","1","Welding Gloves","","","","","");
INSERT INTO tbl_itemsdetails VALUES("1039","1037","1","Welding Gloves","","","","","");
INSERT INTO tbl_itemsdetails VALUES("1042","1040","1","Welding Gloves","","","","","");
INSERT INTO tbl_itemsdetails VALUES("1045","1043","1","Welding Gloves","","","","","");
INSERT INTO tbl_itemsdetails VALUES("1048","1046","1","Welding Gloves","","","","","");
INSERT INTO tbl_itemsdetails VALUES("1051","1049","1","Welding Gloves","","","","","");
INSERT INTO tbl_itemsdetails VALUES("1058","1052","1","Leather Gloves","","","","","");
INSERT INTO tbl_itemsdetails VALUES("1059","1054","1","Leather Gloves","","","","","");
INSERT INTO tbl_itemsdetails VALUES("1060","1056","1","Leather Gloves","","","","","");
INSERT INTO tbl_itemsdetails VALUES("1063","1061","1","Leather Gloves","","","","","");
INSERT INTO tbl_itemsdetails VALUES("1066","1064","1","Leather Gloves","","","","","");
INSERT INTO tbl_itemsdetails VALUES("1069","1067","1","Leather Gloves","","","","","");
INSERT INTO tbl_itemsdetails VALUES("1072","1070","1","Leather Gloves","","","","","");
INSERT INTO tbl_itemsdetails VALUES("1075","1073","1","Leather Gloves","","","","","");
INSERT INTO tbl_itemsdetails VALUES("1078","1076","1","Leather Gloves","","","","","");
INSERT INTO tbl_itemsdetails VALUES("1081","1079","1","Leather Gloves","","","","","");
INSERT INTO tbl_itemsdetails VALUES("1084","1082","1","Leather Gloves","","","","","");
INSERT INTO tbl_itemsdetails VALUES("1087","1085","1","Leather Gloves","","","","","");
INSERT INTO tbl_itemsdetails VALUES("1090","1088","1","Leather Gloves","","","","","");
INSERT INTO tbl_itemsdetails VALUES("1093","1091","1","Leather Gloves","","","","","");
INSERT INTO tbl_itemsdetails VALUES("1096","1094","1","Leather Gloves","","","","","");
INSERT INTO tbl_itemsdetails VALUES("1099","1097","1","Leather Gloves","","","","","");
INSERT INTO tbl_itemsdetails VALUES("1102","1100","1","Leather Gloves","","","","","");
INSERT INTO tbl_itemsdetails VALUES("1105","1103","1","Leather Gloves","","","","","");
INSERT INTO tbl_itemsdetails VALUES("1108","1106","1","Leather Gloves","","","","","");
INSERT INTO tbl_itemsdetails VALUES("1111","1109","1","Leather Gloves","","","","","");
INSERT INTO tbl_itemsdetails VALUES("1114","1112","1","Leather Gloves","","","","","");
INSERT INTO tbl_itemsdetails VALUES("1117","1115","1","Leather Gloves","","","","","");
INSERT INTO tbl_itemsdetails VALUES("1120","1118","1","Leather Gloves","","","","","");
INSERT INTO tbl_itemsdetails VALUES("1123","1121","1","Leather Gloves","","","","","");
INSERT INTO tbl_itemsdetails VALUES("1126","1124","1","Leather Gloves","","","","","");
INSERT INTO tbl_itemsdetails VALUES("1129","1127","1","Leather Gloves","","","","","");
INSERT INTO tbl_itemsdetails VALUES("1132","1130","1","Leather Gloves","","","","","");
INSERT INTO tbl_itemsdetails VALUES("1135","1133","1","Leather Gloves","","","","","");
INSERT INTO tbl_itemsdetails VALUES("1138","1136","1","Leather Gloves","","","","","");
INSERT INTO tbl_itemsdetails VALUES("1141","1139","1","Leather Gloves","","","","","");
INSERT INTO tbl_itemsdetails VALUES("1144","1142","1","Leather Gloves","","","","","");
INSERT INTO tbl_itemsdetails VALUES("1189","1185","1","testing-1","","","","","");
INSERT INTO tbl_itemsdetails VALUES("1194","1190","1","testing-2","","","","","");
INSERT INTO tbl_itemsdetails VALUES("1199","1195","1","testing-3","","","","","");
INSERT INTO tbl_itemsdetails VALUES("1202","1200","1","testing-4","","","","","");
INSERT INTO tbl_itemsdetails VALUES("1209","1205","1","testing-5","","","","","");
INSERT INTO tbl_itemsdetails VALUES("1227","1217","1","Welding","","","","","");
INSERT INTO tbl_itemsdetails VALUES("1263","1261","1","","","","","","");
INSERT INTO tbl_itemsdetails VALUES("1288","1286","1","","","","","","");
INSERT INTO tbl_itemsdetails VALUES("1303","1299","1","","","","","","");
INSERT INTO tbl_itemsdetails VALUES("1350","1348","1","","","","","","");
INSERT INTO tbl_itemsdetails VALUES("1395","1393","1","Welding","","","","","");
INSERT INTO tbl_itemsdetails VALUES("1420","1418","1","","","","","","");
INSERT INTO tbl_itemsdetails VALUES("1563","1559","1","","","","","","");
INSERT INTO tbl_itemsdetails VALUES("1624","1622","1","","","","","","");
INSERT INTO tbl_itemsdetails VALUES("1629","1627","1","","","","","","");
INSERT INTO tbl_itemsdetails VALUES("1652","1650","1","","","","","","");
INSERT INTO tbl_itemsdetails VALUES("1756","1754","1","","","","","","");





CREATE TABLE `tbl_languages` (
  `rn` int(11) NOT NULL,
  `sn` int(11) NOT NULL DEFAULT '0',
  `ps` varchar(1) NOT NULL DEFAULT 'n',
  `code` varchar(2) NOT NULL,
  `name` varchar(255) DEFAULT NULL,
  `direction` varchar(252) NOT NULL DEFAULT 'ltr',
  `left` varchar(252) NOT NULL,
  `right` varchar(252) NOT NULL,
  PRIMARY KEY (`rn`)
) ENGINE=InnoDB DEFAULT CHARSET=utf8;

INSERT INTO tbl_languages VALUES("1","1","y","en","English","ltr","left","right");
INSERT INTO tbl_languages VALUES("2","2","n","ar","العربية","rtl","right","left");
INSERT INTO tbl_languages VALUES("3","3","n","ur","اردو","rtl","right","left");
INSERT INTO tbl_languages VALUES("4","4","n","ru","русский","ltr","left","right");
INSERT INTO tbl_languages VALUES("5","5","n","es","español","ltr","left","right");
INSERT INTO tbl_languages VALUES("6","6","n","ja","日本の","ltr","left","right");
INSERT INTO tbl_languages VALUES("7","7","n","cn","中国的","ltr","left","right");
INSERT INTO tbl_languages VALUES("8","8","n","fr","français","ltr","left","right");
INSERT INTO tbl_languages VALUES("9","9","n","de","Deutsch","ltr","left","right");





CREATE TABLE `tbl_mailinglist` (
  `rn` int(11) NOT NULL,
  `pn` int(11) DEFAULT '0',
  `sn` int(11) DEFAULT '0',
  `email` varchar(250) DEFAULT NULL
) ENGINE=InnoDB DEFAULT CHARSET=utf8;

INSERT INTO tbl_mailinglist VALUES("6","1","0","bilal@skt.sits.net.pk");
INSERT INTO tbl_mailinglist VALUES("7","1","0","bilal_khalid43@yahoo.com");





CREATE TABLE `tbl_members` (
  `rn` varchar(11) NOT NULL,
  `pn` int(11) DEFAULT '0',
  `loginid` varchar(225) NOT NULL,
  `password` varchar(225) NOT NULL,
  `rs` varchar(1) DEFAULT 'n',
  `firstname` varchar(225) DEFAULT NULL,
  `lastname` varchar(225) DEFAULT NULL,
  `remarks` varchar(225) DEFAULT NULL
) ENGINE=InnoDB DEFAULT CHARSET=utf8;

INSERT INTO tbl_members VALUES("1","1","shoaib@eweb.pk","1234","y","Shoaib","Munir","");
INSERT INTO tbl_members VALUES("2","1","you@hithurry.com","1234","y","you","cool","khjk");
INSERT INTO tbl_members VALUES("5","1","saeed_41281@yahoo.com","123456","n","zeeshan","saeed","");
INSERT INTO tbl_members VALUES("6","1","scripts@shoaibmunir.com","123456","y","","","");
INSERT INTO tbl_members VALUES("7","1","scripts1@shoaibmunir.com","123456","y","Shoaib","Munir","");





CREATE TABLE `tbl_mgroups` (
  `rn` int(11) NOT NULL,
  `sn` int(11) DEFAULT '0',
  `apshm` varchar(1) DEFAULT 'n'
) ENGINE=InnoDB DEFAULT CHARSET=utf8;

INSERT INTO tbl_mgroups VALUES("1","1","y");





CREATE TABLE `tbl_mgroupsdetail` (
  `rn` int(11) NOT NULL,
  `pn` int(11) DEFAULT '0',
  `ln` int(11) DEFAULT '0',
  `name` varchar(252) DEFAULT NULL
) ENGINE=InnoDB DEFAULT CHARSET=utf8;

INSERT INTO tbl_mgroupsdetail VALUES("2","1","1","Newbe Members");





CREATE TABLE `tbl_mgroupsfiles` (
  `rn` int(11) NOT NULL,
  `filename` varchar(252) NOT NULL,
  `filesize` int(11) NOT NULL DEFAULT '0',
  `pn` int(11) NOT NULL DEFAULT '0',
  `filetype` varchar(252) DEFAULT 'unknown',
  `title` varchar(252) DEFAULT NULL,
  `description` text
) ENGINE=InnoDB DEFAULT CHARSET=utf8;

INSERT INTO tbl_mgroupsfiles VALUES("16","gf_24052009033551-127001.jpg","28521","1","jpg","aaaaaaaBBBBrtytryy","CCCCCCCCCewwrwerrtyrty");
INSERT INTO tbl_mgroupsfiles VALUES("17","gf_24052009034648-127001.doc","105542","1","doc","ertrte","rtert");
INSERT INTO tbl_mgroupsfiles VALUES("18","gf_24052009034656-127001.pdf","105542","1","pdf","e345345","345345345");
INSERT INTO tbl_mgroupsfiles VALUES("21","gf_25052009040321-127001.pdf","105542","29","pdf","AAAAAAAAA","rterterterter");
INSERT INTO tbl_mgroupsfiles VALUES("22","gf_25052009040328-127001.doc","105542","29","doc","erwrwer","werwerrw");
INSERT INTO tbl_mgroupsfiles VALUES("23","gf_25052009040338-127001.jpg","83794","29","jpg","uiouiouioui","gbdfdgdgdfg");





CREATE TABLE `tbl_myitems` (
  `rn` int(11) NOT NULL,
  `mrn` int(11) NOT NULL,
  `irn` int(11) NOT NULL,
  `orn` int(11) NOT NULL,
  `method` varchar(1) NOT NULL,
  `token` varchar(52) NOT NULL,
  `expire` int(11) NOT NULL
) ENGINE=MyISAM DEFAULT CHARSET=utf8;

INSERT INTO tbl_myitems VALUES("1","1","255","0","o","213123xcsdsdsd","1312570127");
INSERT INTO tbl_myitems VALUES("2","1","255","0","d","sdsadasweq1232we","1312570127");





CREATE TABLE `tbl_news` (
  `rn` int(11) NOT NULL,
  `sn` int(11) NOT NULL DEFAULT '0',
  `ps` varchar(1) NOT NULL DEFAULT 'n',
  `date` varchar(225) DEFAULT NULL,
  `file1` varchar(250) NOT NULL DEFAULT 'n/a',
  `file2` varchar(250) NOT NULL DEFAULT 'n/a'
) ENGINE=InnoDB DEFAULT CHARSET=utf8;

INSERT INTO tbl_news VALUES("255","0","n","19-02-2014","newsl_newimg_1396959989.jpg","n/a");
INSERT INTO tbl_news VALUES("257","0","n","19/02/2014","newsl_new_1396960027.jpg","n/a");
INSERT INTO tbl_news VALUES("259","0","n","19/02/2014","newsl_new_1396960036.jpg","n/a");





CREATE TABLE `tbl_newsdetail` (
  `rn` int(11) NOT NULL,
  `pn` int(11) NOT NULL DEFAULT '0',
  `ln` int(11) NOT NULL DEFAULT '0',
  `title` varchar(250) DEFAULT NULL,
  `description` text
) ENGINE=InnoDB DEFAULT CHARSET=utf8;

INSERT INTO tbl_newsdetail VALUES("256","255","1","News One testing","We have launched our new website with our latest availableproducts range.");
INSERT INTO tbl_newsdetail VALUES("258","257","1","Two News testing","We have launched our new website with our latest available products range.
\n
\n");
INSERT INTO tbl_newsdetail VALUES("260","259","1","Testing News Three","We have launched our new website with our latest available products range.");





CREATE TABLE `tbl_votes` (
  `rn` int(11) NOT NULL,
  `rt` varchar(252) NOT NULL,
  `addip` varchar(252) NOT NULL,
  `addtime` int(11) unsigned NOT NULL
) ENGINE=InnoDB DEFAULT CHARSET=utf8;

INSERT INTO tbl_votes VALUES("4","administrators","111.88.35.36","1359650485");
INSERT INTO tbl_votes VALUES("1","administrators","111.88.6.4","1359651613");
INSERT INTO tbl_votes VALUES("1","administrators","39.54.36.51","1359653003");
INSERT INTO tbl_votes VALUES("2","administrators","39.54.42.160","1359728338");
INSERT INTO tbl_votes VALUES("14","administrators","182.177.52.41","1359739067");
INSERT INTO tbl_votes VALUES("7","administrators","182.185.226.126","1359739088");
INSERT INTO tbl_votes VALUES("7","administrators","198.144.116.5","1359741771");
INSERT INTO tbl_votes VALUES("13","administrators","115.167.59.36","1359746886");
INSERT INTO tbl_votes VALUES("4","administrators","115.167.59.36","1359746973");





CREATE TABLE `tbl_webcontents` (
  `rn` int(11) NOT NULL,
  `sn` int(11) NOT NULL,
  `ps` varchar(1) NOT NULL DEFAULT 'n',
  `db` int(11) NOT NULL DEFAULT '0',
  `pslug` varchar(252) NOT NULL,
  `file1` varchar(225) DEFAULT 'n/a',
  `file2` varchar(255) DEFAULT 'n/a',
  `shonir` varchar(1) DEFAULT 'y',
  UNIQUE KEY `rn` (`rn`)
) ENGINE=InnoDB DEFAULT CHARSET=utf8;

INSERT INTO tbl_webcontents VALUES("1","0","n","0","Contact-Us","n/a","n/a","y");
INSERT INTO tbl_webcontents VALUES("2","0","n","0","About-us","n/a","n/a","y");
INSERT INTO tbl_webcontents VALUES("3","0","n","0","Low-Wellcome-to-Snj-Impex","n/a","n/a","y");
INSERT INTO tbl_webcontents VALUES("4","0","n","0","Protection","n/a","n/a","y");
INSERT INTO tbl_webcontents VALUES("5","0","n","0","Factory-Tour","n/a","n/a","y");
INSERT INTO tbl_webcontents VALUES("6","0","n","0","Distribiton-Application","n/a","n/a","y");
INSERT INTO tbl_webcontents VALUES("7","0","y","0","QUICK-CONTCAT","n/a","n/a","y");
INSERT INTO tbl_webcontents VALUES("8","0","n","0","Returen-Policy","n/a","n/a","n");
INSERT INTO tbl_webcontents VALUES("9","0","n","0","Shipping-","n/a","n/a","n");
INSERT INTO tbl_webcontents VALUES("10","0","n","0","Warranty","n/a","n/a","n");
INSERT INTO tbl_webcontents VALUES("11","0","n","0","Faqs","n/a","n/a","n");
INSERT INTO tbl_webcontents VALUES("12","0","n","0","","n/a","n/a","n");
INSERT INTO tbl_webcontents VALUES("13","0","n","0","","n/a","n/a","n");
INSERT INTO tbl_webcontents VALUES("14","0","n","0","","n/a","n/a","n");
INSERT INTO tbl_webcontents VALUES("15","0","n","0","","n/a","n/a","n");
INSERT INTO tbl_webcontents VALUES("16","0","n","0","","n/a","n/a","n");
INSERT INTO tbl_webcontents VALUES("17","0","n","0","","n/a","n/a","n");
INSERT INTO tbl_webcontents VALUES("18","0","n","0","","n/a","n/a","n");
INSERT INTO tbl_webcontents VALUES("19","0","n","0","","n/a","n/a","n");
INSERT INTO tbl_webcontents VALUES("20","0","n","0","","n/a","n/a","n");
INSERT INTO tbl_webcontents VALUES("21","0","n","0","","n/a","n/a","n");
INSERT INTO tbl_webcontents VALUES("22","0","n","0","","n/a","n/a","n");
INSERT INTO tbl_webcontents VALUES("23","0","n","0","","n/a","n/a","n");
INSERT INTO tbl_webcontents VALUES("24","0","n","0","","n/a","n/a","n");
INSERT INTO tbl_webcontents VALUES("25","0","n","0","","n/a","n/a","n");
INSERT INTO tbl_webcontents VALUES("26","0","n","0","","n/a","n/a","n");
INSERT INTO tbl_webcontents VALUES("27","0","n","0","","n/a","n/a","n");
INSERT INTO tbl_webcontents VALUES("28","0","n","0","","n/a","n/a","n");
INSERT INTO tbl_webcontents VALUES("29","0","n","0","","n/a","n/a","n");
INSERT INTO tbl_webcontents VALUES("30","0","n","0","","n/a","n/a","n");





CREATE TABLE `tbl_webcontentsdetail` (
  `rn` int(11) NOT NULL,
  `pn` int(11) NOT NULL,
  `ln` int(11) NOT NULL,
  `dn` int(11) NOT NULL DEFAULT '0',
  `title` varchar(250) DEFAULT NULL,
  `description` text,
  `mtitle` varchar(252) NOT NULL,
  `mdescription` text NOT NULL,
  `mkeywords` text NOT NULL
) ENGINE=InnoDB DEFAULT CHARSET=utf8;

INSERT INTO tbl_webcontentsdetail VALUES("9","1","1","0","Contact Us","<p>Mailing Address</p>
\n
\n<p>Snj Impex</p>
\n
\n<p>Main&nbsp; Daak Wala Stop Daska Road, Sialkot - Pakistan<br />
\nSialkot - 51310, Pakistan.</p>
\n
\n<p><br />
\nTel&nbsp;&nbsp;&nbsp;&nbsp;&nbsp;&nbsp;&nbsp;&nbsp; +92 - 304 - 6532411<br />
\nCel&nbsp;&nbsp;&nbsp;&nbsp;&nbsp;&nbsp;&nbsp;&nbsp; +92 - 302-6361465<br />
\nEmail&nbsp;&nbsp;&nbsp;&nbsp;&nbsp;&nbsp; snjimpex@gmail.com<br />
\nWeb&nbsp;&nbsp;&nbsp;&nbsp;&nbsp;&nbsp;&nbsp;&nbsp; www.snjimpex.com</p>
\n","Contact Us","","");
INSERT INTO tbl_webcontentsdetail VALUES("10","1","2","0","","","","","");
INSERT INTO tbl_webcontentsdetail VALUES("11","1","4","0","","","","","");
INSERT INTO tbl_webcontentsdetail VALUES("12","1","5","0","","","","","");
INSERT INTO tbl_webcontentsdetail VALUES("13","1","6","0","","","","","");
INSERT INTO tbl_webcontentsdetail VALUES("14","1","7","0","","","","","");
INSERT INTO tbl_webcontentsdetail VALUES("15","1","8","0","","","","","");
INSERT INTO tbl_webcontentsdetail VALUES("16","1","9","0","","","","","");
INSERT INTO tbl_webcontentsdetail VALUES("17","2","1","0","About us","<p style=\"text-align:justify\"><span style=\"color:#000000\"><span style=\"font-size:12px\"><strong>SNJ Impex</strong> is simply dummy text of the printing and typesetting industry. Lorem Ipsum has been the industry&#39;s standard dummy text ever since the 1500s, when an unknown printer took a galley of type and scrambled it to make a type specimen book. It has survived not only five centuries, but also the leap into electronic typesetting, remaining essentially unchanged. It was popularised in the 1960s with the release of Letraset sheets containing Lorem Ipsum passages, and more recently with desktop publishing software like Aldus PageMaker including versions of Lorem Ipsum.</span></span></p>
\n
\n<p style=\"text-align:justify\">&nbsp;</p>
\n
\n<p style=\"text-align:justify\"><span style=\"color:#000000\"><span style=\"font-size:12px\"><strong>SNJ Impex</strong> is simply dummy text of the printing and typesetting industry. Lorem Ipsum has been the industry&#39;s standard dummy text ever since the 1500s, when an unknown printer took a galley of type and scrambled it to make a type specimen book. It has survived not only five centuries, but also the leap into electronic typesetting, remaining essentially unchanged. It was popularised in the 1960s with the release of Letraset sheets containing Lorem Ipsum passages, and more recently with desktop publishing software like Aldus PageMaker including versions of Lorem Ipsum.</span></span></p>
\n
\n<p style=\"text-align:justify\">&nbsp;</p>
\n
\n<p style=\"text-align:justify\"><span style=\"color:#000000\"><span style=\"font-size:12px\"><strong>SNJ Impex</strong> is simply dummy text of the printing and typesetting industry. Lorem Ipsum has been the industry&#39;s standard dummy text ever since the 1500s, when an unknown printer took a galley of type and scrambled it to make a type specimen book. It has survived not only five centuries, but also the leap into electronic typesetting, remaining essentially unchanged. It was popularised in the 1960s with the release of Letraset sheets containing Lorem Ipsum passages, and more recently with desktop publishing software like Aldus PageMaker including versions of Lorem Ipsum.</span></span></p>
\n","About-Us","","");
INSERT INTO tbl_webcontentsdetail VALUES("18","2","2","0","","","","","");
INSERT INTO tbl_webcontentsdetail VALUES("19","2","4","0","","","","","");
INSERT INTO tbl_webcontentsdetail VALUES("20","2","5","0","","","","","");
INSERT INTO tbl_webcontentsdetail VALUES("21","2","6","0","","","","","");
INSERT INTO tbl_webcontentsdetail VALUES("22","2","7","0","","","","","");
INSERT INTO tbl_webcontentsdetail VALUES("23","2","8","0","","","","","");
INSERT INTO tbl_webcontentsdetail VALUES("24","2","9","0","","","","","");
INSERT INTO tbl_webcontentsdetail VALUES("25","3","1","0","Wellcome to  Snj Impex","<p style=\"text-align:justify\"><span style=\"font-size:10px\">We Present This Website With A Hope That It Would Be An Excellent Guide To all Our Promoters and Police Gloves Experts all Over The World. We End eavour to Present in this Website a Modern Range of Motorbike Gloves to the Highest Results. We Present This Website With A Hope That It Would Be An Excellent Guide To all Our Promoters and Cycling Gloves Experts all Over The World. We End eavour toPresent in this Website a Modern Range of Working Gloves to the Highest Results. We Present This Website All Type oF Gloves Would Be An Excellent Guide To all Our Promoters and Motocross Gloves Experts all Over The World. </span></p>
\n","","","");
INSERT INTO tbl_webcontentsdetail VALUES("26","3","2","0","","","","","");
INSERT INTO tbl_webcontentsdetail VALUES("27","3","4","0","","","","","");
INSERT INTO tbl_webcontentsdetail VALUES("28","3","5","0","","","","","");
INSERT INTO tbl_webcontentsdetail VALUES("29","3","6","0","","","","","");
INSERT INTO tbl_webcontentsdetail VALUES("30","3","7","0","","","","","");
INSERT INTO tbl_webcontentsdetail VALUES("31","3","8","0","","","","","");
INSERT INTO tbl_webcontentsdetail VALUES("32","3","9","0","","","","","");
INSERT INTO tbl_webcontentsdetail VALUES("33","4","1","0","Protection","<p><strong>SNJ IMPEX</strong> is simply dummy text of the printing and typesetting industry. Lorem Ipsum has been the industry&#39;s standard dummy text ever since the 1500s, when an unknown printer took a galley of type and scrambled it to make a type specimen book. It has survived not only five centuries, but also the leap into electronic typesetting, remaining essentially unchanged. It was popularised in the 1960s with the release of Letraset sheets containing Lorem Ipsum passages, and more recently with desktop publishing software like Aldus PageMaker including versions of Lorem Ipsum.</p>
\n","","","");
INSERT INTO tbl_webcontentsdetail VALUES("34","4","2","0","","","","","");
INSERT INTO tbl_webcontentsdetail VALUES("35","4","4","0","","","","","");
INSERT INTO tbl_webcontentsdetail VALUES("36","4","5","0","","","","","");
INSERT INTO tbl_webcontentsdetail VALUES("37","4","6","0","","","","","");
INSERT INTO tbl_webcontentsdetail VALUES("38","4","7","0","","","","","");
INSERT INTO tbl_webcontentsdetail VALUES("39","4","8","0","","","","","");
INSERT INTO tbl_webcontentsdetail VALUES("40","4","9","0","","","","","");
INSERT INTO tbl_webcontentsdetail VALUES("41","5","1","0","Factory Tour","<p><strong>A.l Sports Industry</strong> is simply dummy text of the printing and typesetting industry. Lorem Ipsum has been the industry&#39;s standard dummy text ever since the 1500s, when an unknown printer took a galley of type and scrambled it to make a type specimen book. It has survived not only five centuries, but also the leap into electronic typesetting, remaining essentially unchanged. It was popularised in the 1960s with the release of Letraset sheets containing Lorem Ipsum passages, and more recently with desktop publishing software like Aldus PageMaker including versions of Lorem Ipsum.</p>
\n","","","");
INSERT INTO tbl_webcontentsdetail VALUES("42","5","2","0","","","","","");
INSERT INTO tbl_webcontentsdetail VALUES("43","5","4","0","","","","","");
INSERT INTO tbl_webcontentsdetail VALUES("44","5","5","0","","","","","");
INSERT INTO tbl_webcontentsdetail VALUES("45","5","6","0","","","","","");
INSERT INTO tbl_webcontentsdetail VALUES("46","5","7","0","","","","","");
INSERT INTO tbl_webcontentsdetail VALUES("47","5","8","0","","","","","");
INSERT INTO tbl_webcontentsdetail VALUES("48","5","9","0","","","","","");
INSERT INTO tbl_webcontentsdetail VALUES("49","6","1","0","Distribiton Application","<p><strong>SNJ IMPEX </strong>is simply dummy text of the printing and typesetting industry. Lorem Ipsum has been the industry&#39;s standard dummy text ever since the 1500s, when an unknown printer took a galley of type and scrambled it to make a type specimen book. It has survived not only five centuries, but also the leap into electronic typesetting, remaining essentially unchanged. It was popularised in the 1960s with the release of Letraset sheets containing Lorem Ipsum passages, and more recently with desktop publishing software like Aldus PageMaker including versions of Lorem Ipsum.</p>
\n","","","");
INSERT INTO tbl_webcontentsdetail VALUES("50","6","2","0","","","","","");
INSERT INTO tbl_webcontentsdetail VALUES("51","6","4","0","","","","","");
INSERT INTO tbl_webcontentsdetail VALUES("52","6","5","0","","","","","");
INSERT INTO tbl_webcontentsdetail VALUES("53","6","6","0","","","","","");
INSERT INTO tbl_webcontentsdetail VALUES("54","6","7","0","","","","","");
INSERT INTO tbl_webcontentsdetail VALUES("55","6","8","0","","","","","");
INSERT INTO tbl_webcontentsdetail VALUES("56","6","9","0","","","","","");
INSERT INTO tbl_webcontentsdetail VALUES("57","7","1","0","QUICK CONTCAT","<p><strong>Address:</strong><br />
\nKhadim Ali Road, Plot # 2<br />
\nShahbaz Siddique<br />
\nSialkot Cantt,Punjab, Pakistan<br />
\n<strong>Email:</strong> info@snjimpex.com<br />
\n<strong>Phon:</strong> +92-52-4096057<br />
\n<strong>Cell:</strong> +92-320-6013306</p>
\n
\n<p>&nbsp;</p>
\n","","","");
INSERT INTO tbl_webcontentsdetail VALUES("58","7","2","0","","","","","");
INSERT INTO tbl_webcontentsdetail VALUES("59","7","4","0","","","","","");
INSERT INTO tbl_webcontentsdetail VALUES("60","7","5","0","","","","","");
INSERT INTO tbl_webcontentsdetail VALUES("61","7","6","0","","","","","");
INSERT INTO tbl_webcontentsdetail VALUES("62","7","7","0","","","","","");
INSERT INTO tbl_webcontentsdetail VALUES("63","7","8","0","","","","","");
INSERT INTO tbl_webcontentsdetail VALUES("64","7","9","0","","","","","");
INSERT INTO tbl_webcontentsdetail VALUES("65","8","1","0","Returen Policy","<p><strong>FASHION RUNWAY</strong> is simply dummy text of the printing and typesetting industry. Lorem Ipsum has been the industry&#39;s standard dummy text ever since the 1500s, when an unknown printer took a galley of type and scrambled it to make a type specimen book. It has survived not only five centuries, but also the leap into electronic typesetting, remaining essentially unchanged. It was popularised in the 1960s with the release of Letraset sheets containing Lorem Ipsum passages, and more recently with desktop publishing software like Aldus PageMaker including versions of Lorem Ipsum.</p>
\n","Returen Policy","","");
INSERT INTO tbl_webcontentsdetail VALUES("66","8","2","0","","","","","");
INSERT INTO tbl_webcontentsdetail VALUES("67","8","4","0","","","","","");
INSERT INTO tbl_webcontentsdetail VALUES("68","8","5","0","","","","","");
INSERT INTO tbl_webcontentsdetail VALUES("69","8","6","0","","","","","");
INSERT INTO tbl_webcontentsdetail VALUES("70","8","7","0","","","","","");
INSERT INTO tbl_webcontentsdetail VALUES("71","8","8","0","","","","","");
INSERT INTO tbl_webcontentsdetail VALUES("72","8","9","0","","","","","");
INSERT INTO tbl_webcontentsdetail VALUES("73","9","1","0","Shipping ","<p><strong>FASHION RUNWAY</strong> is simply dummy text of the printing and typesetting industry. Lorem Ipsum has been the industry&#39;s standard dummy text ever since the 1500s, when an unknown printer took a galley of type and scrambled it to make a type specimen book. It has survived not only five centuries, but also the leap into electronic typesetting, remaining essentially unchanged. It was popularised in the 1960s with the release of Letraset sheets containing Lorem Ipsum passages, and more recently with desktop publishing software like Aldus PageMaker including versions of Lorem Ipsum.</p>
\n","Shipping ","","");
INSERT INTO tbl_webcontentsdetail VALUES("74","9","2","0","","","","","");
INSERT INTO tbl_webcontentsdetail VALUES("75","9","4","0","","","","","");
INSERT INTO tbl_webcontentsdetail VALUES("76","9","5","0","","","","","");
INSERT INTO tbl_webcontentsdetail VALUES("77","9","6","0","","","","","");
INSERT INTO tbl_webcontentsdetail VALUES("78","9","7","0","","","","","");
INSERT INTO tbl_webcontentsdetail VALUES("79","9","8","0","","","","","");
INSERT INTO tbl_webcontentsdetail VALUES("80","9","9","0","","","","","");
INSERT INTO tbl_webcontentsdetail VALUES("81","10","1","0","Warranty","<p><strong>FASHION RUNWAY</strong> is simply dummy text of the printing and typesetting industry. Lorem Ipsum has been the industry&#39;s standard dummy text ever since the 1500s, when an unknown printer took a galley of type and scrambled it to make a type specimen book. It has survived not only five centuries, but also the leap into electronic typesetting, remaining essentially unchanged. It was popularised in the 1960s with the release of Letraset sheets containing Lorem Ipsum passages, and more recently with desktop publishing software like Aldus PageMaker including versions of Lorem Ipsum.</p>
\n","","","");
INSERT INTO tbl_webcontentsdetail VALUES("82","10","2","0","","","","","");
INSERT INTO tbl_webcontentsdetail VALUES("83","10","4","0","","","","","");
INSERT INTO tbl_webcontentsdetail VALUES("84","10","5","0","","","","","");
INSERT INTO tbl_webcontentsdetail VALUES("85","10","6","0","","","","","");
INSERT INTO tbl_webcontentsdetail VALUES("86","10","7","0","","","","","");
INSERT INTO tbl_webcontentsdetail VALUES("87","10","8","0","","","","","");
INSERT INTO tbl_webcontentsdetail VALUES("88","10","9","0","","","","","");
INSERT INTO tbl_webcontentsdetail VALUES("89","11","1","0","Faqs","<p><strong>FASHION RUNWAY</strong> is simply dummy text of the printing and typesetting industry. Lorem Ipsum has been the industry&#39;s standard dummy text ever since the 1500s, when an unknown printer took a galley of type and scrambled it to make a type specimen book. It has survived not only five centuries, but also the leap into electronic typesetting, remaining essentially unchanged. It was popularised in the 1960s with the release of Letraset sheets containing Lorem Ipsum passages, and more recently with desktop publishing software like Aldus PageMaker including versions of Lorem Ipsum.</p>
\n","","","");
INSERT INTO tbl_webcontentsdetail VALUES("90","11","2","0","","","","","");
INSERT INTO tbl_webcontentsdetail VALUES("91","11","4","0","","","","","");
INSERT INTO tbl_webcontentsdetail VALUES("92","11","5","0","","","","","");
INSERT INTO tbl_webcontentsdetail VALUES("93","11","6","0","","","","","");
INSERT INTO tbl_webcontentsdetail VALUES("94","11","7","0","","","","","");
INSERT INTO tbl_webcontentsdetail VALUES("95","11","8","0","","","","","");
INSERT INTO tbl_webcontentsdetail VALUES("96","11","9","0","","","","","");
INSERT INTO tbl_webcontentsdetail VALUES("97","12","1","0","Return Policy","","","","");
INSERT INTO tbl_webcontentsdetail VALUES("98","12","2","0","","","","","");
INSERT INTO tbl_webcontentsdetail VALUES("99","12","4","0","","","","","");
INSERT INTO tbl_webcontentsdetail VALUES("100","12","5","0","","","","","");
INSERT INTO tbl_webcontentsdetail VALUES("101","12","6","0","","","","","");
INSERT INTO tbl_webcontentsdetail VALUES("102","12","7","0","","","","","");
INSERT INTO tbl_webcontentsdetail VALUES("103","12","8","0","","","","","");
INSERT INTO tbl_webcontentsdetail VALUES("104","12","9","0","","","","","");
INSERT INTO tbl_webcontentsdetail VALUES("105","13","1","0","Managment","","","","");
INSERT INTO tbl_webcontentsdetail VALUES("106","13","2","0","","","","","");
INSERT INTO tbl_webcontentsdetail VALUES("107","13","4","0","","","","","");
INSERT INTO tbl_webcontentsdetail VALUES("108","13","5","0","","","","","");
INSERT INTO tbl_webcontentsdetail VALUES("109","13","6","0","","","","","");
INSERT INTO tbl_webcontentsdetail VALUES("110","13","7","0","","","","","");
INSERT INTO tbl_webcontentsdetail VALUES("111","13","8","0","","","","","");
INSERT INTO tbl_webcontentsdetail VALUES("112","13","9","0","","","","","");
INSERT INTO tbl_webcontentsdetail VALUES("113","14","1","0","Business Links","","","","");
INSERT INTO tbl_webcontentsdetail VALUES("114","14","2","0","","","","","");
INSERT INTO tbl_webcontentsdetail VALUES("115","14","4","0","","","","","");
INSERT INTO tbl_webcontentsdetail VALUES("116","14","5","0","","","","","");
INSERT INTO tbl_webcontentsdetail VALUES("117","14","6","0","","","","","");
INSERT INTO tbl_webcontentsdetail VALUES("118","14","7","0","","","","","");
INSERT INTO tbl_webcontentsdetail VALUES("119","14","8","0","","","","","");
INSERT INTO tbl_webcontentsdetail VALUES("120","14","9","0","","","","","");
INSERT INTO tbl_webcontentsdetail VALUES("121","15","1","0","Our Clients","","","","");
INSERT INTO tbl_webcontentsdetail VALUES("122","15","2","0","","","","","");
INSERT INTO tbl_webcontentsdetail VALUES("123","15","4","0","","","","","");
INSERT INTO tbl_webcontentsdetail VALUES("124","15","5","0","","","","","");
INSERT INTO tbl_webcontentsdetail VALUES("125","15","6","0","","","","","");
INSERT INTO tbl_webcontentsdetail VALUES("126","15","7","0","","","","","");
INSERT INTO tbl_webcontentsdetail VALUES("127","15","8","0","","","","","");
INSERT INTO tbl_webcontentsdetail VALUES("128","15","9","0","","","","","");
INSERT INTO tbl_webcontentsdetail VALUES("129","16","1","0","Export Progress","","","","");
INSERT INTO tbl_webcontentsdetail VALUES("130","16","2","0","","","","","");
INSERT INTO tbl_webcontentsdetail VALUES("131","16","4","0","","","","","");
INSERT INTO tbl_webcontentsdetail VALUES("132","16","5","0","","","","","");
INSERT INTO tbl_webcontentsdetail VALUES("133","16","6","0","","","","","");
INSERT INTO tbl_webcontentsdetail VALUES("134","16","7","0","","","","","");
INSERT INTO tbl_webcontentsdetail VALUES("135","16","8","0","","","","","");
INSERT INTO tbl_webcontentsdetail VALUES("136","16","9","0","","","","","");
INSERT INTO tbl_webcontentsdetail VALUES("137","17","1","0","Career","","","","");
INSERT INTO tbl_webcontentsdetail VALUES("138","17","2","0","","","","","");
INSERT INTO tbl_webcontentsdetail VALUES("139","17","4","0","","","","","");
INSERT INTO tbl_webcontentsdetail VALUES("140","17","5","0","","","","","");
INSERT INTO tbl_webcontentsdetail VALUES("141","17","6","0","","","","","");
INSERT INTO tbl_webcontentsdetail VALUES("142","17","7","0","","","","","");
INSERT INTO tbl_webcontentsdetail VALUES("143","17","8","0","","","","","");
INSERT INTO tbl_webcontentsdetail VALUES("144","17","9","0","","","","","");
INSERT INTO tbl_webcontentsdetail VALUES("145","18","1","0","Downloads","","","","");
INSERT INTO tbl_webcontentsdetail VALUES("146","18","2","0","","","","","");
INSERT INTO tbl_webcontentsdetail VALUES("147","18","4","0","","","","","");
INSERT INTO tbl_webcontentsdetail VALUES("148","18","5","0","","","","","");
INSERT INTO tbl_webcontentsdetail VALUES("149","18","6","0","","","","","");
INSERT INTO tbl_webcontentsdetail VALUES("150","18","7","0","","","","","");
INSERT INTO tbl_webcontentsdetail VALUES("151","18","8","0","","","","","");
INSERT INTO tbl_webcontentsdetail VALUES("152","18","9","0","","","","","");
INSERT INTO tbl_webcontentsdetail VALUES("153","19","1","0","Bulk Supplies","","","","");
INSERT INTO tbl_webcontentsdetail VALUES("154","19","2","0","","","","","");
INSERT INTO tbl_webcontentsdetail VALUES("155","19","4","0","","","","","");
INSERT INTO tbl_webcontentsdetail VALUES("156","19","5","0","","","","","");
INSERT INTO tbl_webcontentsdetail VALUES("157","19","6","0","","","","","");
INSERT INTO tbl_webcontentsdetail VALUES("158","19","7","0","","","","","");
INSERT INTO tbl_webcontentsdetail VALUES("159","19","8","0","","","","","");
INSERT INTO tbl_webcontentsdetail VALUES("160","19","9","0","","","","","");
INSERT INTO tbl_webcontentsdetail VALUES("161","20","1","0","Wholesale Price","","","","");
INSERT INTO tbl_webcontentsdetail VALUES("162","20","2","0","","","","","");
INSERT INTO tbl_webcontentsdetail VALUES("163","20","4","0","","","","","");
INSERT INTO tbl_webcontentsdetail VALUES("164","20","5","0","","","","","");
INSERT INTO tbl_webcontentsdetail VALUES("165","20","6","0","","","","","");
INSERT INTO tbl_webcontentsdetail VALUES("166","20","7","0","","","","","");
INSERT INTO tbl_webcontentsdetail VALUES("167","20","8","0","","","","","");
INSERT INTO tbl_webcontentsdetail VALUES("168","20","9","0","","","","","");
INSERT INTO tbl_webcontentsdetail VALUES("169","21","1","0","Distributors & Agents","","","","");
INSERT INTO tbl_webcontentsdetail VALUES("170","21","2","0","","","","","");
INSERT INTO tbl_webcontentsdetail VALUES("171","21","4","0","","","","","");
INSERT INTO tbl_webcontentsdetail VALUES("172","21","5","0","","","","","");
INSERT INTO tbl_webcontentsdetail VALUES("173","21","6","0","","","","","");
INSERT INTO tbl_webcontentsdetail VALUES("174","21","7","0","","","","","");
INSERT INTO tbl_webcontentsdetail VALUES("175","21","8","0","","","","","");
INSERT INTO tbl_webcontentsdetail VALUES("176","21","9","0","","","","","");
INSERT INTO tbl_webcontentsdetail VALUES("177","22","1","0","Manufacturers","","","","");
INSERT INTO tbl_webcontentsdetail VALUES("178","22","2","0","","","","","");
INSERT INTO tbl_webcontentsdetail VALUES("179","22","4","0","","","","","");
INSERT INTO tbl_webcontentsdetail VALUES("180","22","5","0","","","","","");
INSERT INTO tbl_webcontentsdetail VALUES("181","22","6","0","","","","","");
INSERT INTO tbl_webcontentsdetail VALUES("182","22","7","0","","","","","");
INSERT INTO tbl_webcontentsdetail VALUES("183","22","8","0","","","","","");
INSERT INTO tbl_webcontentsdetail VALUES("184","22","9","0","","","","","");
INSERT INTO tbl_webcontentsdetail VALUES("185","25","1","0","Factory Tour","","","","");
INSERT INTO tbl_webcontentsdetail VALUES("186","25","2","0","","","","","");
INSERT INTO tbl_webcontentsdetail VALUES("187","25","4","0","","","","","");
INSERT INTO tbl_webcontentsdetail VALUES("188","25","5","0","","","","","");
INSERT INTO tbl_webcontentsdetail VALUES("189","25","6","0","","","","","");
INSERT INTO tbl_webcontentsdetail VALUES("190","25","7","0","","","","","");
INSERT INTO tbl_webcontentsdetail VALUES("191","25","8","0","","","","","");
INSERT INTO tbl_webcontentsdetail VALUES("192","25","9","0","","","","","");
INSERT INTO tbl_webcontentsdetail VALUES("193","24","1","0","Legal","","","","");
INSERT INTO tbl_webcontentsdetail VALUES("194","24","2","0","","","","","");
INSERT INTO tbl_webcontentsdetail VALUES("195","24","4","0","","","","","");
INSERT INTO tbl_webcontentsdetail VALUES("196","24","5","0","","","","","");
INSERT INTO tbl_webcontentsdetail VALUES("197","24","6","0","","","","","");
INSERT INTO tbl_webcontentsdetail VALUES("198","24","7","0","","","","","");
INSERT INTO tbl_webcontentsdetail VALUES("199","24","8","0","","","","","");
INSERT INTO tbl_webcontentsdetail VALUES("200","24","9","0","","","","","");
INSERT INTO tbl_webcontentsdetail VALUES("201","26","1","0","Our Partners","","","","");
INSERT INTO tbl_webcontentsdetail VALUES("202","26","2","0","","","","","");
INSERT INTO tbl_webcontentsdetail VALUES("203","26","4","0","","","","","");
INSERT INTO tbl_webcontentsdetail VALUES("204","26","5","0","","","","","");
INSERT INTO tbl_webcontentsdetail VALUES("205","26","6","0","","","","","");
INSERT INTO tbl_webcontentsdetail VALUES("206","26","7","0","","","","","");
INSERT INTO tbl_webcontentsdetail VALUES("207","26","8","0","","","","","");
INSERT INTO tbl_webcontentsdetail VALUES("208","26","9","0","","","","","");
INSERT INTO tbl_webcontentsdetail VALUES("209","23","1","0","Customs","","","","");
INSERT INTO tbl_webcontentsdetail VALUES("210","23","2","0","","","","","");
INSERT INTO tbl_webcontentsdetail VALUES("211","23","4","0","","","","","");
INSERT INTO tbl_webcontentsdetail VALUES("212","23","5","0","","","","","");
INSERT INTO tbl_webcontentsdetail VALUES("213","23","6","0","","","","","");
INSERT INTO tbl_webcontentsdetail VALUES("214","23","7","0","","","","","");
INSERT INTO tbl_webcontentsdetail VALUES("215","23","8","0","","","","","");
INSERT INTO tbl_webcontentsdetail VALUES("216","23","9","0","","","","","");
INSERT INTO tbl_webcontentsdetail VALUES("217","27","1","0","Weekend Hours","","","","");
INSERT INTO tbl_webcontentsdetail VALUES("218","27","2","0","","","","","");
INSERT INTO tbl_webcontentsdetail VALUES("219","27","4","0","","","","","");
INSERT INTO tbl_webcontentsdetail VALUES("220","27","5","0","","","","","");
INSERT INTO tbl_webcontentsdetail VALUES("221","27","6","0","","","","","");
INSERT INTO tbl_webcontentsdetail VALUES("222","27","7","0","","","","","");
INSERT INTO tbl_webcontentsdetail VALUES("223","27","8","0","","","","","");
INSERT INTO tbl_webcontentsdetail VALUES("224","27","9","0","","","","","");
INSERT INTO tbl_webcontentsdetail VALUES("225","28","1","0","Order Status","","","","");
INSERT INTO tbl_webcontentsdetail VALUES("226","28","2","0","","","","","");
INSERT INTO tbl_webcontentsdetail VALUES("227","28","4","0","","","","","");
INSERT INTO tbl_webcontentsdetail VALUES("228","28","5","0","","","","","");
INSERT INTO tbl_webcontentsdetail VALUES("229","28","6","0","","","","","");
INSERT INTO tbl_webcontentsdetail VALUES("230","28","7","0","","","","","");
INSERT INTO tbl_webcontentsdetail VALUES("231","28","8","0","","","","","");
INSERT INTO tbl_webcontentsdetail VALUES("232","28","9","0","","","","","");
INSERT INTO tbl_webcontentsdetail VALUES("233","29","1","0","Marketing","","","","");
INSERT INTO tbl_webcontentsdetail VALUES("234","29","2","0","","","","","");
INSERT INTO tbl_webcontentsdetail VALUES("235","29","4","0","","","","","");
INSERT INTO tbl_webcontentsdetail VALUES("236","29","5","0","","","","","");
INSERT INTO tbl_webcontentsdetail VALUES("237","29","6","0","","","","","");
INSERT INTO tbl_webcontentsdetail VALUES("238","29","7","0","","","","","");
INSERT INTO tbl_webcontentsdetail VALUES("239","29","8","0","","","","","");
INSERT INTO tbl_webcontentsdetail VALUES("240","29","9","0","","","","","");
INSERT INTO tbl_webcontentsdetail VALUES("241","30","1","0","Useful Links","","","","");
INSERT INTO tbl_webcontentsdetail VALUES("242","30","2","0","","","","","");
INSERT INTO tbl_webcontentsdetail VALUES("243","30","4","0","","","","","");
INSERT INTO tbl_webcontentsdetail VALUES("244","30","5","0","","","","","");
INSERT INTO tbl_webcontentsdetail VALUES("245","30","6","0","","","","","");
INSERT INTO tbl_webcontentsdetail VALUES("246","30","7","0","","","","","");
INSERT INTO tbl_webcontentsdetail VALUES("247","30","8","0","","","","","");
INSERT INTO tbl_webcontentsdetail VALUES("248","30","9","0","","","","","");





CREATE TABLE `tbl_webfiles` (
  `rn` int(11) NOT NULL,
  `filename` varchar(250) CHARACTER SET utf8 NOT NULL,
  `filesize` int(11) NOT NULL DEFAULT '0'
) ENGINE=InnoDB DEFAULT CHARSET=latin1;




